000
CXUS55 KBOU 010801
CF6GXY
PRELIMINARY LOCAL CLIMATOLOGICAL DATA (WS FORM: F-6)

                                          STATION:   GREELEY  CO
                                          MONTH:     SEPTEMBER
                                          YEAR:      2016
                                          LATITUDE:   40 25 N
                                          LONGITUDE: 104 38 W

  TEMPERATURE IN F:       :PCPN:    SNOW:  WIND      :SUNSHINE: SKY     :PK WND
================================================================================
1   2   3   4   5  6A  6B    7    8   9   10  11  12  13   14  15   16   17  18
                                     12Z  AVG MX 2MIN
DY MAX MIN AVG DEP HDD CDD  WTR  SNW DPTH SPD SPD DIR MIN PSBL S-S WX    SPD DR
================================================================================

 1  86  55  71   M   0   6    M    M    M  8.1 18 130   M    M   1        25 130
 2  82  61  72   M   0   7    M    M    M  6.2  9 100   M    M   1         M  M
 3  90  54  72   M   0   7    M    M    M  5.4 14 100   M    M   1        23 100
 4  88  54  71   M   0   6    M    M    M  3.7 14  50   M    M   1 3      21  50
 5  88  48  68   M   0   3    M    M    M  6.1 15  10   M    M   0        27  10
 6  79  57  68   M   0   3    M    M    M  8.2 16  90   M    M   5        23  90
 7  84  57  71   M   0   6    M    M    M  3.6  9  50   M    M   3         M  M
 8  90  50  70   M   0   5    M    M    M  6.0 10  10   M    M   0         M  M
 9  72  45  59   M   6   0    M    M    M  9.8 24  20   M    M   1        33  10
10  82  36  59   M   6   0    M    M    M  5.2 12 130   M    M   0        22 140
11  91  39  65   M   0   0    M    M    M  4.2 10 190   M    M   0        18 190
12  73  52  63   M   2   0    M    M    M  9.4 20  70   M    M   2        24  70
13  61  46  54   M  11   0    M    M    M  9.8 14 100   M    M   8        18 120
14  81  45  63   M   2   0    M    M    M  4.2  9 160   M    M   2 3      18 120
15  73  45  59   M   6   0    M    M    M  6.3 17 360   M    M   1        32  20
16  73  39  56   M   9   0    M    M    M  3.3  8 100   M    M   1         M  M
17  81  41  61   M   4   0    M    M    M  4.1 12 330   M    M   1         M  M
18  90  39  65   M   0   0    M    M    M  5.0 13 200   M    M   0         M  M
19  93  46  70   M   0   5    M    M    M  5.6 12 160   M    M   0        16 150
20  90  50  70   M   0   5    M    M    M  3.9  8 310   M    M   0         M  M
21  88  55  72   M   0   7    M    M    M  4.2  8 210   M    M   1         M  M
22  68  55  62   M   3   0    M    M    M  6.2  9  60   M    M   8         M  M
23  91  48  70   M   0   5    M    M    M  9.2 36 340   M    M   6 3      46 340
24  70  41  56   M   9   0    M    M    M 10.4 29 340   M    M   2        32 340
25  70  45  58   M   7   0    M    M    M  6.7 13  10   M    M   3        23  20
26  77  37  57   M   8   0    M    M    M  4.0  8 300   M    M   0         M  M
27  82  39  61   M   4   0    M    M    M  4.2 10 360   M    M   0         M  M
28  81  41  61   M   4   0    M    M    M  6.1 13 120   M    M   0        17 120
29  84  43  64   M   1   0    M    M    M  4.3 10  90   M    M   0        18 120
30  75  50  63   M   2   0    M    M    M  4.0  9  10   M    M   2         M  M
================================================================================
SM 2433 1413        84  65    M     M    177.4          M       50
================================================================================
AV 81.1 47.1                               5.9 FASTST   M    M   2    MAX(MPH)
                                 MISC ---->    36   M               # 46  340
================================================================================
NOTES:
# LAST OF SEVERAL OCCURRENCES

COLUMN 17 PEAK WIND IN M.P.H.

PRELIMINARY LOCAL CLIMATOLOGICAL DATA (WS FORM: F-6) , PAGE 2

                                          STATION:  GREELEY  CO
                                          MONTH:    SEPTEMBER
                                          YEAR:     2016
                                          LATITUDE:   40 25 N
                                          LONGITUDE: 104 38 W

[TEMPERATURE DATA]      [PRECIPITATION DATA]       SYMBOLS USED IN COLUMN 16

AVERAGE MONTHLY: 64.1   TOTAL FOR MONTH:      M    1 = FOG OR MIST
DPTR FM NORMAL:     M   DPTR FM NORMAL:       M    2 = FOG REDUCING VISIBILITY
HIGHEST:    93 ON 19    GRTST 24HR    M  ON   M        TO 1/4 MILE OR LESS
LOWEST:     36 ON 10                               3 = THUNDER
                        SNOW, ICE PELLETS, HAIL    4 = ICE PELLETS
                        TOTAL MONTH:    M          5 = HAIL
                        GRTST 24HR    M  ON   M    6 = FREEZING RAIN OR DRIZZLE
                        GRTST DEPTH:  M  ON   M    7 = DUSTSTORM OR SANDSTORM:
                                                       VSBY 1/2 MILE OR LESS
                                                   8 = SMOKE OR HAZE
[NO. OF DAYS WITH]      [WEATHER - DAYS WITH]      9 = BLOWING SNOW
                                                   X = TORNADO
MAX 32 OR BELOW:   0    0.01 INCH OR MORE:   0
MAX 90 OR ABOVE:   7    0.10 INCH OR MORE:   0
MIN 32 OR BELOW:   0    0.50 INCH OR MORE:   0
MIN  0 OR BELOW:   0    1.00 INCH OR MORE:   0

[HDD (BASE 65) ]
TOTAL THIS MO.    84    CLEAR  (SCALE 0-3)  25
DPTR FM NORMAL     M    PTCLDY (SCALE 4-7)   4
TOTAL FM JUL 1    93    CLOUDY (SCALE 8-10)  1
DPTR FM NORMAL     M

[CDD (BASE 65) ]
TOTAL THIS MO.    65
DPTR FM NORMAL     M    [PRESSURE DATA]
TOTAL FM JAN 1   775    HIGHEST SLP M ON M
DPTR FM NORMAL     M    LOWEST  SLP M ON M

[REMARKS]
