000
CXUS54 KEWX 230910
CF6GYB
PRELIMINARY LOCAL CLIMATOLOGICAL DATA (WS FORM: F-6)

                                          STATION:   Giddings-Lee County Airport
                                          MONTH:     JANUARY
                                          YEAR:      2017
                                          LATITUDE:   30 10 N
                                          LONGITUDE:  96 59 W

  TEMPERATURE IN F:       :PCPN:    SNOW:  WIND      :SUNSHINE: SKY     :PK WND
================================================================================
1   2   3   4   5  6A  6B    7    8   9   10  11  12  13   14  15   16   17  18
                                     12Z  AVG MX 2MIN
DY MAX MIN AVG DEP HDD CDD  WTR  SNW DPTH SPD SPD DIR MIN PSBL S-S WX    SPD DR
================================================================================

 1  69  51  60   M   5   0 0.00    M    M  3.6  9 350   M    M   5 12      M  M
 2  73  48  61   M   4   0 0.00    M    M  5.7 14 330   M    M   3 1      23 300
 3  75  42  59   M   6   0 0.00    M    M  6.8 13 360   M    M   0        22 360
 4  45  35  40   M  25   0 0.00    M    M  6.2 13  10   M    M   3        21 360
 5  61  36  49   M  16   0 0.00    M    M  7.7 16 360   M    M  10 1      23 360
 6  36  23  30   M  35   0 0.00    M    M 13.6 18 360   M    M   8        28 360
 7  40  19  30   M  35   0 0.00    M    M  6.9 13 360   M    M   0        25 360
 8  52  18  35   M  30   0 0.00    M    M  4.0 12 180   M    M   1        16 180
 9  71  45  58   M   7   0 0.00    M    M  7.2 15 200   M    M   6        25 200
10  80  61  71   M   0   6 0.00    M    M 12.8 21 210   M    M   3        29 210
11  78  64  71   M   0   6 0.00    M    M 15.0 24 210   M    M   7        35 210
12  81  67  74   M   0   9 0.00    M    M 10.3 16 190   M    M   8 18     24 190
13  80  64  72   M   0   7 0.00    M    M  6.6 14 160   M    M   8 18     21 160
14  65  50  58   M   7   0 0.00    M    M  4.6  8  10   M    M   8 128     M  M
15  72  52  62   M   3   0 0.00    M    M  6.4 15 150   M    M  10 1      25 160
16  70  56  63   M   2   0 0.00    M    M  3.5  8  10   M    M   9 1       M  M
17  57  49  53   M  12   0 0.00    M    M  8.6 12  50   M    M  10 1      21  20
18  52  47  50   M  15   0 0.01    M    M  6.5 12 330   M    M  10 1      17  10
19  62  50  56   M   9   0 0.01    M    M  5.1 12 200   M    M   7 1      17 200
20  73  55  64   M   1   0 0.00    M    M  4.3  9 200   M    M   7 1       M  M
21  78  49  64   M   1   0 0.01    M    M  5.6 13 330   M    M   6 12     17 220
22  67  53  60   M   5   0 0.00    M    M 16.3 28 300   M    M   1        40 300
================================================================================
SM 1437 1034       218  28  0.03    M    167.3          M      130
================================================================================
AV 65.3 47.0                               7.6 FASTST   M    M   6    MAX(MPH)
                                 MISC ---->    28   M                 40    M
================================================================================
NOTES:
# LAST OF SEVERAL OCCURRENCES

COLUMN 17 PEAK WIND IN M.P.H.

PRELIMINARY LOCAL CLIMATOLOGICAL DATA (WS FORM: F-6) , PAGE 2

                                          STATION:  Giddings-Lee County Airport
                                          MONTH:    JANUARY
                                          YEAR:     2017
                                          LATITUDE:   30 10 N
                                          LONGITUDE:  96 59 W

[TEMPERATURE DATA]      [PRECIPITATION DATA]       SYMBOLS USED IN COLUMN 16

AVERAGE MONTHLY: 56.2   TOTAL FOR MONTH:   0.03    1 = FOG OR MIST
DPTR FM NORMAL:     M   DPTR FM NORMAL:       M    2 = FOG REDUCING VISIBILITY
HIGHEST:    81 ON 12    GRTST 24HR  0.01 ON 21-21      TO 1/4 MILE OR LESS
LOWEST:     18 ON  8                               3 = THUNDER
                        SNOW, ICE PELLETS, HAIL    4 = ICE PELLETS
                        TOTAL MONTH:    M          5 = HAIL
                        GRTST 24HR    M  ON   M    6 = FREEZING RAIN OR DRIZZLE
                        GRTST DEPTH:  M  ON   M    7 = DUSTSTORM OR SANDSTORM:
                                                       VSBY 1/2 MILE OR LESS
                                                   8 = SMOKE OR HAZE
[NO. OF DAYS WITH]      [WEATHER - DAYS WITH]      9 = BLOWING SNOW
                                                   X = TORNADO
MAX 32 OR BELOW:   0    0.01 INCH OR MORE:   3
MAX 90 OR ABOVE:   0    0.10 INCH OR MORE:   0
MIN 32 OR BELOW:   3    0.50 INCH OR MORE:   0
MIN  0 OR BELOW:   0    1.00 INCH OR MORE:   0

[HDD (BASE 65) ]
TOTAL THIS MO.   218    CLEAR  (SCALE 0-3)   6
DPTR FM NORMAL     M    PTCLDY (SCALE 4-7)  10
TOTAL FM JUL 1   663    CLOUDY (SCALE 8-10)  6
DPTR FM NORMAL     M

[CDD (BASE 65) ]
TOTAL THIS MO.    28
DPTR FM NORMAL     M    [PRESSURE DATA]
TOTAL FM JAN 1    28    HIGHEST SLP M ON M
DPTR FM NORMAL     M    LOWEST  SLP M ON M

[REMARKS]
