000
CXUS54 KFWD 280730
CF6GYI
PRELIMINARY LOCAL CLIMATOLOGICAL DATA (WS FORM: F-6)

                                          STATION:   SHERMAN DENISON
                                          MONTH:     FEBRUARY
                                          YEAR:      2015
                                          LATITUDE:   33 42 N
                                          LONGITUDE:  96 40 W

  TEMPERATURE IN F:       :PCPN:    SNOW:  WIND      :SUNSHINE: SKY     :PK WND
================================================================================
1   2   3   4   5  6A  6B    7    8   9   10  11  12  13   14  15   16   17  18
                                     12Z  AVG MX 2MIN
DY MAX MIN AVG DEP HDD CDD  WTR  SNW DPTH SPD SPD DIR MIN PSBL S-S WX    SPD DR
================================================================================

 1  54  30  42  -2  23   0 0.23  0.0    0 14.9 24 320   M    M   6 1      29 320
 2  41  22  32 -12  33   0 0.00  0.0    0  7.5 21 330   M    M   0        30 330
 3  55  31  43  -1  22   0 0.00  0.0    0  9.4 14 150   M    M   1        20 150
 4  54  34  44   0  21   0 0.00  0.0    0 10.8 22  10   M    M   7 1      30 360
 5  34  27  31 -13  34   0 0.00  0.0    0  9.3 20 360   M    M  10 1      25 360
 6  57  28  43  -1  22   0 0.00  0.0    0 10.3 20 200   M    M   2        23 200
 7  69  41  55  10  10   0 0.00  0.0    0 15.7 25 170   M    M   0 1      30 170
 8  73  48  61  16   4   0 0.00  0.0    0  7.2 22 180   M    M   0 1      27 180
 9  72  43  58  13   7   0 0.00  0.0    0  5.3 13  10   M    M   0        17 360
10  69  44  57  12   8   0 0.00  0.0    0 10.5 16 120   M    M   0        22 150
11  65  42  54   8  11   0 0.00  0.0    0 12.8 20 360   M    M   0        28  10
12  54  35  45  -1  20   0 0.00  0.0    0  9.7 18  10   M    M   1        24  10
13  68  34  51   5  14   0 0.00  0.0    0  7.5 16 210   M    M   0        21 210
14  78  34  56  10   9   0 0.00  0.0    0  5.7 14 190   M    M   0        16 250
15  64  39  52   6  13   0 0.31  0.0    0 11.1 17  40   M    M   5        23 120
16  39  29  34 -13  31   0 0.34    M    0 13.4 18 340   M    M   7 1      27 330
17  52  28  40  -7  25   0 0.02    M    0  6.0 22 330   M    M   5        37 330
18  53  27  40  -7  25   0 0.00  0.0    0  3.8  9  40   M    M   0         M  M
19  55  29  42  -5  23   0 0.00  0.0    0 10.8 17 110   M    M   0        23 110
20  65  40  53   5  12   0 0.00  0.0    0 12.5 16 170   M    M   7 1      25 170
21  66  44  55   7  10   0 0.00  0.0    0 12.9 30 190   M    M   4        37 190
22  46  29  38 -10  27   0 0.54    M    0 12.0 23  10   M    M   8 1      31  10
23  29  25  27 -21  38   0 0.06    M    M 10.0 18 360   M    M  10 1      22 360
24  33  25  29 -20  36   0 0.00  0.0    0  0.0  M   M   M    M   5         M  M
25  50  31  41  -8  24   0 0.04    M    0  1.2  9 140   M    M   4         M  M
26  38  28  33 -16  32   0 0.00  0.0    0 15.0 24  10   M    M   8 1      33  10
27  28  24  26 -23  39   0 0.01    M    0  9.8 15  50   M    M   9        21  40
================================================================================
SM 1461  891       573   0  1.55     0.0 255.1          M       99
================================================================================
AV 54.1 33.0                               9.4 FASTST   M    M   4    MAX(MPH)
                                 MISC ---->    30   M                 37    M
================================================================================
NOTES:
# LAST OF SEVERAL OCCURRENCES

COLUMN 17 PEAK WIND IN M.P.H.

PRELIMINARY LOCAL CLIMATOLOGICAL DATA (WS FORM: F-6) , PAGE 2

                                          STATION:  SHERMAN DENISON
                                          MONTH:    FEBRUARY
                                          YEAR:     2015
                                          LATITUDE:   33 42 N
                                          LONGITUDE:  96 40 W

[TEMPERATURE DATA]      [PRECIPITATION DATA]       SYMBOLS USED IN COLUMN 16

AVERAGE MONTHLY: 43.6   TOTAL FOR MONTH:   1.55    1 = FOG OR MIST
DPTR FM NORMAL:  -2.7   DPTR FM NORMAL:   -1.27    2 = FOG REDUCING VISIBILITY
HIGHEST:    78 ON 14    GRTST 24HR  0.54 ON 22-22      TO 1/4 MILE OR LESS
LOWEST:     22 ON  2                               3 = THUNDER
                        SNOW, ICE PELLETS, HAIL    4 = ICE PELLETS
                        TOTAL MONTH:   0.0 INCH    5 = HAIL
                        GRTST 24HR     0.0         6 = FREEZING RAIN OR DRIZZLE
                        GRTST DEPTH:   0           7 = DUSTSTORM OR SANDSTORM:
                                                       VSBY 1/2 MILE OR LESS
                                                   8 = SMOKE OR HAZE
[NO. OF DAYS WITH]      [WEATHER - DAYS WITH]      9 = BLOWING SNOW
                                                   X = TORNADO
MAX 32 OR BELOW:   2    0.01 INCH OR MORE:   8
MAX 90 OR ABOVE:   0    0.10 INCH OR MORE:   4
MIN 32 OR BELOW:  15    0.50 INCH OR MORE:   1
MIN  0 OR BELOW:   0    1.00 INCH OR MORE:   0

[HDD (BASE 65) ]
TOTAL THIS MO.   573    CLEAR  (SCALE 0-3)  13
DPTR FM NORMAL    67    PTCLDY (SCALE 4-7)  11
TOTAL FM JUL 1  2247    CLOUDY (SCALE 8-10)  3
DPTR FM NORMAL  -100

[CDD (BASE 65) ]
TOTAL THIS MO.     0
DPTR FM NORMAL     0    [PRESSURE DATA]
TOTAL FM JAN 1     0    HIGHEST SLP M ON M
DPTR FM NORMAL     0    LOWEST  SLP M ON M

[REMARKS]
