000
CXUS51 KGYX 221000
CF6GYX
PRELIMINARY LOCAL CLIMATOLOGICAL DATA (WS FORM: F-6)

                                          STATION:   GRAY ME
                                          MONTH:     OCTOBER
                                          YEAR:      2014
                                          LATITUDE:   43 53 N
                                          LONGITUDE:  70 15 W

  TEMPERATURE IN F:       :PCPN:    SNOW:  WIND      :SUNSHINE: SKY     :PK WND
================================================================================
1   2   3   4   5  6A  6B    7    8   9   10  11  12  13   14  15   16   17  18
                                     12Z  AVG MX 2MIN
DY MAX MIN AVG DEP HDD CDD  WTR  SNW DPTH SPD SPD DIR MIN PSBL S-S WX    SPD DR
================================================================================

 1  59  54  57   3   8   0    T  0.0    0   M   M   M   M    M   M         M  M
 2  62  47  55   1  10   0    T  0.0    0   M   M   M   M    M   M         M  M
 3  59  43  51  -2  14   0 0.00  0.0    0   M   M   M   M    M   M         M  M
 4  59  51  55   2  10   0 0.17  0.0    0   M   M   M   M    M   M         M  M
 5  63  46  55   2  10   0 0.42  0.0    0   M   M   M   M    M   M         M  M
 6  63  41  52   0  13   0 0.00  0.0    0   M   M   M   M    M   M         M  M
 7  64  48  56   4   9   0    T  0.0    0   M   M   M   M    M   M         M  M
 8  70  54  62  10   3   0 0.06  0.0    0   M   M   M   M    M   M         M  M
 9  60  46  53   2  12   0 0.00  0.0    0   M   M   M   M    M   M         M  M
10  61  39  50  -1  15   0 0.00  0.0    0   M   M   M   M    M   M         M  M
11  55  40  48  -3  17   0 0.00  0.0    0   M   M   M   M    M   M         M  M
12  58  39  49  -1  16   0 0.00  0.0    0   M   M   M   M    M   M         M  M
13  65  37  51   1  14   0 0.00  0.0    0   M   M   M   M    M   M         M  M
14  75  52  64  14   1   0 0.00  0.0    0   M   M   M   M    M   M         M  M
15  73  61  67  18   0   2 0.00  0.0    0   M   M   M   M    M   M         M  M
16  65  60  63  14   2   0 2.45  0.0    0   M   M   M   M    M   M         M  M
17  69  56  63  14   2   0 0.08  0.0    0   M   M   M   M    M   M         M  M
18  66  51  59  11   6   0 0.24  0.0    M   M   M   M   M    M   M         M  M
19  52  41  47  -1  18   0 0.00  0.0    0   M   M   M   M    M   M         M  M
20  54  34  44  -4  21   0 0.00  0.0    0   M   M   M   M    M   M         M  M
21  50  41  46  -1  19   0 0.96  0.0    0   M   M   M   M    M   M         M  M
================================================================================
SM 1302  981       220   2  4.38     0.0     M          M        M
================================================================================
AV 62.0 46.7                                 M FASTST   M    M   6    MAX(MPH)
                                 MISC ---->     M   M                  M    M
================================================================================
NOTES:
# LAST OF SEVERAL OCCURRENCES

COLUMN 17 PEAK WIND IN M.P.H.

PRELIMINARY LOCAL CLIMATOLOGICAL DATA (WS FORM: F-6) , PAGE 2

                                          STATION:  GRAY ME
                                          MONTH:    OCTOBER
                                          YEAR:     2014
                                          LATITUDE:   43 53 N
                                          LONGITUDE:  70 15 W

[TEMPERATURE DATA]      [PRECIPITATION DATA]       SYMBOLS USED IN COLUMN 16

AVERAGE MONTHLY: 54.4   TOTAL FOR MONTH:   4.38    1 = FOG OR MIST
DPTR FM NORMAL:   3.7   DPTR FM NORMAL:    0.84    2 = FOG REDUCING VISIBILITY
HIGHEST:    75 ON 14    GRTST 24HR  2.45 ON 16-16      TO 1/4 MILE OR LESS
LOWEST:     34 ON 20                               3 = THUNDER
                        SNOW, ICE PELLETS, HAIL    4 = ICE PELLETS
                        TOTAL MONTH:   0.0 INCH    5 = HAIL
                        GRTST 24HR     0.0         6 = FREEZING RAIN OR DRIZZLE
                        GRTST DEPTH:   0           7 = DUSTSTORM OR SANDSTORM:
                                                       VSBY 1/2 MILE OR LESS
                                                   8 = SMOKE OR HAZE
[NO. OF DAYS WITH]      [WEATHER - DAYS WITH]      9 = BLOWING SNOW
                                                   X = TORNADO
MAX 32 OR BELOW:   0    0.01 INCH OR MORE:   7
MAX 90 OR ABOVE:   0    0.10 INCH OR MORE:   5
MIN 32 OR BELOW:   0    0.50 INCH OR MORE:   2
MIN  0 OR BELOW:   0    1.00 INCH OR MORE:   1

[HDD (BASE 65) ]
TOTAL THIS MO.   220    CLEAR  (SCALE 0-3)   0
DPTR FM NORMAL   -81    PTCLDY (SCALE 4-7)   0
TOTAL FM JUL 1   416    CLOUDY (SCALE 8-10)  0
DPTR FM NORMAL   -89

[CDD (BASE 65) ]
TOTAL THIS MO.     2
DPTR FM NORMAL     2    [PRESSURE DATA]
TOTAL FM JAN 1   369    HIGHEST SLP M ON M
DPTR FM NORMAL   -18    LOWEST  SLP M ON M

[REMARKS]
