000
CXUS54 KOUN 290800
CF6HBR
PRELIMINARY LOCAL CLIMATOLOGICAL DATA (WS FORM: F-6)

                                          STATION:   HOBART
                                          MONTH:     AUGUST
                                          YEAR:      2015
                                          LATITUDE:   35  0 N
                                          LONGITUDE:  99  3 W

  TEMPERATURE IN F:       :PCPN:    SNOW:  WIND      :SUNSHINE: SKY     :PK WND
================================================================================
1   2   3   4   5  6A  6B    7    8   9   10  11  12  13   14  15   16   17  18
                                     12Z  AVG MX 2MIN
DY MAX MIN AVG DEP HDD CDD  WTR  SNW DPTH SPD SPD DIR MIN PSBL S-S WX    SPD DR
================================================================================

 1  91  72  82  -2   0  17    T  0.0    0  6.5 18 190   M    M   3 1      27 180
 2  98  71  85   1   0  20 0.00  0.0    0 12.9 22 160   M    M   2 3      29 200
 3  90  70  80  -4   0  15 0.51  0.0    0 10.7 29  10   M    M   3 13     39 350
 4  94  71  83  -1   0  18 0.38  0.0    0 12.0 38 320   M    M   1 13     47 320
 5 103  74  89   5   0  24 0.00  0.0    0 10.7 20 200   M    M   0        27 180
 6 106  73  90   6   0  25 0.00  0.0    0 12.9 24 210   M    M   0        31 190
 7 106  73  90   6   0  25 0.00  0.0    0 10.0 20 180   M    M   0        24 190
 8 103  75  89   6   0  24 0.00  0.0    0 10.3 22 170   M    M   0        28 160
 9 105  77  91   8   0  26 0.00  0.0    0 14.1 23 210   M    M   0        28 220
10  95  75  85   2   0  20    T  0.0    0 11.2 24  70   M    M   1        29  80
11  96  73  85   2   0  20 0.05  0.0    0  8.9 18  50   M    M   4 1      23  50
12  86  69  78  -5   0  13 0.11  0.0    0  7.9 16  50   M    M   2        21  60
13  98  68  83   0   0  18 0.00  0.0    0  7.7 16 170   M    M   1        23 150
14  93  71  82  -1   0  17    T  0.0    0 11.3 28 140   M    M   1        36  90
15  97  69  83   0   0  18 0.00  0.0    0  8.3 16 140   M    M   3 18     20 150
16  97  64  81  -2   0  16 0.00  0.0    0  7.7 17 160   M    M   0 8      24 180
17  99  67  83   1   0  18 0.00  0.0    0 10.1 21 230   M    M   2        28 210
18 101  72  87   5   0  22 0.02  0.0    0 15.7 29 220   M    M   2        36 210
19  78  60  69 -13   0   4 1.10  0.0    0 11.0 32 290   M    M   6 13     51 280
20  84  56  70 -12   0   5 0.00  0.0    0  7.2 18 160   M    M   3        22 170
21  92  70  81  -1   0  16 0.00  0.0    0 14.7 23 160   M    M   5 1      30 150
22  99  72  86   4   0  21 0.00  0.0    0 17.3 24 210   M    M   0        31 210
23  79  65  72  -9   0   7 0.00  0.0    0 16.0 30  30   M    M   5 18     37  50
24  88  63  76  -5   0  11 0.00  0.0    0  7.6 14  90   M    M   3        17  90
25  95  65  80  -1   0  15 0.00  0.0    0  6.8 18 160   M    M   2        21 170
26  95  69  82   1   0  17 0.00  0.0    0  9.4 15 190   M    M   0 8      20 170
27 100  73  87   7   0  22 0.00  0.0    0 14.3 24 180   M    M   0 18     29 170
28  95  72  84   4   0  19 0.02  0.0    0 11.5 21 170   M    M   5        25 180
================================================================================
SM 2663 1949         0 493  2.19     0.0 304.7          M       54
================================================================================
AV 95.1 69.6                              10.9 FASTST   M    M   2    MAX(MPH)
                                 MISC ---->  # 38 320               # 51  280
================================================================================
NOTES:
# LAST OF SEVERAL OCCURRENCES

COLUMN 17 PEAK WIND IN M.P.H.

PRELIMINARY LOCAL CLIMATOLOGICAL DATA (WS FORM: F-6) , PAGE 2

                                          STATION:  HOBART
                                          MONTH:    AUGUST
                                          YEAR:     2015
                                          LATITUDE:   35  0 N
                                          LONGITUDE:  99  3 W

[TEMPERATURE DATA]      [PRECIPITATION DATA]       SYMBOLS USED IN COLUMN 16

AVERAGE MONTHLY: 82.4   TOTAL FOR MONTH:   2.19    1 = FOG OR MIST
DPTR FM NORMAL:  -0.2   DPTR FM NORMAL:   -0.29    2 = FOG REDUCING VISIBILITY
HIGHEST:   106 ON  7, 6 GRTST 24HR  1.10 ON 19-19      TO 1/4 MILE OR LESS
LOWEST:     56 ON 20                               3 = THUNDER
                        SNOW, ICE PELLETS, HAIL    4 = ICE PELLETS
                        TOTAL MONTH:   0.0 INCH    5 = HAIL
                        GRTST 24HR     0.0         6 = FREEZING RAIN OR DRIZZLE
                        GRTST DEPTH:   0           7 = DUSTSTORM OR SANDSTORM:
                                                       VSBY 1/2 MILE OR LESS
                                                   8 = SMOKE OR HAZE
[NO. OF DAYS WITH]      [WEATHER - DAYS WITH]      9 = BLOWING SNOW
                                                   X = TORNADO
MAX 32 OR BELOW:   0    0.01 INCH OR MORE:   7
MAX 90 OR ABOVE:  23    0.10 INCH OR MORE:   4
MIN 32 OR BELOW:   0    0.50 INCH OR MORE:   2
MIN  0 OR BELOW:   0    1.00 INCH OR MORE:   1

[HDD (BASE 65) ]
TOTAL THIS MO.     0    CLEAR  (SCALE 0-3)  22
DPTR FM NORMAL     0    PTCLDY (SCALE 4-7)   6
TOTAL FM JUL 1     0    CLOUDY (SCALE 8-10)  0
DPTR FM NORMAL     0

[CDD (BASE 65) ]
TOTAL THIS MO.   493
DPTR FM NORMAL     2    [PRESSURE DATA]
TOTAL FM JAN 1  1613    HIGHEST SLP M ON M
DPTR FM NORMAL   -63    LOWEST  SLP 29.62 ON 18

[REMARKS]
