000
CXUS54 KOUN 300700
CF6HBR
PRELIMINARY LOCAL CLIMATOLOGICAL DATA (WS FORM: F-6)

                                          STATION:   HOBART
                                          MONTH:     JULY
                                          YEAR:      2016
                                          LATITUDE:   35  0 N
                                          LONGITUDE:  99  3 W

  TEMPERATURE IN F:       :PCPN:    SNOW:  WIND      :SUNSHINE: SKY     :PK WND
================================================================================
1   2   3   4   5  6A  6B    7    8   9   10  11  12  13   14  15   16   17  18
                                     12Z  AVG MX 2MIN
DY MAX MIN AVG DEP HDD CDD  WTR  SNW DPTH SPD SPD DIR MIN PSBL S-S WX    SPD DR
================================================================================

 1  91  73  82   0   0  17    T  0.0    0 10.4 20 130   M    M   1        23 130
 2  96  72  84   2   0  19    T  0.0    0 14.3 23 170   M    M   0 3      28 170
 3  96  73  85   3   0  20 0.00  0.0    0  9.6 23 200   M    M   1        27 200
 4  95  71  83   1   0  18    T  0.0    0  7.9 16 180   M    M   0 1      22 150
 5  98  74  86   4   0  21    T  0.0    0 17.2 30 220   M    M   0 1      42 210
 6 106  76  91   8   0  26 0.00  0.0    0 18.3 36 240   M    M   0 8      48 210
 7 101  78  90   7   0  25 0.00  0.0    0 20.6 33 220   M    M   0        42 220
 8  94  69  82  -1   0  17 0.66  0.0    0 12.7 48 230   M    M   1 138    66 220
 9  92  69  81  -2   0  16 0.00  0.0    0  8.3 20 170   M    M   1        24 150
10  95  69  82  -1   0  17 0.00  0.0    0 14.0 26 170   M    M   0        36 160
11  96  76  86   3   0  21 0.00  0.0    0 21.6 31 180   M    M   0        40 170
12  96  77  87   4   0  22 0.00  0.0    M 20.3 26 160   M    M   0        33 170
13 100  77  89   6   0  24 0.00  0.0    0 18.5 26 200   M    M   0        34 190
14  97  74  86   3   0  21 0.00  0.0    0 15.1 26  10   M    M   1 3      35  10
15  95  66  81  -2   0  16 1.78  0.0    0 10.5 37 330   M    M   1 13     50 340
16  88  68  78  -6   0  13 0.24  0.0    0  9.5 26 170   M    M   1 13     33 180
17  94  73  84   0   0  19 0.00  0.0    0 16.8 21 150   M    M   0        31 180
18  94  74  84   0   0  19 0.00  0.0    M 13.3 21 210   M    M   0        26 200
19  95  74  85   1   0  20 0.00  0.0    0 12.0 20 150   M    M   1        24 180
20  96  74  85   1   0  20 0.00  0.0    0 12.6 21 170   M    M   0        28 150
21  97  74  86   2   0  21 0.00  0.0    0 12.7 22 210   M    M   0        29 180
22  99  74  87   3   0  22 0.00  0.0    0 12.1 20 170   M    M   0        27 200
23 101  74  88   4   0  23 0.00  0.0    0 13.1 22 200   M    M   0        26 190
24 100  76  88   4   0  23 0.00  0.0    0 11.5 18 230   M    M   0        24 130
25  98  78  88   4   0  23 0.04  0.0    0  6.6 28 150   M    M   2 3      33 150
26  91  72  82  -2   0  17 0.06  0.0    0  6.6 37  50   M    M   2 138    50  50
27  98  73  86   2   0  21    T  0.0    0  5.7 16 150   M    M   2 18     19 140
28 100  72  86   2   0  21 0.00  0.0    0  6.6 14 120   M    M   0 1      19 120
29  96  68  82  -2   0  17 0.05  0.0    0 11.3 31  50   M    M   2 13     43  50
================================================================================
SM 2795 2118         0 579  2.83     0.0 369.7          M       16
================================================================================
AV 96.4 73.0                              12.7 FASTST   M    M   1    MAX(MPH)
                                 MISC ---->  # 48 230               # 66  220
================================================================================
NOTES:
# LAST OF SEVERAL OCCURRENCES

COLUMN 17 PEAK WIND IN M.P.H.

PRELIMINARY LOCAL CLIMATOLOGICAL DATA (WS FORM: F-6) , PAGE 2

                                          STATION:  HOBART
                                          MONTH:    JULY
                                          YEAR:     2016
                                          LATITUDE:   35  0 N
                                          LONGITUDE:  99  3 W

[TEMPERATURE DATA]      [PRECIPITATION DATA]       SYMBOLS USED IN COLUMN 16

AVERAGE MONTHLY: 84.7   TOTAL FOR MONTH:   2.83    1 = FOG OR MIST
DPTR FM NORMAL:   1.4   DPTR FM NORMAL:    0.36    2 = FOG REDUCING VISIBILITY
HIGHEST:   106 ON  6    GRTST 24HR  2.02 ON 15-16      TO 1/4 MILE OR LESS
LOWEST:     66 ON 15                               3 = THUNDER
                        SNOW, ICE PELLETS, HAIL    4 = ICE PELLETS
                        TOTAL MONTH:   0.0 INCH    5 = HAIL
                        GRTST 24HR     0.0         6 = FREEZING RAIN OR DRIZZLE
                        GRTST DEPTH:   0           7 = DUSTSTORM OR SANDSTORM:
                                                       VSBY 1/2 MILE OR LESS
                                                   8 = SMOKE OR HAZE
[NO. OF DAYS WITH]      [WEATHER - DAYS WITH]      9 = BLOWING SNOW
                                                   X = TORNADO
MAX 32 OR BELOW:   0    0.01 INCH OR MORE:   6
MAX 90 OR ABOVE:  28    0.10 INCH OR MORE:   3
MIN 32 OR BELOW:   0    0.50 INCH OR MORE:   2
MIN  0 OR BELOW:   0    1.00 INCH OR MORE:   1

[HDD (BASE 65) ]
TOTAL THIS MO.     0    CLEAR  (SCALE 0-3)  29
DPTR FM NORMAL     0    PTCLDY (SCALE 4-7)   0
TOTAL FM JUL 1     0    CLOUDY (SCALE 8-10)  0
DPTR FM NORMAL     0

[CDD (BASE 65) ]
TOTAL THIS MO.   579
DPTR FM NORMAL    49    [PRESSURE DATA]
TOTAL FM JAN 1  1255    HIGHEST SLP M ON M
DPTR FM NORMAL   106    LOWEST  SLP 29.69 ON M

[REMARKS]
