000
CXUS54 KOUN 220700
CF6HBR
PRELIMINARY LOCAL CLIMATOLOGICAL DATA (WS FORM: F-6)

                                          STATION:   HOBART
                                          MONTH:     OCTOBER
                                          YEAR:      2017
                                          LATITUDE:   35  0 N
                                          LONGITUDE:  99  3 W

  TEMPERATURE IN F:       :PCPN:    SNOW:  WIND      :SUNSHINE: SKY     :PK WND
================================================================================
1   2   3   4   5  6A  6B    7    8   9   10  11  12  13   14  15   16   17  18
                                     12Z  AVG MX 2MIN
DY MAX MIN AVG DEP HDD CDD  WTR  SNW DPTH SPD SPD DIR MIN PSBL S-S WX    SPD DR
================================================================================

 1  82  58  70   3   0   5 0.00  0.0    0 14.2 26 190   M    M   2        32 190
 2  87  65  76   9   0  11 0.00  0.0    0 20.2 33 170   M    M   0        39 170
 3  85  71  78  11   0  13 0.00  0.0    0 14.1 22 180   M    M   6        28 180
 4  80  72  76  10   0  11 1.07  0.0    0 10.9 22 170   M    M   9 13     25 170
 5  80  70  75   9   0  10 0.49  0.0    0  8.4 20 310   M    M   5 1      24 320
 6  84  66  75  10   0  10 0.08  0.0    0 16.8 31 300   M    M   1 13     39 300
 7  81  56  69   4   0   4 0.01  0.0    0  9.1 18 310   M    M   1 138    23 300
 8  83  54  69   4   0   4 0.00  0.0    0 16.2 28 190   M    M   0 8      32 190
 9  74  50  62  -2   3   0    T  0.0    0 19.5 30 340   M    M   1        37 350
10  65  45  55  -9  10   0    T    M    0 13.3 29 350   M    M   1        38 340
11  71  42  57  -7   8   0 0.00  0.0    0  6.8 15 170   M    M   0 1      19 180
12  86  55  71   8   0   6 0.00  0.0    0 16.3 25 200   M    M   0        32 180
13  89  65  77  14   0  12 0.00  0.0    0 13.8 21 180   M    M   0        25 170
14  91  63  77  15   0  12    T  0.0    0 18.5 44  10   M    M   1 3      54  10
15  71  46  59  -3   6   0 0.00  0.0    0 14.6 30  10   M    M   1 8      38  10
16  72  41  57  -5   8   0 0.00  0.0    0  6.7 14 200   M    M   0        16 190
17  77  44  61   0   4   0 0.00  0.0    0 14.1 24 190   M    M   0        29 190
18  82  51  67   6   0   2 0.00  0.0    0 14.9 23 170   M    M   0        29 180
19  82  52  67   6   0   2 0.00  0.0    0 14.3 25 180   M    M   0        30 180
20  82  61  72  12   0   7 0.00  0.0    0 21.9 31 180   M    M   2        38 170
21  83  57  70  10   0   5 0.24  0.0    0 19.6 35 160   M    M   6 13     45 160
================================================================================
SM 1687 1184        39 114  1.89     0.0 304.2          M       36
================================================================================
AV 80.3 56.4                              14.5 FASTST   M    M   2    MAX(MPH)
                                 MISC ---->  # 44  10               # 54   10
================================================================================
NOTES:
# LAST OF SEVERAL OCCURRENCES

COLUMN 17 PEAK WIND IN M.P.H.

PRELIMINARY LOCAL CLIMATOLOGICAL DATA (WS FORM: F-6) , PAGE 2

                                          STATION:  HOBART
                                          MONTH:    OCTOBER
                                          YEAR:     2017
                                          LATITUDE:   35  0 N
                                          LONGITUDE:  99  3 W

[TEMPERATURE DATA]      [PRECIPITATION DATA]       SYMBOLS USED IN COLUMN 16

AVERAGE MONTHLY: 68.4   TOTAL FOR MONTH:   1.89    1 = FOG OR MIST
DPTR FM NORMAL:   4.8   DPTR FM NORMAL:   -0.27    2 = FOG REDUCING VISIBILITY
HIGHEST:    91 ON 14    GRTST 24HR  1.07 ON  4- 4      TO 1/4 MILE OR LESS
LOWEST:     41 ON 16                               3 = THUNDER
                        SNOW, ICE PELLETS, HAIL    4 = ICE PELLETS
                        TOTAL MONTH:   0.0 INCH    5 = HAIL
                        GRTST 24HR     0.0         6 = FREEZING RAIN OR DRIZZLE
                        GRTST DEPTH:   0           7 = DUSTSTORM OR SANDSTORM:
                                                       VSBY 1/2 MILE OR LESS
                                                   8 = SMOKE OR HAZE
[NO. OF DAYS WITH]      [WEATHER - DAYS WITH]      9 = BLOWING SNOW
                                                   X = TORNADO
MAX 32 OR BELOW:   0    0.01 INCH OR MORE:   5
MAX 90 OR ABOVE:   1    0.10 INCH OR MORE:   3
MIN 32 OR BELOW:   0    0.50 INCH OR MORE:   1
MIN  0 OR BELOW:   0    1.00 INCH OR MORE:   1

[HDD (BASE 65) ]
TOTAL THIS MO.    39    CLEAR  (SCALE 0-3)  17
DPTR FM NORMAL   -46    PTCLDY (SCALE 4-7)   3
TOTAL FM JUL 1    42    CLOUDY (SCALE 8-10)  1
DPTR FM NORMAL   -64

[CDD (BASE 65) ]
TOTAL THIS MO.   114
DPTR FM NORMAL    60    [PRESSURE DATA]
TOTAL FM JAN 1  2234    HIGHEST SLP M ON M
DPTR FM NORMAL   178    LOWEST  SLP 29.56 ON  8

[REMARKS]
