000
CXUS53 KGID 270730
CF6HDE
PRELIMINARY LOCAL CLIMATOLOGICAL DATA (WS FORM: F-6)

                                          STATION:   HOLDREGE
                                          MONTH:     AUGUST
                                          YEAR:      2014
                                          LATITUDE:   40 27 N
                                          LONGITUDE:  99 20 W

  TEMPERATURE IN F:       :PCPN:    SNOW:  WIND      :SUNSHINE: SKY     :PK WND
================================================================================
1   2   3   4   5  6A  6B    7    8   9   10  11  12  13   14  15   16   17  18
                                     12Z  AVG MX 2MIN
DY MAX MIN AVG DEP HDD CDD  WTR  SNW DPTH SPD SPD DIR MIN PSBL S-S WX    SPD DR
================================================================================

 1  85  57  71  -4   0   6 0.00    M    M  6.1  9  90   M    M   0 1       M  M
 2  92  58  75   0   0  10 0.13    M    M  6.4 15 360   M    M   2 13     23 360
 3  88  67  78   3   0  13 0.00    M    M  3.5 10 230   M    M   0         M  M
 4  92  59  76   1   0  11 0.00    M    M  6.7 13  90   M    M   2 12      M  M
 5  96  60  78   4   0  13 0.79    M    M  7.5 17 290   M    M   2 3      35 290
 6  84  69  77   3   0  12 0.05    M    M  4.1 15 100   M    M   2 1       M  M
 7  82  69  76   2   0  11 0.00    M    M  0.2  5  80   M    M   6 18      M  M
 8  88  63  76   2   0  11 0.52    M    M  5.2 15 120   M    M   4 123    16  90
 9  90  62  76   2   0  11 1.20    M    M  7.6 15  50   M    M   3 3      30 340
10  81  62  72  -2   0   7 0.01    M    M  2.4  8 340   M    M   2         M  M
11  78  59  69  -5   0   4 0.00    M    M  4.2 10  10   M    M   1 1       M  M
12  79  54  67  -7   0   2 0.00    M    M  2.2  8 110   M    M   1         M  M
13  84  58  71  -3   0   6 0.00    M    M  6.9 15 150   M    M   0        17 150
14  86  64  75   1   0  10 0.00    M    M 11.7 18 140   M    M   1 3      24 140
15  83  67  75   1   0  10 0.05    M    M  5.7 24 200   M    M   1 1      31 200
16  88  64  76   2   0  11 0.00    M    M  1.5  7  80   M    M   0 1       M  M
17  90  62  76   3   0  11 0.62    M    M  6.5 21  40   M    M   3 123    38  40
18  84  58  71  -2   0   6 0.00    M    M  1.7  9 200   M    M   0 3       M  M
19  89  62  76   3   0  11 0.00    M    M  5.5 13 170   M    M   0 12     17 170
20  93  72  83  10   0  18 0.04    M    M  9.0 21 190   M    M   1 3      27 190
21  87  68  78   5   0  13    T    M    M   M   M   M   M    M   M         M  M
22  87  65  76   4   0  11 0.52    M    M  5.8 14 140   M    M   3 13     21 140
23  90  66  78   6   0  13 0.06    M    M  8.3 16 180   M    M   3 13     23 180
24  82  62  72   0   0   7 0.00    M    M  3.4 10  10   M    M   0         M  M
25  74  61  68  -4   0   3 0.11    M    M  6.7 20 280   M    M   2 3      36 260
26  79  60  70  -2   0   5 0.04    M    M  2.5 17 140   M    M   4 1      22 140
================================================================================
SM 2231 1628         0 246  4.14    M    131.3          M       43
================================================================================
AV 85.8 62.6                               5.3 FASTST   M    M   2    MAX(MPH)
                                 MISC ---->    24   M               # 38   40
================================================================================
NOTES:
# LAST OF SEVERAL OCCURRENCES

COLUMN 17 PEAK WIND IN M.P.H.

PRELIMINARY LOCAL CLIMATOLOGICAL DATA (WS FORM: F-6) , PAGE 2

                                          STATION:  HOLDREGE
                                          MONTH:    AUGUST
                                          YEAR:     2014
                                          LATITUDE:   40 27 N
                                          LONGITUDE:  99 20 W

[TEMPERATURE DATA]      [PRECIPITATION DATA]       SYMBOLS USED IN COLUMN 16

AVERAGE MONTHLY: 74.2   TOTAL FOR MONTH:   4.14    1 = FOG OR MIST
DPTR FM NORMAL:   0.6   DPTR FM NORMAL:    1.14    2 = FOG REDUCING VISIBILITY
HIGHEST:    96 ON  5    GRTST 24HR  1.20 ON  9- 9      TO 1/4 MILE OR LESS
LOWEST:     54 ON 12                               3 = THUNDER
                        SNOW, ICE PELLETS, HAIL    4 = ICE PELLETS
                        TOTAL MONTH:    M          5 = HAIL
                        GRTST 24HR    M  ON   M    6 = FREEZING RAIN OR DRIZZLE
                        GRTST DEPTH:  M  ON   M    7 = DUSTSTORM OR SANDSTORM:
                                                       VSBY 1/2 MILE OR LESS
                                                   8 = SMOKE OR HAZE
[NO. OF DAYS WITH]      [WEATHER - DAYS WITH]      9 = BLOWING SNOW
                                                   X = TORNADO
MAX 32 OR BELOW:   0    0.01 INCH OR MORE:  13
MAX 90 OR ABOVE:   7    0.10 INCH OR MORE:   7
MIN 32 OR BELOW:   0    0.50 INCH OR MORE:   5
MIN  0 OR BELOW:   0    1.00 INCH OR MORE:   1

[HDD (BASE 65) ]
TOTAL THIS MO.     0    CLEAR  (SCALE 0-3)  21
DPTR FM NORMAL    -1    PTCLDY (SCALE 4-7)   4
TOTAL FM JUL 1     9    CLOUDY (SCALE 8-10)  0
DPTR FM NORMAL     5

[CDD (BASE 65) ]
TOTAL THIS MO.   246
DPTR FM NORMAL    17    [PRESSURE DATA]
TOTAL FM JAN 1   790    HIGHEST SLP M ON M
DPTR FM NORMAL    11    LOWEST  SLP M ON M

[REMARKS]
