000
CXUS53 KBIS 220802
CF6HEI
PRELIMINARY LOCAL CLIMATOLOGICAL DATA (WS FORM: F-6)

                                          STATION:   HETTINGER ND
                                          MONTH:     FEBRUARY
                                          YEAR:      2017
                                          LATITUDE:   46  0 N
                                          LONGITUDE: 102 39 W

  TEMPERATURE IN F:       :PCPN:    SNOW:  WIND      :SUNSHINE: SKY     :PK WND
================================================================================
1   2   3   4   5  6A  6B    7    8   9   10  11  12  13   14  15   16   17  18
                                     12Z  AVG MX 2MIN
DY MAX MIN AVG DEP HDD CDD  WTR  SNW DPTH SPD SPD DIR MIN PSBL S-S WX    SPD DR
================================================================================

 1  14   5  10  -8  55   0    T    M    M 16.4 31 310   M    M   8 8      36 300
 2  10 -10   0 -18  65   0 0.00    M    M  8.1 16 310   M    M   3        17 310
 3  15 -13   1 -17  64   0 0.00    M    M  8.4 20 150   M    M   0        26 150
 4  16  -1   8 -10  57   0    T    M    M 12.7 30 300   M    M   5 128    34 300
 5  17   2  10  -9  55   0 0.00    M    M  8.2 21 170   M    M   3 1      23 170
 6  11   4   8 -11  57   0    T    M    M 12.2 20  70   M    M   9 1      23  70
 7   5  -9  -2 -21  67   0    T    M    M  6.1 12 310   M    M   6 1      13 350
 8   7 -13  -3 -22  68   0 0.00    M    M  8.5 18 290   M    M   6 8      21 290
 9  39   0  20   1  45   0 0.00    M    M 10.1 22 170   M    M   5        25 170
10  41  29  35  15  30   0    T    M    M 11.5 22 270   M    M   7        26 270
11  41  24  33  13  32   0    T    M    M 16.7 40 310   M    M   4        49 310
12  40  20  30  10  35   0 0.00    M    M 10.8 21 270   M    M   0        24 270
13  38  22  30  10  35   0 0.00    M    M 12.5 25 300   M    M   0        30 300
14  40  23  32  12  33   0 0.00    M    M  9.0 16 300   M    M   0        19 300
15  46  21  34  13  31   0 0.00    M    M  5.9 20 270   M    M   0        24 270
16  64  29  47  26  18   0 0.00    M    M  5.1 15 260   M    M   0        17 270
17  50  26  38  17  27   0 0.00    M    M 12.8 28 280   M    M   0        33 290
18  56  23  40  19  25   0 0.00    M    M  6.7 21 140   M    M   2        26 120
19  65  28  47  25  18   0 0.00    M    M  5.5 15 320   M    M   2        19 310
20  56  34  45  23  20   0    T    M    M 10.5 24 290   M    M   4        29 300
21  65  31  48  26  17   0 0.06    M    M  5.2 24 320   M    M   3 3      33 310
================================================================================
SM  736  275       854   0  0.06    M    202.9          M       67
================================================================================
AV 35.1 13.1                               9.7 FASTST   M    M   3    MAX(MPH)
                                 MISC ---->  # 40 310               # 49  310
================================================================================
NOTES:
# LAST OF SEVERAL OCCURRENCES

COLUMN 17 PEAK WIND IN M.P.H.

PRELIMINARY LOCAL CLIMATOLOGICAL DATA (WS FORM: F-6) , PAGE 2

                                          STATION:  HETTINGER ND
                                          MONTH:    FEBRUARY
                                          YEAR:     2017
                                          LATITUDE:   46  0 N
                                          LONGITUDE: 102 39 W

[TEMPERATURE DATA]      [PRECIPITATION DATA]       SYMBOLS USED IN COLUMN 16

AVERAGE MONTHLY: 24.1   TOTAL FOR MONTH:   0.06    1 = FOG OR MIST
DPTR FM NORMAL:   4.2   DPTR FM NORMAL:   -0.27    2 = FOG REDUCING VISIBILITY
HIGHEST:    65 ON 21,19 GRTST 24HR  0.06 ON 20-21      TO 1/4 MILE OR LESS
LOWEST:    -13 ON  8, 3                            3 = THUNDER
                        SNOW, ICE PELLETS, HAIL    4 = ICE PELLETS
                        TOTAL MONTH:    M          5 = HAIL
                        GRTST 24HR    M  ON   M    6 = FREEZING RAIN OR DRIZZLE
                        GRTST DEPTH:  M  ON   M    7 = DUSTSTORM OR SANDSTORM:
                                                       VSBY 1/2 MILE OR LESS
                                                   8 = SMOKE OR HAZE
[NO. OF DAYS WITH]      [WEATHER - DAYS WITH]      9 = BLOWING SNOW
                                                   X = TORNADO
MAX 32 OR BELOW:   8    0.01 INCH OR MORE:   1
MAX 90 OR ABOVE:   0    0.10 INCH OR MORE:   0
MIN 32 OR BELOW:  20    0.50 INCH OR MORE:   0
MIN  0 OR BELOW:   6    1.00 INCH OR MORE:   0

[HDD (BASE 65) ]
TOTAL THIS MO.   854    CLEAR  (SCALE 0-3)  12
DPTR FM NORMAL   -93    PTCLDY (SCALE 4-7)   8
TOTAL FM JUL 1  5808    CLOUDY (SCALE 8-10)  1
DPTR FM NORMAL  -215

[CDD (BASE 65) ]
TOTAL THIS MO.     0
DPTR FM NORMAL     0    [PRESSURE DATA]
TOTAL FM JAN 1     0    HIGHEST SLP M ON M
DPTR FM NORMAL     0    LOWEST  SLP 29.40 ON 17

[REMARKS]
