000
CXUS53 KBIS 300824
CF6HEI
PRELIMINARY LOCAL CLIMATOLOGICAL DATA (WS FORM: F-6)

                                          STATION:   HETTINGER ND
                                          MONTH:     JUNE
                                          YEAR:      2015
                                          LATITUDE:   46  0 N
                                          LONGITUDE: 102 39 W

  TEMPERATURE IN F:       :PCPN:    SNOW:  WIND      :SUNSHINE: SKY     :PK WND
================================================================================
1   2   3   4   5  6A  6B    7    8   9   10  11  12  13   14  15   16   17  18
                                     12Z  AVG MX 2MIN
DY MAX MIN AVG DEP HDD CDD  WTR  SNW DPTH SPD SPD DIR MIN PSBL S-S WX    SPD DR
================================================================================

 1  83  47  65   7   0   0 0.00    M    M 10.2 18 150   M    M   1 1      24 150
 2  79  54  67   9   0   2    T    M    M 13.3 28 330   M    M   1        35 330
 3  68  50  59   1   6   0 0.00    M    M 11.6 20 320   M    M   5 1      24 310
 4  64  49  57  -1   8   0    T    M    M 11.0 22  70   M    M  10        26  70
 5  76  52  64   5   1   0 0.00    M    M 10.8 20 140   M    M   6        24 140
 6  77  54  66   7   0   1 0.32    M    M  7.7 21 340   M    M   3 1      28 360
 7  81  50  66   7   0   1 0.00    M    M 10.0 26 320   M    M   0        33 300
 8  87  47  67   7   0   2 0.00    M    M  6.0 22 290   M    M   2        28 300
 9  85  53  69   9   0   4 0.00    M    M  9.1 22  30   M    M   0        28  20
10  67  51  59  -1   6   0 0.08    M    M 10.0 18 110   M    M   7 13     23 160
11  67  52  60  -1   5   0 0.02    M    M  6.3 15 110   M    M   9 1      18 120
12  80  51  66   5   0   1 0.00    M    M 12.8 22 190   M    M   1 1      28 180
13  79  56  68   7   0   3    T    M    M  8.7 23 280   M    M   4 3      29 270
14  72  47  60  -2   5   0 0.08    M    M 12.7 21 340   M    M   4 13     27 340
15  67  43  55  -7  10   0 0.03    M    M  7.6 15  80   M    M   5 13     20  20
16  59  51  55  -7  10   0 0.37    M    M 10.6 22 110   M    M  10 13     33 110
17  74  54  64   2   1   0 0.00    M    M  3.1 12 120   M    M   3 12     15 110
18  67  51  59  -4   6   0 0.00    M    M 10.3 17  90   M    M   5 1      22 100
19  82  56  69   6   0   4 0.36    M    M  9.4 28 150   M    M   1 13     34 150
20  77  54  66   3   0   1 0.00    M    M  7.1 18 320   M    M   1 1      22 310
21  81  49  65   1   0   0 0.28    M    M  9.7 32 340   M    M   1 13     42 340
22  71  50  61  -3   4   0 0.00    M    M  9.4 22 300   M    M   1        27 310
23  78  48  63  -1   2   0 0.03    M    M  8.9 22  80   M    M   3 13     27  70
24  77  55  66   2   0   1    T    M    M  6.8 23 330   M    M   2        29 330
25  77  51  64  -1   1   0 0.49    M    M  3.7 33 350   M    M   3 138    40 360
26  81  47  64  -1   1   0 0.00    M    M  3.3  9 250   M    M   1 1      13 240
27  85  54  70   5   0   5 0.00    M    M  7.5 20 310   M    M   0        26 320
28  84  50  67   2   0   2 0.00    M    M  2.7  9  10   M    M   0        12  20
29  89  52  71   5   0   6 0.00    M    M  3.7 12 280   M    M   0 1      16 280
================================================================================
SM 2214 1478        66  33  2.06    M    244.0          M       89
================================================================================
AV 76.3 51.0                               8.4 FASTST   M    M   3    MAX(MPH)
                                 MISC ---->  # 33 350               # 42  340
================================================================================
NOTES:
# LAST OF SEVERAL OCCURRENCES

COLUMN 17 PEAK WIND IN M.P.H.

PRELIMINARY LOCAL CLIMATOLOGICAL DATA (WS FORM: F-6) , PAGE 2

                                          STATION:  HETTINGER ND
                                          MONTH:    JUNE
                                          YEAR:     2015
                                          LATITUDE:   46  0 N
                                          LONGITUDE: 102 39 W

[TEMPERATURE DATA]      [PRECIPITATION DATA]       SYMBOLS USED IN COLUMN 16

AVERAGE MONTHLY: 63.7   TOTAL FOR MONTH:   2.06    1 = FOG OR MIST
DPTR FM NORMAL:   1.9   DPTR FM NORMAL:   -0.71    2 = FOG REDUCING VISIBILITY
HIGHEST:    89 ON 29    GRTST 24HR  0.49 ON 25-25      TO 1/4 MILE OR LESS
LOWEST:     43 ON 15                               3 = THUNDER
                        SNOW, ICE PELLETS, HAIL    4 = ICE PELLETS
                        TOTAL MONTH:    M          5 = HAIL
                        GRTST 24HR    M  ON   M    6 = FREEZING RAIN OR DRIZZLE
                        GRTST DEPTH:  M  ON   M    7 = DUSTSTORM OR SANDSTORM:
                                                       VSBY 1/2 MILE OR LESS
                                                   8 = SMOKE OR HAZE
[NO. OF DAYS WITH]      [WEATHER - DAYS WITH]      9 = BLOWING SNOW
                                                   X = TORNADO
MAX 32 OR BELOW:   0    0.01 INCH OR MORE:  10
MAX 90 OR ABOVE:   0    0.10 INCH OR MORE:   5
MIN 32 OR BELOW:   0    0.50 INCH OR MORE:   0
MIN  0 OR BELOW:   0    1.00 INCH OR MORE:   0

[HDD (BASE 65) ]
TOTAL THIS MO.    66    CLEAR  (SCALE 0-3)  17
DPTR FM NORMAL   -72    PTCLDY (SCALE 4-7)   9
TOTAL FM JUL 1  8255    CLOUDY (SCALE 8-10)  3
DPTR FM NORMAL  -382

[CDD (BASE 65) ]
TOTAL THIS MO.    33
DPTR FM NORMAL   -11    [PRESSURE DATA]
TOTAL FM JAN 1    33    HIGHEST SLP M ON M
DPTR FM NORMAL   -16    LOWEST  SLP 29.64 ON  9

[REMARKS]
