000
CXUS54 KJAN 221414
CF6HEZ
PRELIMINARY LOCAL CLIMATOLOGICAL DATA (WS FORM: F-6)

                                          STATION:   NATCHEZ
                                          MONTH:     JANUARY
                                          YEAR:      2017
                                          LATITUDE:   31 37 N
                                          LONGITUDE:  91 15 W

  TEMPERATURE IN F:       :PCPN:    SNOW:  WIND      :SUNSHINE: SKY     :PK WND
================================================================================
1   2   3   4   5  6A  6B    7    8   9   10  11  12  13   14  15   16   17  18
                                     12Z  AVG MX 2MIN
DY MAX MIN AVG DEP HDD CDD  WTR  SNW DPTH SPD SPD DIR MIN PSBL S-S WX    SPD DR
================================================================================

 1  70  63  67   M   0   2 0.00  0.0    0  3.6 10 150   M    M  10         M  M
 2  72  59  66   M   0   1 1.53  0.0    0  8.1 12 140   M    M   7 3       M  M
 3  72  50  61   M   4   0 0.00  0.0    0  5.3 12 230   M    M   1        17 210
 4  55  36  46   M  19   0 0.00  0.0    0  9.4 15 340   M    M   5        22 360
 5  50  34  42   M  23   0 0.01    M    0  4.4 10  10   M    M  10         M  M
 6  37  25  31   M  34   0 0.27    M    0 14.4 22 350   M    M  10 4      28 360
 7  32  19  26   M  39   0 0.00  0.0    M 10.6 18 360   M    M   1        27 360
 8  45  18  32   M  33   0 0.00  0.0    0  3.1  8 140   M    M   0         M  M
 9  59  30  45   M  20   0 0.00  0.0    0 11.5 21 160   M    M   3        27 160
10  72  54  63   M   2   0 0.00  0.0    0 14.2 20 190   M    M   8        30 190
11  79  63  71   M   0   6 0.00  0.0    0 12.9 20 190   M    M   8        29 190
12  79  64  72   M   0   7 0.00  0.0    0  9.7 18 180   M    M   8        25 180
13  75  59  67   M   0   2 0.08  0.0    0  4.7  8  70   M    M   7         M  M
14  75  55  65   M   0   0 0.00  0.0    0  3.6  9 140   M    M   2         M  M
15  73  52  63   M   2   0 0.00  0.0    0  6.0 14 150   M    M   2         M  M
16  79  61  70   M   0   5 0.12  0.0    0 10.6 14 160   M    M   7        24 180
17  77  57  67   M   0   2 0.00  0.0    0  8.7 14 180   M    M   5        21 180
18  73  55  64   M   1   0 0.46  0.0    0  4.8 14 170   M    M   9         M  M
19  68  55  62   M   3   0 3.41  0.0    0  5.9 10 170   M    M   9 3       M  M
20  75  55  65   M   0   0 0.02  0.0    0  7.3 13 220   M    M   4        20 220
21  73  57  65   M   0   0 1.44  0.0    0  8.3 13 170   M    M   5 3      24 240
================================================================================
SM 1390 1021       180  25  7.34     0.0 167.1          M      121
================================================================================
AV 66.2 48.6                               8.0 FASTST   M    M   6    MAX(MPH)
                                 MISC ---->    22   M                 30    M
================================================================================
NOTES:
# LAST OF SEVERAL OCCURRENCES

COLUMN 17 PEAK WIND IN M.P.H.

PRELIMINARY LOCAL CLIMATOLOGICAL DATA (WS FORM: F-6) , PAGE 2

                                          STATION:  NATCHEZ
                                          MONTH:    JANUARY
                                          YEAR:     2017
                                          LATITUDE:   31 37 N
                                          LONGITUDE:  91 15 W

[TEMPERATURE DATA]      [PRECIPITATION DATA]       SYMBOLS USED IN COLUMN 16

AVERAGE MONTHLY: 57.4   TOTAL FOR MONTH:   7.34    1 = FOG OR MIST
DPTR FM NORMAL:     M   DPTR FM NORMAL:       M    2 = FOG REDUCING VISIBILITY
HIGHEST:    79 ON 16,12 GRTST 24HR  3.41 ON 19-19      TO 1/4 MILE OR LESS
LOWEST:     18 ON  8                               3 = THUNDER
                        SNOW, ICE PELLETS, HAIL    4 = ICE PELLETS
                        TOTAL MONTH:   0.0 INCH    5 = HAIL
                        GRTST 24HR     0.0         6 = FREEZING RAIN OR DRIZZLE
                        GRTST DEPTH:   0           7 = DUSTSTORM OR SANDSTORM:
                                                       VSBY 1/2 MILE OR LESS
                                                   8 = SMOKE OR HAZE
[NO. OF DAYS WITH]      [WEATHER - DAYS WITH]      9 = BLOWING SNOW
                                                   X = TORNADO
MAX 32 OR BELOW:   1    0.01 INCH OR MORE:   9
MAX 90 OR ABOVE:   0    0.10 INCH OR MORE:   6
MIN 32 OR BELOW:   4    0.50 INCH OR MORE:   3
MIN  0 OR BELOW:   0    1.00 INCH OR MORE:   3

[HDD (BASE 65) ]
TOTAL THIS MO.   180    CLEAR  (SCALE 0-3)   6
DPTR FM NORMAL     M    PTCLDY (SCALE 4-7)  10
TOTAL FM JUL 1   796    CLOUDY (SCALE 8-10)  5
DPTR FM NORMAL     M

[CDD (BASE 65) ]
TOTAL THIS MO.    25
DPTR FM NORMAL     M    [PRESSURE DATA]
TOTAL FM JAN 1    25    HIGHEST SLP M ON M
DPTR FM NORMAL     M    LOWEST  SLP M ON M

[REMARKS]
