000
CXUS54 KJAN 251200
CF6HEZ
PRELIMINARY LOCAL CLIMATOLOGICAL DATA (WS FORM: F-6)

                                          STATION:   NATCHEZ
                                          MONTH:     SEPTEMBER
                                          YEAR:      2017
                                          LATITUDE:   31 37 N
                                          LONGITUDE:  91 15 W

  TEMPERATURE IN F:       :PCPN:    SNOW:  WIND      :SUNSHINE: SKY     :PK WND
================================================================================
1   2   3   4   5  6A  6B    7    8   9   10  11  12  13   14  15   16   17  18
                                     12Z  AVG MX 2MIN
DY MAX MIN AVG DEP HDD CDD  WTR  SNW DPTH SPD SPD DIR MIN PSBL S-S WX    SPD DR
================================================================================

 1  84  68  76   M   0  11 0.01  0.0    0  2.0  7 350   M    M   6 12      M  M
 2  86  66  76   M   0  11 0.00  0.0    0  1.4  5  80   M    M   1 1       M  M
 3  87  66  77   M   0  12 0.00  0.0    0  1.2  6  20   M    M   0 8       M  M
 4  89  68  79   M   0  14 0.00  0.0    0  2.0  6 210   M    M   0         M  M
 5  90  70  80   M   0  15 0.00  0.0    0  4.6 18  20   M    M   1 138    35  20
 6   M   M   M   M   M   M 0.00  0.0    0  7.0 13 360   M    M   3 8      17 350
 7   M   M   M   M   M   M 0.00  0.0    0  4.0 12 360   M    M   0 1       M  M
 8   M   M   M   M   M   M 0.00  0.0    0  4.3 12  50   M    M   0 8      18  60
 9   M   M   M   M   M   M 0.00  0.0    0  5.0 10  40   M    M   1         M  M
10   M   M   M   M   M   M 0.00  0.0    0  7.7 14  40   M    M   0        22  40
11   M   M   M   M   M   M 0.00  0.0    0  7.4 16  10   M    M   0        24 360
12  72  60  66   M   0   1 0.01  0.0    0  4.8 14 360   M    M   4         M  M
13  85  60  73   M   0   8 0.00  0.0    0  3.7  9 250   M    M   6         M  M
14  87  67  77   M   0  12 0.00  0.0    0  3.8  8 250   M    M   1 1       M  M
15  89  65  77   M   0  12 0.00  0.0    0  3.2  8 120   M    M   2 1       M  M
16  89  73  81   M   0  16    T  0.0    0  5.0 10 170   M    M   6 1       M  M
17  91  71  81   M   0  16 0.00  0.0    0  2.0  7  60   M    M   2 1       M  M
18  91  71  81   M   0  16 0.01  0.0    0  2.5  6 210   M    M   3 3       M  M
19  90  72  81   M   0  16 0.00  0.0    0  3.0  8 210   M    M   3 1       M  M
20  91  74  83   M   0  18 0.01  0.0    0  4.0  9 250   M    M   3 3       M  M
21  90  73  82   M   0  17 0.00  0.0    0  1.5  6  50   M    M   2 13      M  M
22  92  68  80   M   0  15 0.00  0.0    0  2.5  6  10   M    M   0 1       M  M
23  91  69  80   M   0  15 0.00  0.0    0  3.0  7  60   M    M   1         M  M
24  89  66  78   M   0  13 0.00  0.0    0  4.3 13 140   M    M   1        20 140
================================================================================
SM 1583 1227         0 238  0.04     0.0  89.9          M       46
================================================================================
AV 87.9 68.2                               3.7 FASTST   M    M   2    MAX(MPH)
                                 MISC ---->  # 18  20               # 35   20
================================================================================
NOTES:
# LAST OF SEVERAL OCCURRENCES

COLUMN 17 PEAK WIND IN M.P.H.

PRELIMINARY LOCAL CLIMATOLOGICAL DATA (WS FORM: F-6) , PAGE 2

                                          STATION:  NATCHEZ
                                          MONTH:    SEPTEMBER
                                          YEAR:     2017
                                          LATITUDE:   31 37 N
                                          LONGITUDE:  91 15 W

[TEMPERATURE DATA]      [PRECIPITATION DATA]       SYMBOLS USED IN COLUMN 16

AVERAGE MONTHLY: 78.1   TOTAL FOR MONTH:   0.04    1 = FOG OR MIST
DPTR FM NORMAL:     M   DPTR FM NORMAL:       M    2 = FOG REDUCING VISIBILITY
HIGHEST:    92 ON 22    GRTST 24HR  0.01 ON 20-20      TO 1/4 MILE OR LESS
LOWEST:     60 ON 13,12                            3 = THUNDER
                        SNOW, ICE PELLETS, HAIL    4 = ICE PELLETS
                        TOTAL MONTH:   0.0 INCH    5 = HAIL
                        GRTST 24HR     0.0         6 = FREEZING RAIN OR DRIZZLE
                        GRTST DEPTH:   0           7 = DUSTSTORM OR SANDSTORM:
                                                       VSBY 1/2 MILE OR LESS
                                                   8 = SMOKE OR HAZE
[NO. OF DAYS WITH]      [WEATHER - DAYS WITH]      9 = BLOWING SNOW
                                                   X = TORNADO
MAX 32 OR BELOW:   0    0.01 INCH OR MORE:   4
MAX 90 OR ABOVE:   8    0.10 INCH OR MORE:   0
MIN 32 OR BELOW:   0    0.50 INCH OR MORE:   0
MIN  0 OR BELOW:   0    1.00 INCH OR MORE:   0

[HDD (BASE 65) ]
TOTAL THIS MO.     0    CLEAR  (SCALE 0-3)  18
DPTR FM NORMAL     M    PTCLDY (SCALE 4-7)   6
TOTAL FM JUL 1     0    CLOUDY (SCALE 8-10)  0
DPTR FM NORMAL     M

[CDD (BASE 65) ]
TOTAL THIS MO.   238
DPTR FM NORMAL     M    [PRESSURE DATA]
TOTAL FM JAN 1  1769    HIGHEST SLP M ON M
DPTR FM NORMAL     M    LOWEST  SLP M ON M

[REMARKS]
