000
CXUS54 KHGX 291457
CF6HGX
PRELIMINARY LOCAL CLIMATOLOGICAL DATA (WS FORM: F-6)

                                          STATION:   DICKINSON  WFO
                                          MONTH:     JUNE
                                          YEAR:      2016
                                          LATITUDE:   29 28 N
                                          LONGITUDE:  95  5 W

  TEMPERATURE IN F:       :PCPN:    SNOW:  WIND      :SUNSHINE: SKY     :PK WND
================================================================================
1   2   3   4   5  6A  6B    7    8   9   10  11  12  13   14  15   16   17  18
                                     12Z  AVG MX 2MIN
DY MAX MIN AVG DEP HDD CDD  WTR  SNW DPTH SPD SPD DIR MIN PSBL S-S WX    SPD DR
================================================================================

 1  85  70  78   0   0  13 0.66    M    M   M   M   M   M    M   M 3       M  M
 2  80  70  75  -3   0  10 1.66    M    M   M   M   M   M    M   M 3       M  M
 3  82  70  76  -3   0  11 0.85  0.0    M   M   M   M   M    M   M 3       M  M
 4  74  70  72  -7   0   7 2.17  0.0    M   M   M   M   M    M   M 3       M  M
 5  81  70  76  -3   0  11 0.24    M    M   M   M   M   M    M   M         M  M
 6  87  73  80   1   0  15 0.00    M    M   M   M   M   M    M   M         M  M
 7  89  74  82   3   0  17 0.00  0.0    M   M   M   M   M    M   M         M  M
 8  89  74  82   3   0  17 0.00    M    M   M   M   M   M    M   M         M  M
 9  88  76  82   2   0  17 0.00  0.0    M   M   M   M   M    M   M         M  M
10  89  77  83   3   0  18 0.00  0.0    M   M   M   M   M    M   M         M  M
11  90  79  85   5   0  20 0.01  0.0    M   M   M   M   M    M   M         M  M
12  86  76  81   1   0  16 1.19  0.0    M   M   M   M   M    M   M 3       M  M
13   M   M   M   M   M   M    M    M    M   M   M   M   M    M   M         M  M
14  89  79  84   4   0  19 0.00  0.0    M   M   M   M   M    M   M         M  M
15  92  79  86   6   0  21 0.00  0.0    M   M   M   M   M    M   M         M  M
16  92  80  86   6   0  21 0.00  0.0    M   M   M   M   M    M   M         M  M
17  94  79  87   7   0  22 0.00  0.0    M   M   M   M   M    M   M         M  M
18  93  73  83   2   0  18 0.18    M    M   M   M   M   M    M   M 3       M  M
19  89  75  82   1   0  17 0.93    M    M   M   M   M   M    M   M 13      M  M
20  91  77  84   3   0  19 0.00  0.0    M   M   M   M   M    M   M         M  M
21  88  77  83   2   0  18 0.22  0.0    M   M   M   M   M    M   M         M  M
22  90  77  84   3   0  19 0.21  0.0    M   M   M   M   M    M   M         M  M
23  90  78  84   3   0  19 0.00  0.0    M   M   M   M   M    M   M         M  M
24  90  76  83   2   0  18 0.00  0.0    M   M   M   M   M    M   M         M  M
25  91  79  85   4   0  20 0.01    M    M   M   M   M   M    M   M         M  M
26  92  79  86   5   0  21    T    M    M   M   M   M   M    M   M         M  M
27  93  78  86   5   0  21 0.00  0.0    M   M   M   M   M    M   M         M  M
28  91  76  84   3   0  19 0.75  0.0    M   M   M   M   M    M   M 3       M  M
================================================================================
SM 2385 2041         0 464  9.08     0.0     M          M        M
================================================================================
AV 88.3 75.6                                 M FASTST   M    M   3    MAX(MPH)
                                 MISC ---->     M   M                  M    M
================================================================================
NOTES:
# LAST OF SEVERAL OCCURRENCES

COLUMN 17 PEAK WIND IN M.P.H.

PRELIMINARY LOCAL CLIMATOLOGICAL DATA (WS FORM: F-6) , PAGE 2

                                          STATION:  DICKINSON  WFO
                                          MONTH:    JUNE
                                          YEAR:     2016
                                          LATITUDE:   29 28 N
                                          LONGITUDE:  95  5 W

[TEMPERATURE DATA]      [PRECIPITATION DATA]       SYMBOLS USED IN COLUMN 16

AVERAGE MONTHLY: 82.0   TOTAL FOR MONTH:   9.08    1 = FOG OR MIST
DPTR FM NORMAL:   1.9   DPTR FM NORMAL:    3.04    2 = FOG REDUCING VISIBILITY
HIGHEST:    94 ON 17    GRTST 24HR  2.17 ON  4- 4      TO 1/4 MILE OR LESS
LOWEST:     70 ON  5, 4                            3 = THUNDER
                        SNOW, ICE PELLETS, HAIL    4 = ICE PELLETS
                        TOTAL MONTH:   0.0 INCH    5 = HAIL
                        GRTST 24HR     0.0         6 = FREEZING RAIN OR DRIZZLE
                        GRTST DEPTH:  M  ON   M    7 = DUSTSTORM OR SANDSTORM:
                                                       VSBY 1/2 MILE OR LESS
                                                   8 = SMOKE OR HAZE
[NO. OF DAYS WITH]      [WEATHER - DAYS WITH]      9 = BLOWING SNOW
                                                   X = TORNADO
MAX 32 OR BELOW:   0    0.01 INCH OR MORE:  13
MAX 90 OR ABOVE:  13    0.10 INCH OR MORE:  11
MIN 32 OR BELOW:   0    0.50 INCH OR MORE:   7
MIN  0 OR BELOW:   0    1.00 INCH OR MORE:   3

[HDD (BASE 65) ]
TOTAL THIS MO.     0    CLEAR  (SCALE 0-3)   0
DPTR FM NORMAL     0    PTCLDY (SCALE 4-7)   0
TOTAL FM JUL 1   946    CLOUDY (SCALE 8-10)  0
DPTR FM NORMAL  -455

[CDD (BASE 65) ]
TOTAL THIS MO.   464
DPTR FM NORMAL    42    [PRESSURE DATA]
TOTAL FM JAN 1  1116    HIGHEST SLP M ON M
DPTR FM NORMAL   175    LOWEST  SLP M ON M

[REMARKS]
