000
CXUS54 KHGX 310725
CF6HGX
PRELIMINARY LOCAL CLIMATOLOGICAL DATA (WS FORM: F-6)

                                          STATION:   DICKINSON  WFO
                                          MONTH:     OCTOBER
                                          YEAR:      2014
                                          LATITUDE:   29 28 N
                                          LONGITUDE:  95  5 W

  TEMPERATURE IN F:       :PCPN:    SNOW:  WIND      :SUNSHINE: SKY     :PK WND
================================================================================
1   2   3   4   5  6A  6B    7    8   9   10  11  12  13   14  15   16   17  18
                                     12Z  AVG MX 2MIN
DY MAX MIN AVG DEP HDD CDD  WTR  SNW DPTH SPD SPD DIR MIN PSBL S-S WX    SPD DR
================================================================================

 1  91  75  83   9   0  18 0.00    M    M   M   M   M   M    M   M         M  M
 2  90  72  81   7   0  16 0.02    M    M   M   M   M   M    M   M         M  M
 3  84  66  75   2   0  10 1.31    M    M   M   M   M   M    M   M 3       M  M
 4  74  56  65  -8   0   0 0.00    M    M   M   M   M   M    M   M         M  M
 5  83  53  68  -5   0   3 0.00    M    M   M   M   M   M    M   M         M  M
 6  83  67  75   3   0  10 0.43    M    M   M   M   M   M    M   M 3       M  M
 7  88  67  78   6   0  13 0.00  0.0    M   M   M   M   M    M   M         M  M
 8  88  72  80   8   0  15 0.00  0.0    M   M   M   M   M    M   M         M  M
 9  89  68  79   7   0  14 0.05  0.0    M   M   M   M   M    M   M         M  M
10  87  75  81  10   0  16 0.02  0.0    M   M   M   M   M    M   M         M  M
11  84  68  76   5   0  11 0.12  0.0    M   M   M   M   M    M   M         M  M
12  87  67  77   6   0  12 0.01    M    M   M   M   M   M    M   M         M  M
13  87  62  75   5   0  10 0.42    M    M   M   M   M   M    M   M 3       M  M
14  77  50  64  -6   1   0 0.00  0.0    M   M   M   M   M    M   M         M  M
15  84  52  68  -2   0   3 0.00  0.0    M   M   M   M   M    M   M         M  M
16  87  57  72   2   0   7 0.00    M    M   M   M   M   M    M   M         M  M
17  86  61  74   4   0   9 0.00    M    M   M   M   M   M    M   M         M  M
18  84  63  74   5   0   9 0.00  0.0    M   M   M   M   M    M   M         M  M
19  78  62  70   1   0   5 0.00  0.0    M   M   M   M   M    M   M         M  M
20  80  63  72   3   0   7 0.00  0.0    M   M   M   M   M    M   M         M  M
21  79  58  69   1   0   4 0.00  0.0    M   M   M   M   M    M   M         M  M
22  81  62  72   4   0   7 0.00    M    M   M   M   M   M    M   M         M  M
23  78  59  69   1   0   4 0.00  0.0    0   M   M   M   M    M   M         M  M
24  79  56  68   0   0   3 0.00  0.0    M   M   M   M   M    M   M         M  M
25  81  55  68   0   0   3 0.00  0.0    0   M   M   M   M    M   M         M  M
26  85  55  70   3   0   5 0.00  0.0    0   M   M   M   M    M   M         M  M
27  84  56  70   3   0   5 0.00  0.0    M   M   M   M   M    M   M         M  M
28  87  64  76   9   0  11 0.00  0.0    M   M   M   M   M    M   M         M  M
29  86  64  75   9   0  10 0.10  0.0    M   M   M   M   M    M   M 3       M  M
30  77  59  68   2   0   3 0.00    M    M   M   M   M   M    M   M         M  M
================================================================================
SM 2508 1864         1 243  2.48     0.0     M          M        M
================================================================================
AV 83.6 62.1                                 M FASTST   M    M   2    MAX(MPH)
                                 MISC ---->     M   M                  M    M
================================================================================
NOTES:
# LAST OF SEVERAL OCCURRENCES

COLUMN 17 PEAK WIND IN M.P.H.

PRELIMINARY LOCAL CLIMATOLOGICAL DATA (WS FORM: F-6) , PAGE 2

                                          STATION:  DICKINSON  WFO
                                          MONTH:    OCTOBER
                                          YEAR:     2014
                                          LATITUDE:   29 28 N
                                          LONGITUDE:  95  5 W

[TEMPERATURE DATA]      [PRECIPITATION DATA]       SYMBOLS USED IN COLUMN 16

AVERAGE MONTHLY: 72.9   TOTAL FOR MONTH:   2.48    1 = FOG OR MIST
DPTR FM NORMAL:   2.9   DPTR FM NORMAL:   -3.27    2 = FOG REDUCING VISIBILITY
HIGHEST:    91 ON  1    GRTST 24HR  1.31 ON  3- 3      TO 1/4 MILE OR LESS
LOWEST:     50 ON 14                               3 = THUNDER
                        SNOW, ICE PELLETS, HAIL    4 = ICE PELLETS
                        TOTAL MONTH:   0.0 INCH    5 = HAIL
                        GRTST 24HR     0.0         6 = FREEZING RAIN OR DRIZZLE
                        GRTST DEPTH:   0           7 = DUSTSTORM OR SANDSTORM:
                                                       VSBY 1/2 MILE OR LESS
                                                   8 = SMOKE OR HAZE
[NO. OF DAYS WITH]      [WEATHER - DAYS WITH]      9 = BLOWING SNOW
                                                   X = TORNADO
MAX 32 OR BELOW:   0    0.01 INCH OR MORE:   9
MAX 90 OR ABOVE:   2    0.10 INCH OR MORE:   5
MIN 32 OR BELOW:   0    0.50 INCH OR MORE:   1
MIN  0 OR BELOW:   0    1.00 INCH OR MORE:   1

[HDD (BASE 65) ]
TOTAL THIS MO.     1    CLEAR  (SCALE 0-3)   0
DPTR FM NORMAL   -31    PTCLDY (SCALE 4-7)   0
TOTAL FM JUL 1     1    CLOUDY (SCALE 8-10)  0
DPTR FM NORMAL   -32

[CDD (BASE 65) ]
TOTAL THIS MO.   243
DPTR FM NORMAL    63    [PRESSURE DATA]
TOTAL FM JAN 1  2879    HIGHEST SLP M ON M
DPTR FM NORMAL   278    LOWEST  SLP M ON M

[REMARKS]
