000
CXUS56 KPQR 241200
CF6HIO
PRELIMINARY LOCAL CLIMATOLOGICAL DATA (WS FORM: F-6)

                                          STATION:   HILLSBORO OR
                                          MONTH:     MARCH
                                          YEAR:      2017
                                          LATITUDE:   45 32 N
                                          LONGITUDE: 122 57 W

  TEMPERATURE IN F:       :PCPN:    SNOW:  WIND      :SUNSHINE: SKY     :PK WND
================================================================================
1   2   3   4   5  6A  6B    7    8   9   10  11  12  13   14  15   16   17  18
                                     12Z  AVG MX 2MIN
DY MAX MIN AVG DEP HDD CDD  WTR  SNW DPTH SPD SPD DIR MIN PSBL S-S WX    SPD DR
================================================================================

 1  51  40  46   2  19   0    T    M    0  7.0 14 210   M    M   9        18 220
 2  49  40  45   1  20   0 0.05    M    0  7.5 14 180   M    M  10        18 180
 3  51  40  46   2  19   0 0.18    M    0 12.1 23 180   M    M  10 1      29 160
 4  46  32  39  -5  26   0 0.21    M    0  5.4 24 170   M    M   8 1      32 150
 5  45  34  40  -4  25   0 0.14    M    0 12.5 25 180   M    M   8 1      32 180
 6  45  32  39  -6  26   0 0.17    M    M  7.5 16 240   M    M   9 1      21 250
 7  50  40  45   0  20   0 0.38    M    M  8.7 17 180   M    M  10 1      23 170
 8  46  41  44  -1  21   0 0.17    M    0  2.9 10  70   M    M  10 1      11  60
 9  56  43  50   5  15   0 0.50    M    0  5.5 18 180   M    M  10 1      23 180
10  60  44  52   7  13   0 0.00  0.0    0  7.9 16 250   M    M   6        22 200
11  58  40  49   4  16   0 0.33    M    0  6.9 17 220   M    M   7 1      23 220
12  63  44  54   8  11   0 0.00  0.0    0  2.0 10 190   M    M   6        15 180
13  55  49  52   6  13   0 0.47    M    0  2.8 10 140   M    M  10 1      13 140
14  58  54  56  10   9   0 0.70  0.0    0  5.8 15 180   M    M   9 1      19 180
15  56  43  50   4  15   0 0.72    M    0  8.0 22 180   M    M  10 1      29 180
16  54  33  44  -2  21   0 0.00  0.0    0  2.3 12 160   M    M   3        14 160
17  48  35  42  -4  23   0 0.39    M    0  1.2  6 110   M    M   7 1       7 130
18  55  32  44  -2  21   0 0.51    M    0  6.8 20 300   M    M   7 1      25 320
19  56  30  43  -4  22   0 0.00  0.0    0  3.8 12  50   M    M   0        15  60
20  55  35  45  -2  20   0 0.12    M    0  7.3 20  90   M    M   8 1      28  90
21  59  44  52   5  13   0 0.22    M    0  3.6 13 160   M    M   8 1      16 160
22  55  38  47   0  18   0    T    M    0 10.2 20 190   M    M   7 1      27 170
23  57  41  49   2  16   0 0.44    M    0  5.5 15 150   M    M   9 1      18 140
================================================================================
SM 1228  904       422   0  5.70     0.0 143.2          M      181
================================================================================
AV 53.4 39.3                               6.2 FASTST   M    M   8    MAX(MPH)
                                 MISC ---->  # 25 180               # 32  150
================================================================================
NOTES:
# LAST OF SEVERAL OCCURRENCES

COLUMN 17 PEAK WIND IN M.P.H.

PRELIMINARY LOCAL CLIMATOLOGICAL DATA (WS FORM: F-6) , PAGE 2

                                          STATION:  HILLSBORO OR
                                          MONTH:    MARCH
                                          YEAR:     2017
                                          LATITUDE:   45 32 N
                                          LONGITUDE: 122 57 W

[TEMPERATURE DATA]      [PRECIPITATION DATA]       SYMBOLS USED IN COLUMN 16

AVERAGE MONTHLY: 46.4   TOTAL FOR MONTH:   5.70    1 = FOG OR MIST
DPTR FM NORMAL:   0.8   DPTR FM NORMAL:    2.94    2 = FOG REDUCING VISIBILITY
HIGHEST:    63 ON 12    GRTST 24HR  0.72 ON 15-15      TO 1/4 MILE OR LESS
LOWEST:     30 ON 19                               3 = THUNDER
                        SNOW, ICE PELLETS, HAIL    4 = ICE PELLETS
                        TOTAL MONTH:   0.0 INCH    5 = HAIL
                        GRTST 24HR     0.0         6 = FREEZING RAIN OR DRIZZLE
                        GRTST DEPTH:   0           7 = DUSTSTORM OR SANDSTORM:
                                                       VSBY 1/2 MILE OR LESS
                                                   8 = SMOKE OR HAZE
[NO. OF DAYS WITH]      [WEATHER - DAYS WITH]      9 = BLOWING SNOW
                                                   X = TORNADO
MAX 32 OR BELOW:   0    0.01 INCH OR MORE:  17
MAX 90 OR ABOVE:   0    0.10 INCH OR MORE:  16
MIN 32 OR BELOW:   4    0.50 INCH OR MORE:   4
MIN  0 OR BELOW:   0    1.00 INCH OR MORE:   0

[HDD (BASE 65) ]
TOTAL THIS MO.   422    CLEAR  (SCALE 0-3)   2
DPTR FM NORMAL   -26    PTCLDY (SCALE 4-7)  10
TOTAL FM JUL 1  3951    CLOUDY (SCALE 8-10) 11
DPTR FM NORMAL   -24

[CDD (BASE 65) ]
TOTAL THIS MO.     0
DPTR FM NORMAL     0    [PRESSURE DATA]
TOTAL FM JAN 1     0    HIGHEST SLP M ON M
DPTR FM NORMAL     0    LOWEST  SLP 29.55 ON  4

[REMARKS]
