000
CXUS53 KGID 230730
CF6HJH
PRELIMINARY LOCAL CLIMATOLOGICAL DATA (WS FORM: F-6)

                                          STATION:   HEBRON
                                          MONTH:     JUNE
                                          YEAR:      2017
                                          LATITUDE:   40  9 N
                                          LONGITUDE:  97 35 W

  TEMPERATURE IN F:       :PCPN:    SNOW:  WIND      :SUNSHINE: SKY     :PK WND
================================================================================
1   2   3   4   5  6A  6B    7    8   9   10  11  12  13   14  15   16   17  18
                                     12Z  AVG MX 2MIN
DY MAX MIN AVG DEP HDD CDD  WTR  SNW DPTH SPD SPD DIR MIN PSBL S-S WX    SPD DR
================================================================================

 1  81  64  73   6   0   8 0.31    M    M 10.6 22 200   M    M   4 3      28 200
 2  87  65  76   8   0  11 0.00    M    M  9.0 15 170   M    M   0        23 200
 3  85  64  75   7   0  10 0.00    M    M  4.6  9 200   M    M   2        16 200
 4  90  63  77   9   0  12 0.00    M    M  2.1  9  90   M    M   1 1       M  M
 5  93  64  79  10   0  14 0.00    M    M  2.7 23  80   M    M   2        28  80
 6  79  65  72   3   0   7 0.02    M    M  4.0 13 100   M    M   5 3       M  M
 7  84  61  73   4   0   8 0.00    M    M  4.4  8 170   M    M   1         M  M
 8  87  55  71   1   0   6 0.00    M    M  6.1 13 200   M    M   0        17 210
 9  90  62  76   6   0  11 0.00    M    M  9.2 16 190   M    M   1        24 190
10  91  69  80  10   0  15 0.00    M    M 15.2 24 190   M    M   3        30 200
11  96  73  85  14   0  20 0.00    M    M 16.4 25 180   M    M   0        32 190
12  95  72  84  13   0  19 0.00    M    M 13.1 23 150   M    M   0 3      32 170
13  97  69  83  12   0  18    T    M    M 16.9 25 170   M    M   1        36 180
14  91  63  77   5   0  12 0.03    M    M  4.6 17  30   M    M   3 3      22  30
15  99  58  79   7   0  14 0.00    M    M  3.8 12 190   M    M   1 3      21 190
16  96  66  81   9   0  16 0.00    M    M 10.0 18 210   M    M   0 3      24 210
17  85  68  77   4   0  12    T    M    M  6.4 13  10   M    M   5 12     20  10
18  84  60  72  -1   0   7 0.01    M    M  5.9 15 320   M    M   2        21 330
19  89  63  76   3   0  11    T    M    M  3.1 10 350   M    M   1        16 300
20  98  57  78   4   0  13 0.00    M    M  4.8 10 250   M    M   1        16 280
21  98  70  84  10   0  19 0.00    M    M 14.0 22 190   M    M   0        29 190
22  98  75  87  13   0  22 0.00    M    M 14.6 23 190   M    M   1 3      32 190
================================================================================
SM 1993 1426         0 285  0.37    M    181.5          M       34
================================================================================
AV 90.6 64.8                               8.3 FASTST   M    M   2    MAX(MPH)
                                 MISC ---->  # 25 180               # 36  180
================================================================================
NOTES:
# LAST OF SEVERAL OCCURRENCES

COLUMN 17 PEAK WIND IN M.P.H.

PRELIMINARY LOCAL CLIMATOLOGICAL DATA (WS FORM: F-6) , PAGE 2

                                          STATION:  HEBRON
                                          MONTH:    JUNE
                                          YEAR:     2017
                                          LATITUDE:   40  9 N
                                          LONGITUDE:  97 35 W

[TEMPERATURE DATA]      [PRECIPITATION DATA]       SYMBOLS USED IN COLUMN 16

AVERAGE MONTHLY: 77.7   TOTAL FOR MONTH:   0.37    1 = FOG OR MIST
DPTR FM NORMAL:   6.9   DPTR FM NORMAL:   -3.22    2 = FOG REDUCING VISIBILITY
HIGHEST:    99 ON 15    GRTST 24HR  0.31 ON  1- 1      TO 1/4 MILE OR LESS
LOWEST:     55 ON  8                               3 = THUNDER
                        SNOW, ICE PELLETS, HAIL    4 = ICE PELLETS
                        TOTAL MONTH:    M          5 = HAIL
                        GRTST 24HR    M  ON   M    6 = FREEZING RAIN OR DRIZZLE
                        GRTST DEPTH:  M  ON   M    7 = DUSTSTORM OR SANDSTORM:
                                                       VSBY 1/2 MILE OR LESS
                                                   8 = SMOKE OR HAZE
[NO. OF DAYS WITH]      [WEATHER - DAYS WITH]      9 = BLOWING SNOW
                                                   X = TORNADO
MAX 32 OR BELOW:   0    0.01 INCH OR MORE:   4
MAX 90 OR ABOVE:  13    0.10 INCH OR MORE:   1
MIN 32 OR BELOW:   0    0.50 INCH OR MORE:   0
MIN  0 OR BELOW:   0    1.00 INCH OR MORE:   0

[HDD (BASE 65) ]
TOTAL THIS MO.     0    CLEAR  (SCALE 0-3)  19
DPTR FM NORMAL   -18    PTCLDY (SCALE 4-7)   3
TOTAL FM JUL 1  4991    CLOUDY (SCALE 8-10)  0
DPTR FM NORMAL -1003

[CDD (BASE 65) ]
TOTAL THIS MO.   285
DPTR FM NORMAL   139    [PRESSURE DATA]
TOTAL FM JAN 1   363    HIGHEST SLP M ON M
DPTR FM NORMAL   145    LOWEST  SLP M ON M

[REMARKS]
