000
CXUS52 KGSP 290817
CF6HKY
PRELIMINARY LOCAL CLIMATOLOGICAL DATA (WS FORM: F-6)

                                          STATION:   HICKORY NC
                                          MONTH:     APRIL
                                          YEAR:      2016
                                          LATITUDE:   35 45 N
                                          LONGITUDE:  81 23 W

  TEMPERATURE IN F:       :PCPN:    SNOW:  WIND      :SUNSHINE: SKY     :PK WND
================================================================================
1   2   3   4   5  6A  6B    7    8   9   10  11  12  13   14  15   16   17  18
                                     12Z  AVG MX 2MIN
DY MAX MIN AVG DEP HDD CDD  WTR  SNW DPTH SPD SPD DIR MIN PSBL S-S WX    SPD DR
================================================================================

 1  71  61  66  12   0   1 0.32    M    M  9.8 20 200   M    M   7 13     29 190
 2  66  54  60   5   5   0 0.02    M    M 11.3 28 300   M    M   4        40 290
 3  66  41  54  -1  11   0 0.00    M    M  8.4 23 300   M    M   0        33 300
 4  76  40  58   3   7   0 0.00    M    M  7.1 20 200   M    M   1        29 200
 5  62  39  51  -5  14   0 0.00    M    M  5.0 20 320   M    M   0        32 340
 6  58  31  45 -11  20   0 0.01    M    M  5.2 17 200   M    M   1        22 210
 7  68  45  57   1   8   0 0.57    M    M 10.6 31 260   M    M   4 13     38 260
 8  59  40  50  -6  15   0    T    M    M  9.1 24 260   M    M   3        32 280
 9  51  37  44 -13  21   0 0.00    M    M 10.5 25 320   M    M   2        39 320
10  57  30  44 -13  21   0 0.00    M    M  3.6 12 200   M    M   2        16 180
11  68  45  57   0   8   0 0.00    M    M  9.6 22 190   M    M   5        34 180
12  72  48  60   2   5   0 0.12    M    M  5.5 13 330   M    M   6 1      18 210
13  64  39  52  -6  13   0 0.00    M    M  3.9 17  70   M    M   1        22  60
14  67  41  54  -4  11   0 0.00    M    M  4.4 12  60   0    0   0         M  M
15  66  41  54  -4  11   0 0.00    M    M  6.8 16  60   M    M   0        23  10
16  69  39  54  -5  11   0 0.00    M    M  4.2 14  10   M    M   0        17  50
17  75  40  58  -1   7   0 0.00    M    M  2.4 12  50   M    M   0        17  70
18  86  46  66   7   0   1 0.00    M    M  3.4 10 190   M    M   0        13 200
19  85  54  70  11   0   5 0.00    M    M  3.4 13 260   M    M   0        17 260
20  76  56  66   6   0   1 0.00    M    M  5.9 16  60   M    M   0        21  60
21  76  54  65   5   0   0 0.00    M    M  5.8 20 200   M    M   4        27 210
22  68  60  64   4   1   0 0.18    M    M  5.2 15 190   M    M   9 1      20 190
23  74  53  64   4   1   0 0.00    M    M  6.4 16  10   M    M   4 12     22  10
24  76  45  61   0   4   0 0.00    M    M  2.7 10 200   M    M   0        13 210
25  82  49  66   5   0   1 0.00    M    M  6.3 17 190   M    M   0 18     25 200
26  84  57  71  10   0   6 0.00    M    M  7.0 17 240   M    M   2        22 250
27  85  60  73  12   0   8 0.46    M    M  4.8 16 210   M    M   3 13     23 210
28  84  63  74  12   0   9 0.10    M    M  4.3 20  40   M    M   5 13     33  50
================================================================================
SM 1991 1308       194  32  1.78    M    172.6            0     63
================================================================================
AV 71.1 46.7                               6.2 FASTST    0   0   2    MAX(MPH)
                                 MISC ---->  # 31 260               # 40  290
================================================================================
NOTES:
# LAST OF SEVERAL OCCURRENCES

COLUMN 17 PEAK WIND IN M.P.H.

PRELIMINARY LOCAL CLIMATOLOGICAL DATA (WS FORM: F-6) , PAGE 2

                                          STATION:  HICKORY NC
                                          MONTH:    APRIL
                                          YEAR:     2016
                                          LATITUDE:   35 45 N
                                          LONGITUDE:  81 23 W

[TEMPERATURE DATA]      [PRECIPITATION DATA]       SYMBOLS USED IN COLUMN 16

AVERAGE MONTHLY: 58.9   TOTAL FOR MONTH:   1.78    1 = FOG OR MIST
DPTR FM NORMAL:   0.8   DPTR FM NORMAL:   -1.71    2 = FOG REDUCING VISIBILITY
HIGHEST:    86 ON 18    GRTST 24HR  0.58 ON  6- 7      TO 1/4 MILE OR LESS
LOWEST:     30 ON 10                               3 = THUNDER
                        SNOW, ICE PELLETS, HAIL    4 = ICE PELLETS
                        TOTAL MONTH:    M          5 = HAIL
                        GRTST 24HR    M  ON   M    6 = FREEZING RAIN OR DRIZZLE
                        GRTST DEPTH:  M  ON   M    7 = DUSTSTORM OR SANDSTORM:
                                                       VSBY 1/2 MILE OR LESS
                                                   8 = SMOKE OR HAZE
[NO. OF DAYS WITH]      [WEATHER - DAYS WITH]      9 = BLOWING SNOW
                                                   X = TORNADO
MAX 32 OR BELOW:   0    0.01 INCH OR MORE:   8
MAX 90 OR ABOVE:   0    0.10 INCH OR MORE:   6
MIN 32 OR BELOW:   2    0.50 INCH OR MORE:   1
MIN  0 OR BELOW:   0    1.00 INCH OR MORE:   0

[HDD (BASE 65) ]
TOTAL THIS MO.   194    CLEAR  (SCALE 0-3)  19
DPTR FM NORMAL   -20    PTCLDY (SCALE 4-7)   8
TOTAL FM JUL 1  2957    CLOUDY (SCALE 8-10)  1
DPTR FM NORMAL  -584

[CDD (BASE 65) ]
TOTAL THIS MO.    32
DPTR FM NORMAL     8    [PRESSURE DATA]
TOTAL FM JAN 1    48    HIGHEST SLP  0.00 ON 14
DPTR FM NORMAL    21    LOWEST  SLP  0.00 ON 14

[REMARKS]
