194
CXUS52 KGSP 200817
CF6HKY
PRELIMINARY LOCAL CLIMATOLOGICAL DATA (WS FORM: F-6)

                                          STATION:   HICKORY NC
                                          MONTH:     OCTOBER
                                          YEAR:      2017
                                          LATITUDE:   35 45 N
                                          LONGITUDE:  81 23 W

  TEMPERATURE IN F:       :PCPN:    SNOW:  WIND      :SUNSHINE: SKY     :PK WND
================================================================================
1   2   3   4   5  6A  6B    7    8   9   10  11  12  13   14  15   16   17  18
                                     12Z  AVG MX 2MIN
DY MAX MIN AVG DEP HDD CDD  WTR  SNW DPTH SPD SPD DIR MIN PSBL S-S WX    SPD DR
================================================================================

 1  69  47  58  -6   7   0 0.00    M    M  5.8 14  60   M    M   0        19  50
 2  74  45  60  -4   5   0 0.00    M    M  2.4  7 350   M    M   M 1      12  10
 3  76  51  64   1   1   0 0.00    M    M  3.2 10  50   M    M   1        15  50
 4  79  50  65   2   0   0 0.00    M    M  1.2  8  50   M    M   0        12  20
 5  82  51  67   4   0   2 0.00    M    M  1.6  8 200   M    M   0        11 320
 6  81  53  67   5   0   2 0.00    M    M  2.1  9 190   M    M   0        13 200
 7  77  58  68   6   0   3 0.07    M    M  2.1  8  90   M    M   7 12     11  90
 8  78  67  73  11   0   8 2.46    M    M  4.9 20 210   M    M  10 123    34 210
 9  82  72  77  16   0  12 0.06    M    M  8.3 24 190   M    M   7 1      34 170
10  84  71  78  17   0  13 0.11    M    M  4.0 12 200   M    M   7 1      17 220
11  87  70  79  18   0  14 0.00    M    M  3.1  8 190   M    M   4 1      12 190
12  81  65  73  13   0   8 0.00    M    0  6.7 15  60   M    M   6 1      20  50
13  68  62  65   5   0   0 0.24    M    0  5.9 16  60   M    M  10 1      21  60
14  74  61  68   8   0   3 0.00    M    M  1.1  6 150   M    M   6 1       9 190
15  80  57  69   9   0   4 0.00    M    M  4.7 14 200   M    M   4 12     18 180
16  69  48  59   0   6   0 0.05    M    M  6.9 17 360   M    M   4        29  10
17  66  41  54  -5  11   0 0.00    M    M  2.3 12  20   M    M   0        16  60
18  68  42  55  -4  10   0 0.00    M    M  2.5  8 320   M    M   1 12     13  60
19  75  43  59   1   6   0 0.00    M    M  1.6  7 190   0    0   0         9 300
================================================================================
SM 1450 1054        46  69  2.99    M     70.4            0     67
================================================================================
AV 76.3 55.5                               3.7 FASTST    0   0   4    MAX(MPH)
                                 MISC ---->  # 24 190               # 34  210
================================================================================
NOTES:
# LAST OF SEVERAL OCCURRENCES

COLUMN 17 PEAK WIND IN M.P.H.

PRELIMINARY LOCAL CLIMATOLOGICAL DATA (WS FORM: F-6) , PAGE 2

                                          STATION:  HICKORY NC
                                          MONTH:    OCTOBER
                                          YEAR:     2017
                                          LATITUDE:   35 45 N
                                          LONGITUDE:  81 23 W

[TEMPERATURE DATA]      [PRECIPITATION DATA]       SYMBOLS USED IN COLUMN 16

AVERAGE MONTHLY: 65.9   TOTAL FOR MONTH:   2.99    1 = FOG OR MIST
DPTR FM NORMAL:   4.8   DPTR FM NORMAL:    0.72    2 = FOG REDUCING VISIBILITY
HIGHEST:    87 ON 11    GRTST 24HR  2.46 ON  8- 8      TO 1/4 MILE OR LESS
LOWEST:     41 ON 17                               3 = THUNDER
                        SNOW, ICE PELLETS, HAIL    4 = ICE PELLETS
                        TOTAL MONTH:    M          5 = HAIL
                        GRTST 24HR    M  ON   M    6 = FREEZING RAIN OR DRIZZLE
                        GRTST DEPTH:   0           7 = DUSTSTORM OR SANDSTORM:
                                                       VSBY 1/2 MILE OR LESS
                                                   8 = SMOKE OR HAZE
[NO. OF DAYS WITH]      [WEATHER - DAYS WITH]      9 = BLOWING SNOW
                                                   X = TORNADO
MAX 32 OR BELOW:   0    0.01 INCH OR MORE:   6
MAX 90 OR ABOVE:   0    0.10 INCH OR MORE:   3
MIN 32 OR BELOW:   0    0.50 INCH OR MORE:   1
MIN  0 OR BELOW:   0    1.00 INCH OR MORE:   1

[HDD (BASE 65) ]
TOTAL THIS MO.    46    CLEAR  (SCALE 0-3)   8
DPTR FM NORMAL   -51    PTCLDY (SCALE 4-7)   8
TOTAL FM JUL 1    68    CLOUDY (SCALE 8-10)  2
DPTR FM NORMAL   -59

[CDD (BASE 65) ]
TOTAL THIS MO.    69
DPTR FM NORMAL    45    [PRESSURE DATA]
TOTAL FM JAN 1  1478    HIGHEST SLP 30.34 ON 19
DPTR FM NORMAL   121    LOWEST  SLP 29.79 ON  8

[REMARKS]
