000
CXUS53 KGLD 300800
CF6HLC
PRELIMINARY LOCAL CLIMATOLOGICAL DATA (WS FORM: F-6)

                                          STATION:   HILL CITY KS
                                          MONTH:     AUGUST
                                          YEAR:      2015
                                          LATITUDE:   39 22 N
                                          LONGITUDE:  99 50 W

  TEMPERATURE IN F:       :PCPN:    SNOW:  WIND      :SUNSHINE: SKY     :PK WND
================================================================================
1   2   3   4   5  6A  6B    7    8   9   10  11  12  13   14  15   16   17  18
                                     12Z  AVG MX 2MIN
DY MAX MIN AVG DEP HDD CDD  WTR  SNW DPTH SPD SPD DIR MIN PSBL S-S WX    SPD DR
================================================================================

 1  94  67  81   2   0  16 0.00    M    M  7.0 16 160   M    M   0        20 170
 2  97  68  83   4   0  18 0.00    M    M  4.9 21  30   M    M   0        26  40
 3  95  64  80   1   0  15 0.00    M    M  5.9 15 160   M    M   0        19 170
 4  90  66  78  -1   0  13 0.29    M    M  6.3 23 210   M    M   2 138    31 210
 5  88  66  77  -1   0  12 0.00    M    M  6.1 14  80   M    M   4        20  60
 6  84  67  76  -2   0  11 0.00    M    M  6.9 15  60   M    M   4 1      19 140
 7  97  63  80   2   0  15 0.09    M    M  9.2 46 350   M    M   1 1238   61 350
 8  92  67  80   2   0  15 0.17    M    M  8.4 20 130   M    M   2 13     29 130
 9  90  71  81   3   0  16    T    M    M  3.7 10  10   M    M   0 1      13  10
10  90  67  79   1   0  14 0.00    M    M  7.1 15  50   M    M   3 1      19  60
11  87  64  76  -2   0  11 0.00    M    M  5.9 13 180   M    M   2 1      17 160
12  88  61  75  -3   0  10 0.00    M    M  7.7 18 200   M    M   1        23 170
13  93  64  79   2   0  14    T    M    M  7.5 17 170   M    M   2 3      23 180
14  95  66  81   4   0  16 0.26    M    M  7.4 20 210   M    M   2 13     24 220
15  96  69  83   6   0  18 0.00    M    M  9.2 20 180   M    M   0 18     26 180
16  98  71  85   8   0  20 0.19    M    M 10.9 28  10   M    M   1 138    36  20
17  87  67  77   0   0  12 0.00    M    M  7.2 21  40   M    M   4 18     25  40
18  80  60  70  -6   0   5    T    M    M 10.3 26 360   M    M   6 18     33 360
19  80  53  67  -9   0   2 0.00    M    M  7.1 21 340   M    M   1        26 360
20  88  50  69  -7   0   4 0.00    M    M 12.5 23 190   M    M   0        35 220
21  90  60  75  -1   0  10 0.00    M    M  7.4 26 160   M    M   1 1      33 170
22  98  64  81   5   0  16 0.00    M    M 13.7 31  10   M    M   2 18     40  10
23  79  49  64 -12   1   0 0.00    M    M  6.1 18 350   M    M   1 8      26  10
24  88  44  66  -9   0   1 0.00    M    M  5.5 15 180   M    M   0 18     20 220
25  93  57  75   0   0  10 0.00    M    M  7.1 16 190   M    M   0        21 140
26 104  63  84   9   0  19 0.00    M    M  6.6 20 170   M    M   0 38     26 180
27 100  69  85  11   0  20 0.04    M    M 11.6 23 190   M    M   1 3      33 180
28  92  61  77   3   0  12 0.00    M    M  9.9 22 340   M    M   1        34  20
29  93  56  75   1   0  10 0.00    M    M  5.4 13 110   M    M   0 8      16 130
================================================================================
SM 2646 1814         1 355  1.04    M    224.5          M       41
================================================================================
AV 91.2 62.6                               7.7 FASTST   M    M   1    MAX(MPH)
                                 MISC ---->  # 46 350               # 61  350
================================================================================
NOTES:
# LAST OF SEVERAL OCCURRENCES

COLUMN 17 PEAK WIND IN M.P.H.

PRELIMINARY LOCAL CLIMATOLOGICAL DATA (WS FORM: F-6) , PAGE 2

                                          STATION:  HILL CITY KS
                                          MONTH:    AUGUST
                                          YEAR:     2015
                                          LATITUDE:   39 22 N
                                          LONGITUDE:  99 50 W

[TEMPERATURE DATA]      [PRECIPITATION DATA]       SYMBOLS USED IN COLUMN 16

AVERAGE MONTHLY: 76.9   TOTAL FOR MONTH:   1.04    1 = FOG OR MIST
DPTR FM NORMAL:   0.1   DPTR FM NORMAL:   -1.66    2 = FOG REDUCING VISIBILITY
HIGHEST:   104 ON 26    GRTST 24HR  0.29 ON  4- 4      TO 1/4 MILE OR LESS
LOWEST:     44 ON 24                               3 = THUNDER
                        SNOW, ICE PELLETS, HAIL    4 = ICE PELLETS
                        TOTAL MONTH:    M          5 = HAIL
                        GRTST 24HR    M  ON   M    6 = FREEZING RAIN OR DRIZZLE
                        GRTST DEPTH:  M  ON   M    7 = DUSTSTORM OR SANDSTORM:
                                                       VSBY 1/2 MILE OR LESS
                                                   8 = SMOKE OR HAZE
[NO. OF DAYS WITH]      [WEATHER - DAYS WITH]      9 = BLOWING SNOW
                                                   X = TORNADO
MAX 32 OR BELOW:   0    0.01 INCH OR MORE:   6
MAX 90 OR ABOVE:  19    0.10 INCH OR MORE:   4
MIN 32 OR BELOW:   0    0.50 INCH OR MORE:   0
MIN  0 OR BELOW:   0    1.00 INCH OR MORE:   0

[HDD (BASE 65) ]
TOTAL THIS MO.     1    CLEAR  (SCALE 0-3)  25
DPTR FM NORMAL     1    PTCLDY (SCALE 4-7)   4
TOTAL FM JUL 1     1    CLOUDY (SCALE 8-10)  0
DPTR FM NORMAL     0

[CDD (BASE 65) ]
TOTAL THIS MO.   355
DPTR FM NORMAL     9    [PRESSURE DATA]
TOTAL FM JAN 1  1203    HIGHEST SLP M ON M
DPTR FM NORMAL    84    LOWEST  SLP 29.61 ON  7

[REMARKS]
