799
CXUS51 KPBZ 300804
CF6HLG
PRELIMINARY LOCAL CLIMATOLOGICAL DATA (WS FORM: F-6)

                                          STATION:   WHEELING
                                          MONTH:     MAY
                                          YEAR:      2016
                                          LATITUDE:   40 10 N
                                          LONGITUDE:  80 39 W

  TEMPERATURE IN F:       :PCPN:    SNOW:  WIND      :SUNSHINE: SKY     :PK WND
================================================================================
1   2   3   4   5  6A  6B    7    8   9   10  11  12  13   14  15   16   17  18
                                     12Z  AVG MX 2MIN
DY MAX MIN AVG DEP HDD CDD  WTR  SNW DPTH SPD SPD DIR MIN PSBL S-S WX    SPD DR
================================================================================

 1  72  56  64   8   1   0 0.22    M    M  7.4 17  20   M    M   7 13     23 340
 2  71  51  61   5   4   0    T    M    M  9.6 18 270   M    M   8 8      26 220
 3  62  47  55  -2  10   0 0.02    M    M  5.8 12 290   M    M  10        14 280
 4  64  48  56  -1   9   0 0.30    M    M  4.5 18 190   M    M   9 123    24 200
 5  61  49  55  -2  10   0 0.14    M    M  6.9 22 330   0    0   0        31 350
 6  68  48  58   1   7   0    T    M    M 11.8 30 350   M    M   6        39 350
 7  74  46  60   2   5   0 0.09    M    M  7.1 24 220   M    M   5 13     31 220
 8  65  46  56  -2   9   0 0.00    M    M  8.6 22 270   M    M   4        29 270
 9  52  45  49  -9  16   0 0.15    M    M  3.6 10  50   M    M   7 1      13  50
10  72  50  61   3   4   0 0.66    M    M  7.8 21 240   M    M   8 13     29 270
11  75  57  66   7   0   1 0.27    M    M  3.7 14  40   M    M   5 123    17  40
12  77  53  65   6   0   0 0.08    M    M  6.5 21 210   M    M   4 123    27 210
13  68  54  61   2   4   0 0.17    M    M 10.0 20 260   M    M   7 1      27 250
14  56  41  49 -10  16   0 0.38    M    M 11.5 24 270   M    M   7 1      33 270
15  51  38  45 -15  20   0    T    M    M 12.9 25 290   M    M   9        37 260
16  62  34  48 -12  17   0 0.00    M    M  7.2 16 250   M    M   1        22 230
17  61  47  54  -6  11   0    T    M    M  2.4  8 310   M    M   8        11 310
18  58  45  52  -8  13   0 0.31    M    M  7.8 17  60   M    M   7 1      25  80
19  70  37  54  -7  11   0 0.00    M    M  2.7 10  20   M    M   3 12     16  20
20  73  45  59  -2   6   0 0.21    M    M  7.0 16 140   M    M   1        22  90
21  60  52  56  -5   9   0 0.72    M    M  7.0 14 350   M    M  10 1      18 360
22  68  50  59  -3   6   0 0.28    M    M  4.2 24  90   M    M   8 123    32 100
23  76  47  62   0   3   0 0.00    M    M  3.8 13 100   M    M   6 12     17  50
24  79  50  65   3   0   0 0.00    M    M  5.4 17 260   M    M   2 12     22 240
25  82  57  70   8   0   5    T    M    M  5.6 14 230   M    M   1        19 170
26  80  65  73  10   0   8 0.00    M    M  7.6 16 220   M    M   4        21 220
27  86  66  76  13   0  11 0.00    M    M  7.5 16 210   M    M   0        21 200
28  87  66  77  14   0  12 0.00    M    M  5.4 13 270   M    M   1        15 280
29  80  64  72   8   0   7    T    M    M  3.4 20 140   M    M   1 18     27 130
================================================================================
SM 2010 1454       191  44  4.00    M    194.7            0    149
================================================================================
AV 69.3 50.1                               6.7 FASTST    0   0   5    MAX(MPH)
                                 MISC ---->  # 30 350               # 39  350
================================================================================
NOTES:
# LAST OF SEVERAL OCCURRENCES

COLUMN 17 PEAK WIND IN M.P.H.

PRELIMINARY LOCAL CLIMATOLOGICAL DATA (WS FORM: F-6) , PAGE 2

                                          STATION:  WHEELING
                                          MONTH:    MAY
                                          YEAR:     2016
                                          LATITUDE:   40 10 N
                                          LONGITUDE:  80 39 W

[TEMPERATURE DATA]      [PRECIPITATION DATA]       SYMBOLS USED IN COLUMN 16

AVERAGE MONTHLY: 59.7   TOTAL FOR MONTH:   4.00    1 = FOG OR MIST
DPTR FM NORMAL:   0.0   DPTR FM NORMAL:    0.10    2 = FOG REDUCING VISIBILITY
HIGHEST:    87 ON 28    GRTST 24HR  0.80 ON 10-11      TO 1/4 MILE OR LESS
LOWEST:     34 ON 16                               3 = THUNDER
                        SNOW, ICE PELLETS, HAIL    4 = ICE PELLETS
                        TOTAL MONTH:    M          5 = HAIL
                        GRTST 24HR    M  ON   M    6 = FREEZING RAIN OR DRIZZLE
                        GRTST DEPTH:  M  ON   M    7 = DUSTSTORM OR SANDSTORM:
                                                       VSBY 1/2 MILE OR LESS
                                                   8 = SMOKE OR HAZE
[NO. OF DAYS WITH]      [WEATHER - DAYS WITH]      9 = BLOWING SNOW
                                                   X = TORNADO
MAX 32 OR BELOW:   0    0.01 INCH OR MORE:  15
MAX 90 OR ABOVE:   0    0.10 INCH OR MORE:  12
MIN 32 OR BELOW:   0    0.50 INCH OR MORE:   2
MIN  0 OR BELOW:   0    1.00 INCH OR MORE:   0

[HDD (BASE 65) ]
TOTAL THIS MO.   191    CLEAR  (SCALE 0-3)   9
DPTR FM NORMAL     6    PTCLDY (SCALE 4-7)  15
TOTAL FM JUL 1  4467    CLOUDY (SCALE 8-10)  5
DPTR FM NORMAL -1076

[CDD (BASE 65) ]
TOTAL THIS MO.    44
DPTR FM NORMAL    13    [PRESSURE DATA]
TOTAL FM JAN 1    49    HIGHEST SLP  0.00 ON  5
DPTR FM NORMAL     8    LOWEST  SLP 28.81 ON 29

[REMARKS]
