000
CXUS51 KPBZ 230901
CF6HLG
PRELIMINARY LOCAL CLIMATOLOGICAL DATA (WS FORM: F-6)

                                          STATION:   WHEELING
                                          MONTH:     AUGUST
                                          YEAR:      2014
                                          LATITUDE:   40 10 N
                                          LONGITUDE:  80 39 W

  TEMPERATURE IN F:       :PCPN:    SNOW:  WIND      :SUNSHINE: SKY     :PK WND
================================================================================
1   2   3   4   5  6A  6B    7    8   9   10  11  12  13   14  15   16   17  18
                                     12Z  AVG MX 2MIN
DY MAX MIN AVG DEP HDD CDD  WTR  SNW DPTH SPD SPD DIR MIN PSBL S-S WX    SPD DR
================================================================================

 1  83  59  71  -1   0   6 0.00    M    M  3.7 15 120   M    M   1 18     19 120
 2  80  64  72   0   0   7 1.04    M    M  4.7 25 320   M    M   6 123    32 320
 3  75  63  69  -3   0   4 0.21    M    M  2.9 10 250   M    M   7 123    14 250
 4  83  58  71  -1   0   6 0.00    M    M  2.1  9 120   M    M   5 12      9 120
 5  82  60  71  -1   0   6 0.00    M    M  4.3 12  20   M    M   2 1      21  20
 6  82  60  71  -1   0   6 0.27    M    M  4.6 18  20   M    M   6 128    25  30
 7  78  53  66  -6   0   1 0.00    M    M  3.8  9  50   M    M   2 12     14  60
 8  78  55  67  -5   0   2 0.00    M    M  6.9 13  40   M    M   0 1      16  50
 9  82  57  70  -2   0   5 0.00    M    M  5.9 12  50   M    M   0 1      16  50
10  83  61  72   0   0   7 0.00    M    M  6.9 13 120   M    M   2 1      16 150
11  75  66  71  -1   0   6 1.24    M    M  9.6 18 130   M    M   9 13     26 150
12  81  65  73   1   0   8 1.14    M    M  7.5 23 250   M    M   7 13     35 280
13  72  58  65  -7   0   0 0.06    M    M  8.1 17 280   M    M   7 1      22 300
14  72  52  62 -10   3   0    T    M    M  8.3 21 290   M    M   4 8      28 270
15  72  50  61 -11   4   0 0.00    M    M  5.5 15 300   M    M   0        19 290
16  78  48  63  -8   2   0 0.00    M    M  5.3 15 230   M    M   3 12     21 280
17  78  66  72   1   0   7 0.06    M    M  4.0 12 250   M    M  10 18     16 250
18  82  65  74   3   0   9 0.00    M    M  5.6 12  50   M    M   7 128    15  20
19  85  61  73   2   0   8 0.00    M    M  2.6  8 220   M    M   2 13     11 250
20  81  64  73   2   0   8 0.21    M    M  6.9 21 340   M    M   4 138    25 350
21  76  65  71   0   0   6    T    M    M  6.7 18 250   M    M   5 1      25 260
22  82  68  75   4   0  10 1.06    M    M  4.4 31  50   M    M   6 128    35  50
================================================================================
SM 1740 1318         9 112  5.29    M    120.3          M       95
================================================================================
AV 79.1 59.9                               5.5 FASTST   M    M   4    MAX(MPH)
                                 MISC ---->  # 31  50               # 35  280
================================================================================
NOTES:
# LAST OF SEVERAL OCCURRENCES

COLUMN 17 PEAK WIND IN M.P.H.

PRELIMINARY LOCAL CLIMATOLOGICAL DATA (WS FORM: F-6) , PAGE 2

                                          STATION:  WHEELING
                                          MONTH:    AUGUST
                                          YEAR:     2014
                                          LATITUDE:   40 10 N
                                          LONGITUDE:  80 39 W

[TEMPERATURE DATA]      [PRECIPITATION DATA]       SYMBOLS USED IN COLUMN 16

AVERAGE MONTHLY: 69.5   TOTAL FOR MONTH:   5.29    1 = FOG OR MIST
DPTR FM NORMAL:  -2.2   DPTR FM NORMAL:    2.93    2 = FOG REDUCING VISIBILITY
HIGHEST:    85 ON 19    GRTST 24HR  2.08 ON 11-12      TO 1/4 MILE OR LESS
LOWEST:     48 ON 16                               3 = THUNDER
                        SNOW, ICE PELLETS, HAIL    4 = ICE PELLETS
                        TOTAL MONTH:    M          5 = HAIL
                        GRTST 24HR    M  ON   M    6 = FREEZING RAIN OR DRIZZLE
                        GRTST DEPTH:  M  ON   M    7 = DUSTSTORM OR SANDSTORM:
                                                       VSBY 1/2 MILE OR LESS
                                                   8 = SMOKE OR HAZE
[NO. OF DAYS WITH]      [WEATHER - DAYS WITH]      9 = BLOWING SNOW
                                                   X = TORNADO
MAX 32 OR BELOW:   0    0.01 INCH OR MORE:   9
MAX 90 OR ABOVE:   0    0.10 INCH OR MORE:   7
MIN 32 OR BELOW:   0    0.50 INCH OR MORE:   4
MIN  0 OR BELOW:   0    1.00 INCH OR MORE:   4

[HDD (BASE 65) ]
TOTAL THIS MO.     9    CLEAR  (SCALE 0-3)   9
DPTR FM NORMAL     9    PTCLDY (SCALE 4-7)  11
TOTAL FM JUL 1    23    CLOUDY (SCALE 8-10)  2
DPTR FM NORMAL    20

[CDD (BASE 65) ]
TOTAL THIS MO.   112
DPTR FM NORMAL   -37    [PRESSURE DATA]
TOTAL FM JAN 1   513    HIGHEST SLP M ON M
DPTR FM NORMAL   -45    LOWEST  SLP 29.73 ON 12

[REMARKS]
