000
CXUS55 KFSD 300905
CF6HON
PRELIMINARY LOCAL CLIMATOLOGICAL DATA (WS FORM: F-6)

                                          STATION:   HURON
                                          MONTH:     SEPTEMBER
                                          YEAR:      2016
                                          LATITUDE:   44 22 N
                                          LONGITUDE:  98 13 W

  TEMPERATURE IN F:       :PCPN:    SNOW:  WIND      :SUNSHINE: SKY     :PK WND
================================================================================
1   2   3   4   5  6A  6B    7    8   9   10  11  12  13   14  15   16   17  18
                                     12Z  AVG MX 2MIN
DY MAX MIN AVG DEP HDD CDD  WTR  SNW DPTH SPD SPD DIR MIN PSBL S-S WX    SPD DR
================================================================================

 1  84  59  72   4   0   7 0.00  0.0    0 10.0 18 150   M    M   0        24 140
 2  80  58  69   1   0   4 0.00  0.0    0 17.0 28 170   M    M   0        36 160
 3  83  62  73   6   0   8 0.00  0.0    0 18.5 28 170   M    M   3        35 170
 4  83  65  74   7   0   9 0.42  0.0    0 15.4 23 150   M    M   5 13     31 160
 5  75  62  69   3   0   4    T  0.0    0  6.6 15 360   M    M   9        20 180
 6  72  60  66   0   0   1 0.32  0.0    0  8.6 24 350   M    M   8 13     29 360
 7  79  58  69   3   0   4    T  0.0    0  8.1 17 160   M    M   5 3      24 200
 8  75  50  63  -2   2   0 0.00  0.0    0  5.9 16  10   M    M   2 3      21 170
 9  72  51  62  -3   3   0 0.26  0.0    0 11.2 25 340   M    M   5 3      32 330
10  75  46  61  -3   4   0 0.00  0.0    0  7.9 15 160   M    M   0        21 150
11  84  53  69   5   0   4 0.00  0.0    0 13.8 21 170   M    M   0        28 180
12  69  53  61  -3   4   0 0.00  0.0    0 13.8 30 350   M    M   4        35 350
13  56  42  49 -14  16   0    T  0.0    0  8.8 17  10   M    M   6        29 230
14  70  37  54  -9  11   0 0.00  0.0    0  8.1 17 170   M    M   2 1      24 130
15  74  60  67   5   0   2 0.19  0.0    0  9.7 18 160   M    M   7 13     23 170
16  72  54  63   1   2   0 0.01  0.0    0 10.0 23 300   M    M   6 13     30 270
17  79  50  65   4   0   0 0.00  0.0    0  8.1 15 150   M    M   4        20 140
18  86  55  71  10   0   6 0.00  0.0    0  7.9 15 220   M    M   0        20 200
19  84  54  69   9   0   4 0.00  0.0    0  7.3 16 290   M    M   0        24 360
20  86  59  73  13   0   8    T  0.0    0  8.6 20 150   M    M   2        25 130
21  75  59  67   8   0   2 0.00  0.0    0 10.5 18  50   M    M   5        24  60
22  66  56  61   2   4   0 0.01  0.0    0 10.5 18  80   M    M  10 1      24  80
23  89  61  75  17   0  10 0.08  0.0    0 13.5 26 140   M    M   5 1      36 130
24  80  55  68  10   0   3 0.00  0.0    0 12.9 24 160   M    M   3        31 160
25  69  45  57   0   8   0 0.00  0.0    0 17.5 35 320   M    M   4        40 320
26  74  40  57   0   8   0 0.00  0.0    0 12.3 31 320   M    M   0        36 320
27  77  38  58   2   7   0 0.00  0.0    0  8.5 22 320   M    M   0        31 320
28  69  34  52  -4  13   0 0.00  0.0    0  5.9 13  40   M    M   2 1      16  30
29  70  36  53  -2  12   0 0.00  0.0    0  6.3 16 150   M    M   1 1      20 140
================================================================================
SM 2207 1512        94  76  1.29     0.0 303.2          M       98
================================================================================
AV 76.1 52.1                              10.5 FASTST   M    M   3    MAX(MPH)
                                 MISC ---->  # 35 320               # 40  320
================================================================================
NOTES:
# LAST OF SEVERAL OCCURRENCES

COLUMN 17 PEAK WIND IN M.P.H.

PRELIMINARY LOCAL CLIMATOLOGICAL DATA (WS FORM: F-6) , PAGE 2

                                          STATION:  HURON
                                          MONTH:    SEPTEMBER
                                          YEAR:     2016
                                          LATITUDE:   44 22 N
                                          LONGITUDE:  98 13 W

[TEMPERATURE DATA]      [PRECIPITATION DATA]       SYMBOLS USED IN COLUMN 16

AVERAGE MONTHLY: 64.1   TOTAL FOR MONTH:   1.29    1 = FOG OR MIST
DPTR FM NORMAL:   2.2   DPTR FM NORMAL:   -1.10    2 = FOG REDUCING VISIBILITY
HIGHEST:    89 ON 23    GRTST 24HR  0.42 ON  4- 4      TO 1/4 MILE OR LESS
LOWEST:     34 ON 28                               3 = THUNDER
                        SNOW, ICE PELLETS, HAIL    4 = ICE PELLETS
                        TOTAL MONTH:   0.0 INCH    5 = HAIL
                        GRTST 24HR     0.0         6 = FREEZING RAIN OR DRIZZLE
                        GRTST DEPTH:   0           7 = DUSTSTORM OR SANDSTORM:
                                                       VSBY 1/2 MILE OR LESS
                                                   8 = SMOKE OR HAZE
[NO. OF DAYS WITH]      [WEATHER - DAYS WITH]      9 = BLOWING SNOW
                                                   X = TORNADO
MAX 32 OR BELOW:   0    0.01 INCH OR MORE:   7
MAX 90 OR ABOVE:   0    0.10 INCH OR MORE:   4
MIN 32 OR BELOW:   0    0.50 INCH OR MORE:   0
MIN  0 OR BELOW:   0    1.00 INCH OR MORE:   0

[HDD (BASE 65) ]
TOTAL THIS MO.    94    CLEAR  (SCALE 0-3)  15
DPTR FM NORMAL   -62    PTCLDY (SCALE 4-7)  11
TOTAL FM JUL 1   111    CLOUDY (SCALE 8-10)  3
DPTR FM NORMAL   -74

[CDD (BASE 65) ]
TOTAL THIS MO.    76
DPTR FM NORMAL     6    [PRESSURE DATA]
TOTAL FM JAN 1   882    HIGHEST SLP M ON M
DPTR FM NORMAL   143    LOWEST  SLP 29.67 ON  4

[REMARKS]
