000
CXUS55 KFSD 160905
CF6HON
PRELIMINARY LOCAL CLIMATOLOGICAL DATA (WS FORM: F-6)

                                          STATION:   HURON
                                          MONTH:     DECEMBER
                                          YEAR:      2017
                                          LATITUDE:   44 22 N
                                          LONGITUDE:  98 13 W

  TEMPERATURE IN F:       :PCPN:    SNOW:  WIND      :SUNSHINE: SKY     :PK WND
================================================================================
1   2   3   4   5  6A  6B    7    8   9   10  11  12  13   14  15   16   17  18
                                     12Z  AVG MX 2MIN
DY MAX MIN AVG DEP HDD CDD  WTR  SNW DPTH SPD SPD DIR MIN PSBL S-S WX    SPD DR
================================================================================

 1  49  21  35  11  30   0 0.00  0.0    0  4.9 13 160   M    M   0        17 160
 2  53  19  36  12  29   0 0.00  0.0    0  5.3 14 160   M    M   0        17 170
 3  50  21  36  13  29   0 0.00  0.0    0 10.6 21 170   M    M   0        27 170
 4  47  22  35  12  30   0 0.09  1.2    0 22.4 44 320   M    M   7 1269   53 320
 5  26  10  18  -4  47   0 0.06  0.7    2  9.7 24 310   M    M   7 1      29 300
 6  30   6  18  -4  47   0 0.01  0.2    2 16.8 29 340   M    M   7 1      35 340
 7  30   0  15  -6  50   0 0.00  0.0    2  9.3 15 310   M    M   2        19 310
 8  34  25  30   9  35   0 0.00  0.0    1 14.4 23 330   M    M   5 1      30 320
 9  35  19  27   6  38   0 0.00  0.0    1  9.8 21 360   M    M   4        27 350
10  47  23  35  15  30   0 0.00  0.0    1  8.4 16 310   M    M   1        19 310
11  42  13  28   8  37   0 0.00  0.0    0 18.8 36 330   M    M   4        45 330
12  48  14  31  11  34   0 0.00  0.0    0  8.2 16 250   M    M   3        22 250
13  50  33  42  23  23   0    T  0.0    0 21.6 38 320   M    M   8        48 320
14  35  23  29  10  36   0    T    T    0  8.9 22 340   M    M  10 18     27 350
15  44  30  37  18  28   0 0.00  0.0    0  8.8 15 200   M    M   5        20 190
================================================================================
SM  620  279       523   0  0.16     2.1 177.9          M       63
================================================================================
AV 41.3 18.6                              11.9 FASTST   M    M   4    MAX(MPH)
                                 MISC ---->  # 44 320               # 53  320
================================================================================
NOTES:
# LAST OF SEVERAL OCCURRENCES

COLUMN 17 PEAK WIND IN M.P.H.

PRELIMINARY LOCAL CLIMATOLOGICAL DATA (WS FORM: F-6) , PAGE 2

                                          STATION:  HURON
                                          MONTH:    DECEMBER
                                          YEAR:     2017
                                          LATITUDE:   44 22 N
                                          LONGITUDE:  98 13 W

[TEMPERATURE DATA]      [PRECIPITATION DATA]       SYMBOLS USED IN COLUMN 16

AVERAGE MONTHLY: 30.0   TOTAL FOR MONTH:   0.16    1 = FOG OR MIST
DPTR FM NORMAL:   8.8   DPTR FM NORMAL:   -0.10    2 = FOG REDUCING VISIBILITY
HIGHEST:    53 ON  2    GRTST 24HR  0.09 ON  4- 4      TO 1/4 MILE OR LESS
LOWEST:      0 ON  7                               3 = THUNDER
                        SNOW, ICE PELLETS, HAIL    4 = ICE PELLETS
                        TOTAL MONTH:   2.1 INCHES  5 = HAIL
                        GRTST 24HR   1.2 ON  4- 4  6 = FREEZING RAIN OR DRIZZLE
                        GRTST DEPTH:   2 ON  7, 6  7 = DUSTSTORM OR SANDSTORM:
                                                       VSBY 1/2 MILE OR LESS
                                                   8 = SMOKE OR HAZE
[NO. OF DAYS WITH]      [WEATHER - DAYS WITH]      9 = BLOWING SNOW
                                                   X = TORNADO
MAX 32 OR BELOW:   3    0.01 INCH OR MORE:   3
MAX 90 OR ABOVE:   0    0.10 INCH OR MORE:   0
MIN 32 OR BELOW:  14    0.50 INCH OR MORE:   0
MIN  0 OR BELOW:   1    1.00 INCH OR MORE:   0

[HDD (BASE 65) ]
TOTAL THIS MO.   523    CLEAR  (SCALE 0-3)   5
DPTR FM NORMAL  -134    PTCLDY (SCALE 4-7)   9
TOTAL FM JUL 1  2088    CLOUDY (SCALE 8-10)  1
DPTR FM NORMAL  -271

[CDD (BASE 65) ]
TOTAL THIS MO.     0
DPTR FM NORMAL     0    [PRESSURE DATA]
TOTAL FM JAN 1   730    HIGHEST SLP M ON M
DPTR FM NORMAL   -12    LOWEST  SLP 29.39 ON  4

[REMARKS]
