000
CXUS55 KFSD 230905
CF6HON
PRELIMINARY LOCAL CLIMATOLOGICAL DATA (WS FORM: F-6)

                                          STATION:   HURON
                                          MONTH:     OCTOBER
                                          YEAR:      2014
                                          LATITUDE:   44 22 N
                                          LONGITUDE:  98 13 W

  TEMPERATURE IN F:       :PCPN:    SNOW:  WIND      :SUNSHINE: SKY     :PK WND
================================================================================
1   2   3   4   5  6A  6B    7    8   9   10  11  12  13   14  15   16   17  18
                                     12Z  AVG MX 2MIN
DY MAX MIN AVG DEP HDD CDD  WTR  SNW DPTH SPD SPD DIR MIN PSBL S-S WX    SPD DR
================================================================================

 1  76  48  62   8   3   0 0.00  0.0    0  7.8 18 320   M    M   4 1      23 320
 2  70  45  58   4   7   0    T    M    0 11.2 33 320   M    M   4        44 320
 3  48  30  39 -15  26   0    T    M    0 22.3 39 320   M    M   8        47 320
 4  52  28  40 -13  25   0 0.00  0.0    0  8.8 20 320   M    M   3        25 320
 5  64  35  50  -3  15   0 0.02  0.0    0  9.9 38 330   M    M   7 1      51 320
 6  66  33  50  -2  15   0 0.00  0.0    0 13.4 29 290   M    M   3        36 300
 7  66  38  52   0  13   0 0.00  0.0    0 16.7 32 320   M    M   2        38 310
 8  64  37  51   0  14   0    T  0.0    0  6.3 10  50   M    M   4        15 240
 9  58  31  45  -6  20   0 0.00  0.0    0  6.2 12 360   M    M   6        16  30
10  59  22  41  -9  24   0 0.00  0.0    0  2.8 12  90   M    M   0 8      13  80
11  66  32  49  -1  16   0 0.00  0.0    0 12.6 23 170   M    M   1        33 170
12  65  47  56   6   9   0 0.04  0.0    0 13.3 23 320   M    M   3 1      28 170
13  67  33  50   1  15   0    T  0.0    0 13.3 28 350   M    M   3 1      33 360
14  68  29  49   0  16   0 0.00  0.0    0  5.0 13  30   M    M   0        16  30
15  72  34  53   5  12   0 0.00  0.0    0 11.8 21 170   M    M   0        31 140
16  71  47  59  11   6   0 0.00  0.0    0 21.0 36 300   M    M   3        52 280
17  54  37  46  -2  19   0 0.00  0.0    0 16.5 31 340   M    M  10        40 340
18  57  42  50   3  15   0 0.00  0.0    0  8.5 18 180   M    M   5        25 160
19  78  38  58  11   7   0 0.00  0.0    0  9.2 22 340   M    M   0        31 330
20  73  31  52   6  13   0 0.00  0.0    0  3.7  9 120   M    M   0        11 130
21  81  45  63  17   2   0 0.00  0.0    0 13.1 23 170   M    M   0        33 150
22  67  46  57  12   8   0 0.08  0.0    0 11.8 22 160   M    M   3 1      31 140
================================================================================
SM 1442  808       300   0  0.14     0.0 245.2          M       69
================================================================================
AV 65.5 36.7                              11.1 FASTST   M    M   3    MAX(MPH)
                                 MISC ---->  # 39 320               # 52  280
================================================================================
NOTES:
# LAST OF SEVERAL OCCURRENCES

COLUMN 17 PEAK WIND IN M.P.H.

PRELIMINARY LOCAL CLIMATOLOGICAL DATA (WS FORM: F-6) , PAGE 2

                                          STATION:  HURON
                                          MONTH:    OCTOBER
                                          YEAR:     2014
                                          LATITUDE:   44 22 N
                                          LONGITUDE:  98 13 W

[TEMPERATURE DATA]      [PRECIPITATION DATA]       SYMBOLS USED IN COLUMN 16

AVERAGE MONTHLY: 51.1   TOTAL FOR MONTH:   0.14    1 = FOG OR MIST
DPTR FM NORMAL:   1.3   DPTR FM NORMAL:   -1.23    2 = FOG REDUCING VISIBILITY
HIGHEST:    81 ON 21    GRTST 24HR  0.36 ON 30- 1      TO 1/4 MILE OR LESS
LOWEST:     22 ON 10                               3 = THUNDER
                        SNOW, ICE PELLETS, HAIL    4 = ICE PELLETS
                        TOTAL MONTH:   0.0 INCH    5 = HAIL
                        GRTST 24HR     0.0         6 = FREEZING RAIN OR DRIZZLE
                        GRTST DEPTH:   0           7 = DUSTSTORM OR SANDSTORM:
                                                       VSBY 1/2 MILE OR LESS
                                                   8 = SMOKE OR HAZE
[NO. OF DAYS WITH]      [WEATHER - DAYS WITH]      9 = BLOWING SNOW
                                                   X = TORNADO
MAX 32 OR BELOW:   0    0.01 INCH OR MORE:   3
MAX 90 OR ABOVE:   0    0.10 INCH OR MORE:   0
MIN 32 OR BELOW:   7    0.50 INCH OR MORE:   0
MIN  0 OR BELOW:   0    1.00 INCH OR MORE:   0

[HDD (BASE 65) ]
TOTAL THIS MO.   300    CLEAR  (SCALE 0-3)  14
DPTR FM NORMAL   -37    PTCLDY (SCALE 4-7)   7
TOTAL FM JUL 1   472    CLOUDY (SCALE 8-10)  1
DPTR FM NORMAL   -61

[CDD (BASE 65) ]
TOTAL THIS MO.     0
DPTR FM NORMAL     0    [PRESSURE DATA]
TOTAL FM JAN 1   597    HIGHEST SLP M ON M
DPTR FM NORMAL  -141    LOWEST  SLP 29.57 ON 12

[REMARKS]
