000
CXUS54 KBRO 270900
CF6HRL
PRELIMINARY LOCAL CLIMATOLOGICAL DATA (WS FORM: F-6)

                                          STATION:   HARLINGEN
                                          MONTH:     AUGUST
                                          YEAR:      2014
                                          LATITUDE:   26 13 N
                                          LONGITUDE:  97 40 W

  TEMPERATURE IN F:       :PCPN:    SNOW:  WIND      :SUNSHINE: SKY     :PK WND
================================================================================
1   2   3   4   5  6A  6B    7    8   9   10  11  12  13   14  15   16   17  18
                                     12Z  AVG MX 2MIN
DY MAX MIN AVG DEP HDD CDD  WTR  SNW DPTH SPD SPD DIR MIN PSBL S-S WX    SPD DR
================================================================================

 1 100  76  88   2   0  23 0.00  0.0    0 10.4 24 130   M    M   3 1      28 120
 2  97  76  87   1   0  22    T  0.0    0  5.3 15  80   M    M   2        23  30
 3  97  75  86   0   0  21 0.00  0.0    0  6.9 21  70   M    M   2 1      28  70
 4  98  72  85  -1   0  20 0.00  0.0    0  6.7 21  90   M    M   3 1      25 110
 5  98  72  85  -1   0  20 0.00  0.0    0  8.0 22 110   M    M   2 1      28  90
 6 101  78  90   4   0  25 0.00  0.0    0 13.1 23 150   M    M   1        30 150
 7 101  79  90   4   0  25 0.00  0.0    0 15.5 25 140   M    M   0        33 140
 8 100  78  89   3   0  24 0.01  0.0    0 12.2 30 170   M    M   1        35 170
 9  94  76  85  -1   0  20 0.00  0.0    0  8.5 24 200   M    M   1        30 210
10 101  75  88   2   0  23 0.00  0.0    0  9.1 23 120   M    M   1 1      31 130
11  96  74  85  -1   0  20 0.18  0.0    0  5.9 30 110   M    M   1 18     37 160
12 100  74  87   1   0  22 0.00  0.0    0  5.5 20  80   M    M   0 1      24 110
13  98  74  86   0   0  21 0.05  0.0    0  5.6  9 130   M    M   1        12 140
14  97  74  86   0   0  21 0.20  0.0    0  6.9 24 140   M    M   3 1      30 140
15 101  75  88   2   0  23 0.00  0.0    0 11.2 23 140   M    M   0        28 150
16 100  80  90   4   0  25 0.00  0.0    0 17.5 28 160   M    M   1        33 160
17  99  80  90   4   0  25 0.00  0.0    0 17.7 29 160   M    M   1        36 160
18  99  76  88   2   0  23    T  0.0    0 15.5 38 190   M    M   2        43 200
19  99  76  88   2   0  23 0.00  0.0    0 14.7 28 140   M    M   1        37 170
20  99  77  88   2   0  23 0.00  0.0    0 16.5 30 150   M    M   2        36 150
21 100  80  90   5   0  25 0.00  0.0    0 15.8 26 160   M    M   3 18     41 180
22 101  74  88   3   0  23 0.00  0.0    0 12.0 24 140   M    M   0 1      32 140
23 100  75  88   3   0  23 0.00  0.0    0 10.3 23 120   M    M   1        31 140
24  99  75  87   2   0  22 0.00  0.0    0 10.7 24 110   M    M   1        32 100
25  99  74  87   2   0  22 0.00  0.0    0  7.9 20 120   M    M   2        28 110
26 101  72  87   2   0  22 0.00  0.0    0  7.3 23  70   M    M   1        26  80
================================================================================
SM 2575 1967         0 586  0.44     0.0 276.7          M       36
================================================================================
AV 99.0 75.7                              10.6 FASTST   M    M   1    MAX(MPH)
                                 MISC ---->  # 38 190               # 43  200
================================================================================
NOTES:
# LAST OF SEVERAL OCCURRENCES

COLUMN 17 PEAK WIND IN M.P.H.

PRELIMINARY LOCAL CLIMATOLOGICAL DATA (WS FORM: F-6) , PAGE 2

                                          STATION:  HARLINGEN
                                          MONTH:    AUGUST
                                          YEAR:     2014
                                          LATITUDE:   26 13 N
                                          LONGITUDE:  97 40 W

[TEMPERATURE DATA]      [PRECIPITATION DATA]       SYMBOLS USED IN COLUMN 16

AVERAGE MONTHLY: 87.3   TOTAL FOR MONTH:   0.44    1 = FOG OR MIST
DPTR FM NORMAL:   1.6   DPTR FM NORMAL:   -0.78    2 = FOG REDUCING VISIBILITY
HIGHEST:   101 ON 26,22 GRTST 24HR  0.20 ON 14-14      TO 1/4 MILE OR LESS
LOWEST:     72 ON 26, 5                            3 = THUNDER
                        SNOW, ICE PELLETS, HAIL    4 = ICE PELLETS
                        TOTAL MONTH:   0.0 INCH    5 = HAIL
                        GRTST 24HR     0.0         6 = FREEZING RAIN OR DRIZZLE
                        GRTST DEPTH:   0           7 = DUSTSTORM OR SANDSTORM:
                                                       VSBY 1/2 MILE OR LESS
                                                   8 = SMOKE OR HAZE
[NO. OF DAYS WITH]      [WEATHER - DAYS WITH]      9 = BLOWING SNOW
                                                   X = TORNADO
MAX 32 OR BELOW:   0    0.01 INCH OR MORE:   4
MAX 90 OR ABOVE:  26    0.10 INCH OR MORE:   2
MIN 32 OR BELOW:   0    0.50 INCH OR MORE:   0
MIN  0 OR BELOW:   0    1.00 INCH OR MORE:   0

[HDD (BASE 65) ]
TOTAL THIS MO.     0    CLEAR  (SCALE 0-3)  26
DPTR FM NORMAL     0    PTCLDY (SCALE 4-7)   0
TOTAL FM JUL 1     0    CLOUDY (SCALE 8-10)  0
DPTR FM NORMAL     0

[CDD (BASE 65) ]
TOTAL THIS MO.   586
DPTR FM NORMAL    48    [PRESSURE DATA]
TOTAL FM JAN 1  2794    HIGHEST SLP M ON M
DPTR FM NORMAL   -36    LOWEST  SLP 29.81 ON 19

[REMARKS]
