000
CXUS54 KBRO 250900
CF6HRL
PRELIMINARY LOCAL CLIMATOLOGICAL DATA (WS FORM: F-6)

                                          STATION:   HARLINGEN
                                          MONTH:     JULY
                                          YEAR:      2017
                                          LATITUDE:   26 13 N
                                          LONGITUDE:  97 40 W

  TEMPERATURE IN F:       :PCPN:    SNOW:  WIND      :SUNSHINE: SKY     :PK WND
================================================================================
1   2   3   4   5  6A  6B    7    8   9   10  11  12  13   14  15   16   17  18
                                     12Z  AVG MX 2MIN
DY MAX MIN AVG DEP HDD CDD  WTR  SNW DPTH SPD SPD DIR MIN PSBL S-S WX    SPD DR
================================================================================

 1  97  79  88   3   0  23 0.00  0.0    0 16.5 29 160   M    M   2        34 150
 2  98  76  87   2   0  22 0.00  0.0    0 12.4 25 130   M    M   1        32 130
 3  99  76  88   3   0  23 0.00  0.0    0 15.3 25 150   M    M   1        32 160
 4  99  80  90   5   0  25 0.00  0.0    0 15.7 25 140   M    M   1        33 150
 5  98  73  86   1   0  21 0.00  0.0    0 12.0 25 130   M    M   1        30 120
 6  98  75  87   2   0  22 0.00  0.0    0 11.2 23 130   M    M   2        29 120
 7  90  73  82  -3   0  17 0.57  0.0    0  6.4 28 170   M    M   2 13     35 160
 8  91  73  82  -3   0  17 0.04  0.0    0  4.2 25 110   M    M   2 3      31 110
 9  90  70  80  -5   0  15 0.00  0.0    0  7.0 20 220   M    M   0        23 210
10  96  73  85   0   0  20    T  0.0    0  9.6 21 140   M    M   1        24 190
11  97  74  86   1   0  21 0.00  0.0    0 11.3 25 140   M    M   1        30 150
12  87  75  81  -4   0  16 0.19  0.0    0  9.3 20 130   M    M   1 13     23 140
13  95  76  86   1   0  21 0.00  0.0    0 11.5 23 210   M    M   2 1      31 140
14  97  73  85   0   0  20 0.00  0.0    0  9.0 23 100   M    M   2 12     32  90
15  98  72  85   0   0  20 0.00  0.0    0  6.9 18 100   M    M   2 12     24 130
16  93  74  84  -1   0  19 0.00  0.0    0  6.6 18 100   M    M   2        25  70
17  96  74  85   0   0  20 0.11  0.0    0  9.4 23 130   M    M   2 3      29 120
18  98  75  87   2   0  22 0.03  0.0    0 12.1 25 130   M    M   2 3      30 150
19  99  77  88   3   0  23 0.00  0.0    0 11.6 23 140   M    M   1 1      27 130
20 101  78  90   5   0  25 0.00  0.0    0 12.2 25 150   M    M   1 8      33 160
21 101  77  89   4   0  24 0.00  0.0    0 12.7 24 140   M    M   1         M  M
22 100  77  89   4   0  24 0.00  0.0    0 15.7 26 160   M    M   1        33 140
23  98  80  89   4   0  24 0.00  0.0    0 17.9 32 160   M    M   0        38 160
24  99  78  89   4   0  24 0.00  0.0    0 15.8 28 140   M    M   1        37 150
================================================================================
SM 2315 1808         0 508  0.94     0.0 272.3          M       32
================================================================================
AV 96.5 75.3                              11.3 FASTST   M    M   1    MAX(MPH)
                                 MISC ---->  # 32 160               # 38  160
================================================================================
NOTES:
# LAST OF SEVERAL OCCURRENCES

COLUMN 17 PEAK WIND IN M.P.H.

PRELIMINARY LOCAL CLIMATOLOGICAL DATA (WS FORM: F-6) , PAGE 2

                                          STATION:  HARLINGEN
                                          MONTH:    JULY
                                          YEAR:     2017
                                          LATITUDE:   26 13 N
                                          LONGITUDE:  97 40 W

[TEMPERATURE DATA]      [PRECIPITATION DATA]       SYMBOLS USED IN COLUMN 16

AVERAGE MONTHLY: 85.9   TOTAL FOR MONTH:   0.94    1 = FOG OR MIST
DPTR FM NORMAL:   0.9   DPTR FM NORMAL:   -0.67    2 = FOG REDUCING VISIBILITY
HIGHEST:   101 ON 21,20 GRTST 24HR  0.57 ON  7- 7      TO 1/4 MILE OR LESS
LOWEST:     70 ON  9                               3 = THUNDER
                        SNOW, ICE PELLETS, HAIL    4 = ICE PELLETS
                        TOTAL MONTH:   0.0 INCH    5 = HAIL
                        GRTST 24HR     0.0         6 = FREEZING RAIN OR DRIZZLE
                        GRTST DEPTH:   0           7 = DUSTSTORM OR SANDSTORM:
                                                       VSBY 1/2 MILE OR LESS
                                                   8 = SMOKE OR HAZE
[NO. OF DAYS WITH]      [WEATHER - DAYS WITH]      9 = BLOWING SNOW
                                                   X = TORNADO
MAX 32 OR BELOW:   0    0.01 INCH OR MORE:   5
MAX 90 OR ABOVE:  23    0.10 INCH OR MORE:   3
MIN 32 OR BELOW:   0    0.50 INCH OR MORE:   1
MIN  0 OR BELOW:   0    1.00 INCH OR MORE:   0

[HDD (BASE 65) ]
TOTAL THIS MO.     0    CLEAR  (SCALE 0-3)  24
DPTR FM NORMAL     0    PTCLDY (SCALE 4-7)   0
TOTAL FM JUL 1     0    CLOUDY (SCALE 8-10)  0
DPTR FM NORMAL     0

[CDD (BASE 65) ]
TOTAL THIS MO.   508
DPTR FM NORMAL    28    [PRESSURE DATA]
TOTAL FM JAN 1  2657    HIGHEST SLP M ON M
DPTR FM NORMAL   508    LOWEST  SLP 29.84 ON 23

[REMARKS]
