000
CXUS52 KMHX 290700
CF6HSE
PRELIMINARY LOCAL CLIMATOLOGICAL DATA (WS FORM: F-6)

                                          STATION:   CAPE HATTERAS NC
                                          MONTH:     APRIL
                                          YEAR:      2016
                                          LATITUDE:   35 13 N
                                          LONGITUDE:  75 37 W

  TEMPERATURE IN F:       :PCPN:    SNOW:  WIND      :SUNSHINE: SKY     :PK WND
================================================================================
1   2   3   4   5  6A  6B    7    8   9   10  11  12  13   14  15   16   17  18
                                     12Z  AVG MX 2MIN
DY MAX MIN AVG DEP HDD CDD  WTR  SNW DPTH SPD SPD DIR MIN PSBL S-S WX    SPD DR
================================================================================

 1  72  67  70  14   0   5 0.92  0.0    0 15.8 29 190   M    M   5 1      42 240
 2  72  57  65   9   0   0 0.01  0.0    0 13.6 25 240   M    M   6        37 230
 3  63  46  55  -1  10   0 0.00  0.0    0 10.9 28 300   M    M   0        47 300
 4  67  56  62   6   3   0 0.00  0.0    0 13.6 24 220   M    M   0        30 210
 5  64  40  52  -5  13   0    T  0.0    0 14.2 23  20   M    M   6        42  20
 6  65  42  54  -3  11   0 0.00  0.0    0 11.5 23 170   M    M   4        33 180
 7  68  60  64   7   1   0 0.45  0.0    0 18.3 30 200   M    M   4 1      43 220
 8  64  48  56  -2   9   0 0.00  0.0    0  6.6 18 260   M    M   3        27 280
 9  61  44  53  -5  12   0 0.00  0.0    0 14.9 28 300   M    M   2        42 310
10  51  41  46 -12  19   0 0.00  0.0    0  6.3 17 320   M    M   0        29 330
11  68  44  56  -2   9   0 0.00  0.0    0  7.8 14 190   M    M   1         M  M
12  67  55  61   2   4   0 0.16  0.0    0  6.6 17 210   M    M   8 1      27  40
13  59  50  55  -4  10   0 0.00  0.0    0 13.7 20  30   M    M   5        33  20
14  59  50  55  -4  10   0 0.00  0.0    0 13.1 18  30   M    M   1        32  30
15  62  53  58  -1   7   0 0.00  0.0    0 13.2 20  40   M    M   2        32  40
16  60  49  55  -5  10   0 0.00  0.0    0 13.5 21  40   M    M   0        35  40
17  57  51  54  -6  11   0 0.00  0.0    0 12.7 20  20   M    M   1        34  20
18  75  52  64   4   1   0 0.00  0.0    0  5.3 10 330   M    M   0        15 330
19  78  56  67   7   0   2 0.00  0.0    0  5.4 13 270   M    M   0        17 270
20  67  54  61   0   4   0 0.00  0.0    0 10.7 20  40   M    M   0        30  50
21  70  54  62   1   3   0 0.00  0.0    0  7.6 13 210   M    M   1        17 210
22  72  63  68   7   0   3 0.00  0.0    0  8.0 15 230   M    M   2        20 220
23  72  59  66   5   0   1 0.63  0.0    0  6.3 24 210   M    M   7 13     37 210
24  63  48  56  -6   9   0 0.00  0.0    0  9.3 16  20   M    M   1        26  40
25  71  45  58  -4   7   0 0.00  0.0    0  7.2 14 220   M    M   0        22 220
26  73  64  69   7   0   4 0.00  0.0    0 12.9 18 230   M    M   0        25 230
27  74  67  71   9   0   6 0.00  0.0    0 12.7 20 230   M    M   0        27 230
28  77  66  72   9   0   7 0.01  0.0    0  8.9 16 210   M    M   3 1      21 220
================================================================================
SM 1871 1481       163  28  2.18     0.0 300.6          M       62
================================================================================
AV 66.8 52.9                              10.7 FASTST   M    M   2    MAX(MPH)
                                 MISC ---->  # 30 200               # 47  300
================================================================================
NOTES:
# LAST OF SEVERAL OCCURRENCES

COLUMN 17 PEAK WIND IN M.P.H.

PRELIMINARY LOCAL CLIMATOLOGICAL DATA (WS FORM: F-6) , PAGE 2

                                          STATION:  CAPE HATTERAS NC
                                          MONTH:    APRIL
                                          YEAR:     2016
                                          LATITUDE:   35 13 N
                                          LONGITUDE:  75 37 W

[TEMPERATURE DATA]      [PRECIPITATION DATA]       SYMBOLS USED IN COLUMN 16

AVERAGE MONTHLY: 59.9   TOTAL FOR MONTH:   2.18    1 = FOG OR MIST
DPTR FM NORMAL:   0.6   DPTR FM NORMAL:   -1.25    2 = FOG REDUCING VISIBILITY
HIGHEST:    78 ON 19    GRTST 24HR  0.97 ON 31- 1      TO 1/4 MILE OR LESS
LOWEST:     40 ON  5                               3 = THUNDER
                        SNOW, ICE PELLETS, HAIL    4 = ICE PELLETS
                        TOTAL MONTH:   0.0 INCH    5 = HAIL
                        GRTST 24HR     0.0         6 = FREEZING RAIN OR DRIZZLE
                        GRTST DEPTH:   0           7 = DUSTSTORM OR SANDSTORM:
                                                       VSBY 1/2 MILE OR LESS
                                                   8 = SMOKE OR HAZE
[NO. OF DAYS WITH]      [WEATHER - DAYS WITH]      9 = BLOWING SNOW
                                                   X = TORNADO
MAX 32 OR BELOW:   0    0.01 INCH OR MORE:   6
MAX 90 OR ABOVE:   0    0.10 INCH OR MORE:   4
MIN 32 OR BELOW:   0    0.50 INCH OR MORE:   2
MIN  0 OR BELOW:   0    1.00 INCH OR MORE:   0

[HDD (BASE 65) ]
TOTAL THIS MO.   163    CLEAR  (SCALE 0-3)  18
DPTR FM NORMAL   -21    PTCLDY (SCALE 4-7)  10
TOTAL FM JUL 1  1673    CLOUDY (SCALE 8-10)  0
DPTR FM NORMAL  -854

[CDD (BASE 65) ]
TOTAL THIS MO.    28
DPTR FM NORMAL     9    [PRESSURE DATA]
TOTAL FM JAN 1    55    HIGHEST SLP M ON M
DPTR FM NORMAL    33    LOWEST  SLP 29.50 ON  2

[REMARKS]
