000
CXUS52 KMHX 290700
CF6HSE
PRELIMINARY LOCAL CLIMATOLOGICAL DATA (WS FORM: F-6)

                                          STATION:   CAPE HATTERAS NC
                                          MONTH:     MARCH
                                          YEAR:      2017
                                          LATITUDE:   35 13 N
                                          LONGITUDE:  75 37 W

  TEMPERATURE IN F:       :PCPN:    SNOW:  WIND      :SUNSHINE: SKY     :PK WND
================================================================================
1   2   3   4   5  6A  6B    7    8   9   10  11  12  13   14  15   16   17  18
                                     12Z  AVG MX 2MIN
DY MAX MIN AVG DEP HDD CDD  WTR  SNW DPTH SPD SPD DIR MIN PSBL S-S WX    SPD DR
================================================================================

 1  76  68  72  24   0   7 0.00  0.0    0 17.3 24 230   M    M   3 18     37 210
 2  71  54  63  14   2   0 0.45  0.0    0 10.6 25 230   M    M   5 18     41 290
 3  58  45  52   3  13   0 0.00  0.0    0  9.3 18 300   M    M   2        30 310
 4  47  31  39 -10  26   0 0.00  0.0    0  5.6 13  30   M    M   0        23  30
 5  45  30  38 -11  27   0 0.00  0.0    0  8.2 16  20   M    M   0        26  10
 6  59  33  46  -3  19   0 0.00  0.0    0  4.6  8 240   M    M   0 8      12 210
 7  69  52  61  11   4   0 0.00  0.0    0 10.8 17 220   M    M   2 8      27 210
 8  69  44  57   7   8   0 0.01    M    0 10.2 24 220   M    M   4 8      41 220
 9  73  45  59   9   6   0 0.00  0.0    0  7.0 16 180   M    M   0 18     20 180
10  69  47  58   8   7   0    T    M    0 13.1 23 270   M    M   2 8      39  10
11  50  40  45  -5  20   0 0.00  0.0    0  6.1 12 140   M    M   0 8      20 350
12  47  36  42  -8  23   0 0.11  0.0    0  8.3 15  40   M    M   6 18     25  20
13  63  40  52   1  13   0 0.88    M    0 17.7 37 130   M    M   5 18     50 130
14  66  42  54   3  11   0 0.81    M    M 17.3 41 140   M    M   8 18     54 150
15  42  32  37 -14  28   0 0.00  0.0    0 14.9 22 300   M    M   3        36 330
16  44  34  39 -12  26   0 0.00  0.0    0  8.1 17 300   M    M   0 8      27 320
17  56  42  49  -3  16   0    T    M    0  7.7 15 230   M    M   1        21 210
18  59  50  55   3  10   0 1.03  0.0    0  7.5 20 250   M    M  10 18     29 250
19  50  42  46  -6  19   0 0.01    M    0  7.9 18  10   M    M   7 18     33  10
20  55  43  49  -3  16   0 0.00  0.0    0  4.9 10 320   M    M   0 18     18  30
21  70  51  61   8   4   0 0.01  0.0    0  6.9 16 240   M    M   5 18     23 240
22  58  43  51  -2  14   0 0.76    M    0 11.0 23  40   M    M   2 18     40  20
23  48  38  43 -10  22   0 0.00  0.0    0 10.2 17  30   M    M   0        28  40
24  67  43  55   1  10   0 0.00  0.0    0  7.9 13 210   M    M   0 8      16 220
25  72  59  66  12   0   1 0.00  0.0    0  8.9 14 250   M    M   0 8      19 240
26  78  60  69  15   0   4 0.00  0.0    0  5.0 12 170   M    M   4 8      14 170
27  77  65  71  17   0   6 0.00  0.0    0  8.4 14 210   M    M   2 8      20 220
28  75  63  69  14   0   4 0.17  0.0    0  8.0 16 250   M    M   4 18     25 240
================================================================================
SM 1713 1272       344  22  4.24     0.0 263.4          M       75
================================================================================
AV 61.2 45.4                               9.4 FASTST   M    M   3    MAX(MPH)
                                 MISC ---->  # 41 140               # 54  150
================================================================================
NOTES:
# LAST OF SEVERAL OCCURRENCES

COLUMN 17 PEAK WIND IN M.P.H.

PRELIMINARY LOCAL CLIMATOLOGICAL DATA (WS FORM: F-6) , PAGE 2

                                          STATION:  CAPE HATTERAS NC
                                          MONTH:    MARCH
                                          YEAR:     2017
                                          LATITUDE:   35 13 N
                                          LONGITUDE:  75 37 W

[TEMPERATURE DATA]      [PRECIPITATION DATA]       SYMBOLS USED IN COLUMN 16

AVERAGE MONTHLY: 53.3   TOTAL FOR MONTH:   4.24    1 = FOG OR MIST
DPTR FM NORMAL:   2.1   DPTR FM NORMAL:   -0.06    2 = FOG REDUCING VISIBILITY
HIGHEST:    78 ON 26    GRTST 24HR  1.03 ON 18-18      TO 1/4 MILE OR LESS
LOWEST:     30 ON  5                               3 = THUNDER
                        SNOW, ICE PELLETS, HAIL    4 = ICE PELLETS
                        TOTAL MONTH:   0.0 INCH    5 = HAIL
                        GRTST 24HR     0.0         6 = FREEZING RAIN OR DRIZZLE
                        GRTST DEPTH:   0           7 = DUSTSTORM OR SANDSTORM:
                                                       VSBY 1/2 MILE OR LESS
                                                   8 = SMOKE OR HAZE
[NO. OF DAYS WITH]      [WEATHER - DAYS WITH]      9 = BLOWING SNOW
                                                   X = TORNADO
MAX 32 OR BELOW:   0    0.01 INCH OR MORE:  10
MAX 90 OR ABOVE:   0    0.10 INCH OR MORE:   7
MIN 32 OR BELOW:   3    0.50 INCH OR MORE:   4
MIN  0 OR BELOW:   0    1.00 INCH OR MORE:   1

[HDD (BASE 65) ]
TOTAL THIS MO.   344    CLEAR  (SCALE 0-3)  16
DPTR FM NORMAL   -44    PTCLDY (SCALE 4-7)  11
TOTAL FM JUL 1  1666    CLOUDY (SCALE 8-10)  1
DPTR FM NORMAL  -646

[CDD (BASE 65) ]
TOTAL THIS MO.    22
DPTR FM NORMAL    22    [PRESSURE DATA]
TOTAL FM JAN 1    30    HIGHEST SLP M ON M
DPTR FM NORMAL    30    LOWEST  SLP 29.47 ON 14

[REMARKS]
