000
CXUS52 KMHX 270700
CF6HSE
PRELIMINARY LOCAL CLIMATOLOGICAL DATA (WS FORM: F-6)

                                          STATION:   CAPE HATTERAS NC
                                          MONTH:     MAY
                                          YEAR:      2016
                                          LATITUDE:   35 13 N
                                          LONGITUDE:  75 37 W

  TEMPERATURE IN F:       :PCPN:    SNOW:  WIND      :SUNSHINE: SKY     :PK WND
================================================================================
1   2   3   4   5  6A  6B    7    8   9   10  11  12  13   14  15   16   17  18
                                     12Z  AVG MX 2MIN
DY MAX MIN AVG DEP HDD CDD  WTR  SNW DPTH SPD SPD DIR MIN PSBL S-S WX    SPD DR
================================================================================

 1  73  59  66   3   0   1 0.00  0.0    0  6.9 13 210   M    M   3        18 210
 2  77  67  72   8   0   7 0.00  0.0    0  9.2 15 220   M    M   2        22 210
 3  73  65  69   5   0   4 0.33  0.0    0 11.0 23 280   M    M   5 1      36 290
 4  73  59  66   2   0   1 1.12  0.0    0  5.9 14  40   M    M   7 1      21  30
 5  60  53  57  -7   8   0 0.17  0.0    0 10.4 14  30   M    M   9 1      25  40
 6  64  50  57  -7   8   0    T  0.0    0  7.3 17 240   M    M   7        24 250
 7  73  56  65   0   0   0 0.00  0.0    0  6.9 15 250   M    M   3        20 280
 8  81  63  72   7   0   7    T  0.0    0  9.7 15 260   M    M   2        24 270
 9  79  63  71   6   0   6    T  0.0    0  7.7 14 120   M    M   2        18 120
10  78  68  73   7   0   8 0.00  0.0    0  7.1 15 250   M    M   1        21 290
11  79  69  74   8   0   9    T  0.0    0  8.0 13 230   M    M   0        18 220
12  75  64  70   4   0   5 0.41  0.0    0  5.2 14 280   M    M   7 1      21 270
13  78  64  71   5   0   6 0.59  0.0    0  8.2 20 240   M    M   6 1      25 240
14  76  65  71   5   0   6 0.00  0.0    0  8.5 20 240   M    M   2 1      26 250
15  72  60  66  -1   0   1 0.00  0.0    0  8.2 15 280   M    M   1        24 280
16  71  58  65  -2   0   0 0.00  0.0    0  7.1 12 210   M    M   0        19  50
17  78  61  70   3   0   5 0.45  0.0    0  8.2 20 210   M    M   4 1      26 220
18  71  61  66  -2   0   1 0.32  0.0    0  9.3 14  40   M    M   8        27  40
19  68  58  63  -5   2   0 0.00  0.0    0  9.9 15  40   M    M   5        23  40
20  76  63  70   2   0   5    T  0.0    0  8.9 14  80   M    M  10        20  60
21  76  66  71   3   0   6 0.88  0.0    0 10.7 25 140   M    M   5 1      35 210
22  66  60  63  -6   2   0 0.10  0.0    0  6.3 10  20   M    M   8 1      18  20
23  68  59  64  -5   1   0 0.08  0.0    0  7.9 13 330   M    M   6 1      20  10
24  74  61  68  -1   0   3 0.00  0.0    0 10.3 17 240   M    M   0        24 230
25  80  66  73   3   0   8 0.00  0.0    0  7.8 12 280   M    M   0        18 270
26  79  68  74   4   0   9 0.00  0.0    0  7.2 13 210   M    M   0        16 210
================================================================================
SM 1918 1606        21  98  4.45     0.0 213.8          M      103
================================================================================
AV 73.8 61.8                               8.2 FASTST   M    M   4    MAX(MPH)
                                 MISC ---->  # 25 140               # 36  290
================================================================================
NOTES:
# LAST OF SEVERAL OCCURRENCES

COLUMN 17 PEAK WIND IN M.P.H.

PRELIMINARY LOCAL CLIMATOLOGICAL DATA (WS FORM: F-6) , PAGE 2

                                          STATION:  CAPE HATTERAS NC
                                          MONTH:    MAY
                                          YEAR:     2016
                                          LATITUDE:   35 13 N
                                          LONGITUDE:  75 37 W

[TEMPERATURE DATA]      [PRECIPITATION DATA]       SYMBOLS USED IN COLUMN 16

AVERAGE MONTHLY: 67.8   TOTAL FOR MONTH:   4.45    1 = FOG OR MIST
DPTR FM NORMAL:   1.3   DPTR FM NORMAL:    1.44    2 = FOG REDUCING VISIBILITY
HIGHEST:    81 ON  8    GRTST 24HR  1.12 ON  4- 4      TO 1/4 MILE OR LESS
LOWEST:     50 ON  6                               3 = THUNDER
                        SNOW, ICE PELLETS, HAIL    4 = ICE PELLETS
                        TOTAL MONTH:   0.0 INCH    5 = HAIL
                        GRTST 24HR     0.0         6 = FREEZING RAIN OR DRIZZLE
                        GRTST DEPTH:   0           7 = DUSTSTORM OR SANDSTORM:
                                                       VSBY 1/2 MILE OR LESS
                                                   8 = SMOKE OR HAZE
[NO. OF DAYS WITH]      [WEATHER - DAYS WITH]      9 = BLOWING SNOW
                                                   X = TORNADO
MAX 32 OR BELOW:   0    0.01 INCH OR MORE:  10
MAX 90 OR ABOVE:   0    0.10 INCH OR MORE:   9
MIN 32 OR BELOW:   0    0.50 INCH OR MORE:   3
MIN  0 OR BELOW:   0    1.00 INCH OR MORE:   1

[HDD (BASE 65) ]
TOTAL THIS MO.    21    CLEAR  (SCALE 0-3)  13
DPTR FM NORMAL   -26    PTCLDY (SCALE 4-7)  11
TOTAL FM JUL 1  1700    CLOUDY (SCALE 8-10)  2
DPTR FM NORMAL  -881

[CDD (BASE 65) ]
TOTAL THIS MO.    98
DPTR FM NORMAL    13    [PRESSURE DATA]
TOTAL FM JAN 1   153    HIGHEST SLP M ON M
DPTR FM NORMAL    40    LOWEST  SLP 29.57 ON  4

[REMARKS]
