000
CXUS53 KGID 210730
CF6HSI
PRELIMINARY LOCAL CLIMATOLOGICAL DATA (WS FORM: F-6)

                                          STATION:   HASTINGS NE
                                          MONTH:     AUGUST
                                          YEAR:      2017
                                          LATITUDE:   40 35 N
                                          LONGITUDE:  98 26 W

  TEMPERATURE IN F:       :PCPN:    SNOW:  WIND      :SUNSHINE: SKY     :PK WND
================================================================================
1   2   3   4   5  6A  6B    7    8   9   10  11  12  13   14  15   16   17  18
                                     12Z  AVG MX 2MIN
DY MAX MIN AVG DEP HDD CDD  WTR  SNW DPTH SPD SPD DIR MIN PSBL S-S WX    SPD DR
================================================================================

 1  83  60  72  -5   0   7 0.00  0.0    0  3.3 12  90   M    M   1 12     15 100
 2  83  62  73  -4   0   8 0.68  0.0    0  4.6 39 330   M    M   0 13     49 330
 3  75  55  65 -11   0   0 0.23  0.0    0 11.6 23 340   M    M   2 13     27 340
 4  75  49  62 -14   3   0 0.00  0.0    0  6.8 15 140   M    M   3 1      23 130
 5  78  60  69  -7   0   4 0.04  0.0    0 11.9 23 140   M    M   7 3      29 130
 6  70  58  64 -12   1   0 0.00  0.0    0  5.4 10  10   M    M   8 1      14  40
 7  78  58  68  -8   0   3 0.00  0.0    0  5.4 15  30   M    M   3 1      19  40
 8  80  56  68  -8   0   3 0.00  0.0    0  4.8 13 160   M    M   2 18     17 150
 9  78  63  71  -5   0   6 0.13  0.0    0  6.6 17 170   M    M   5 1      25 170
10  76  59  68  -8   0   3 0.04  0.0    0  4.0 14  40   M    M   7 12     18  40
11  79  56  68  -7   0   3 0.00  0.0    0  4.5 10 350   M    M   1        12 340
12  82  59  71  -4   0   6 0.22  0.0    0 10.6 22 170   M    M   2 13     29 180
13  83  63  73  -2   0   8 0.01  0.0    0  8.1 18 190   M    M   5        30 200
14  87  66  77   2   0  12 0.02  0.0    0  7.5 15  60   M    M   1 1      20  60
15  93  64  79   4   0  14 1.44  0.0    0 10.7 24  40   M    M   4 13     30  40
16  80  60  70  -4   0   5 1.30  0.0    0 11.8 28 310   M    M   5 13     35 320
17  84  55  70  -4   0   5 0.00  0.0    0  7.0 17 270   M    M   0        21 270
18  86  61  74   0   0   9 0.01  0.0    0  5.5 16 130   M    M   0 3      22 330
19  91  61  76   2   0  11 0.17  0.0    0  8.6 28 300   M    M   0 38     35 280
20  89  64  77   3   0  12 0.05  0.0    0 10.8 21  90   M    M   1 3      29  60
================================================================================
SM 1630 1189         4 119  4.34     0.0 149.5          M       57
================================================================================
AV 81.5 59.5                               7.5 FASTST   M    M   3    MAX(MPH)
                                 MISC ---->  # 39 330               # 49  330
================================================================================
NOTES:
# LAST OF SEVERAL OCCURRENCES

COLUMN 17 PEAK WIND IN M.P.H.

PRELIMINARY LOCAL CLIMATOLOGICAL DATA (WS FORM: F-6) , PAGE 2

                                          STATION:  HASTINGS NE
                                          MONTH:    AUGUST
                                          YEAR:     2017
                                          LATITUDE:   40 35 N
                                          LONGITUDE:  98 26 W

[TEMPERATURE DATA]      [PRECIPITATION DATA]       SYMBOLS USED IN COLUMN 16

AVERAGE MONTHLY: 70.5   TOTAL FOR MONTH:   4.34    1 = FOG OR MIST
DPTR FM NORMAL:  -4.9   DPTR FM NORMAL:    2.41    2 = FOG REDUCING VISIBILITY
HIGHEST:    93 ON 15    GRTST 24HR  1.44 ON 15-15      TO 1/4 MILE OR LESS
LOWEST:     49 ON  4                               3 = THUNDER
                        SNOW, ICE PELLETS, HAIL    4 = ICE PELLETS
                        TOTAL MONTH:   0.0 INCH    5 = HAIL
                        GRTST 24HR     0.0         6 = FREEZING RAIN OR DRIZZLE
                        GRTST DEPTH:   0           7 = DUSTSTORM OR SANDSTORM:
                                                       VSBY 1/2 MILE OR LESS
                                                   8 = SMOKE OR HAZE
[NO. OF DAYS WITH]      [WEATHER - DAYS WITH]      9 = BLOWING SNOW
                                                   X = TORNADO
MAX 32 OR BELOW:   0    0.01 INCH OR MORE:  13
MAX 90 OR ABOVE:   2    0.10 INCH OR MORE:   7
MIN 32 OR BELOW:   0    0.50 INCH OR MORE:   3
MIN  0 OR BELOW:   0    1.00 INCH OR MORE:   2

[HDD (BASE 65) ]
TOTAL THIS MO.     4    CLEAR  (SCALE 0-3)  13
DPTR FM NORMAL     4    PTCLDY (SCALE 4-7)   7
TOTAL FM JUL 1     4    CLOUDY (SCALE 8-10)  0
DPTR FM NORMAL     3

[CDD (BASE 65) ]
TOTAL THIS MO.   119
DPTR FM NORMAL   -90    [PRESSURE DATA]
TOTAL FM JAN 1   886    HIGHEST SLP M ON M
DPTR FM NORMAL    17    LOWEST  SLP 29.70 ON 16

[REMARKS]
