000
CXUS53 KAPX 290631
CF6HTL
PRELIMINARY LOCAL CLIMATOLOGICAL DATA (WS FORM: F-6)

                                          STATION:   HOUGHTON LAKE MI
                                          MONTH:     JULY
                                          YEAR:      2014
                                          LATITUDE:   44 22 N
                                          LONGITUDE:  84 41 W

  TEMPERATURE IN F:       :PCPN:    SNOW:  WIND      :SUNSHINE: SKY     :PK WND
================================================================================
1   2   3   4   5  6A  6B    7    8   9   10  11  12  13   14  15   16   17  18
                                     12Z  AVG MX 2MIN
DY MAX MIN AVG DEP HDD CDD  WTR  SNW DPTH SPD SPD DIR MIN PSBL S-S WX    SPD DR
================================================================================

 1  78  66  72   6   0   7 0.07  0.0    0 12.9 17 220   M    M   6        33 190
 2  68  55  62  -4   3   0 0.01  0.0    0  9.2 16 290   M    M   7 18     21 290
 3  73  52  63  -4   2   0 0.00  0.0    0  6.3 15  80   M    M   4        21 320
 4  77  46  62  -5   3   0 0.00  0.0    0  4.9 15 340   M    M   0 1      21 330
 5  78  42  60  -7   5   0 0.00  0.0    0  7.9 20 230   M    M   0 1      26 230
 6  77  61  69   2   0   4 0.07  0.0    0  9.6 16 190   M    M   6 138    30 310
 7  81  67  74   7   0   9 0.05  0.0    0 10.8 21 270   M    M   3 1      28 270
 8  71  51  61  -6   4   0 0.01  0.0    0 10.5 15 290   M    M   9 1      32 290
 9  69  50  60  -7   5   0 0.00  0.0    0  7.8 14 310   M    M   5        20 290
10  74  40  57 -10   8   0 0.00  0.0    0  3.4 12 200   M    M   1 12     17  10
11  80  43  62  -5   3   0 0.00  0.0    0  5.6 12 170   M    M   2        15 180
12  80  62  71   4   0   6 0.20  0.0    0  7.1 14 190   M    M   6 138    18 200
13  76  49  63  -4   2   0 0.14  0.0    0  9.5 20 270   M    M   4 1      30 270
14  78  46  62  -5   3   0 0.10  0.0    0  6.8 15 320   M    M   3 1      18 320
15  61  51  56 -11   9   0 1.26  0.0    0 10.5 20 310   M    M   9 13     27 280
16  70  48  59  -8   6   0 0.00  0.0    0  8.5 18 300   M    M   7        27 310
17  75  42  59  -8   6   0 0.00  0.0    0  3.8 13 320   M    M   1 1      16 280
18  76  44  60  -7   5   0 0.00  0.0    0  3.8 13 150   M    M   1 1      16 150
19  79  49  64  -3   1   0 0.00  0.0    0  4.3 10 190   M    M   1 1      14 140
20  80  50  65  -2   0   0 0.00  0.0    0  3.2 12 180   M    M   4 12     15 180
21  83  52  68   1   0   3 0.00  0.0    0  6.0 13 210   M    M   0 1      19 230
22  86  59  73   6   0   8 0.42  0.0    0  9.8 20 200   M    M   4 13     27 210
23  68  54  61  -6   4   0 0.00  0.0    0  9.0 17 340   M    M   8        26 350
24  72  45  59  -8   6   0 0.00  0.0    0  4.8 13 360   M    M   1 1      16 350
25  76  42  59  -8   6   0 0.01  0.0    0  5.6 12 230   M    M   5 1       M  M
26  76  61  69   2   0   4 0.10  0.0    0  8.3 15 250   M    M   8 13     20 210
27  81  61  71   4   0   6 0.23  0.0    0  6.3 23 360   M    M   7 123    29 360
28  64  46  55 -12  10   0 0.00  0.0    0  8.1 17 350   M    M   6        23  10
================================================================================
SM 2107 1434        91  47  2.67     0.0 204.3          M      118
================================================================================
AV 75.2 51.2                               7.3 FASTST   M    M   4    MAX(MPH)
                                 MISC ---->  # 23 360                 33    M
================================================================================
NOTES:
# LAST OF SEVERAL OCCURRENCES

COLUMN 17 PEAK WIND IN M.P.H.

PRELIMINARY LOCAL CLIMATOLOGICAL DATA (WS FORM: F-6) , PAGE 2

                                          STATION:  HOUGHTON LAKE MI
                                          MONTH:    JULY
                                          YEAR:     2014
                                          LATITUDE:   44 22 N
                                          LONGITUDE:  84 41 W

[TEMPERATURE DATA]      [PRECIPITATION DATA]       SYMBOLS USED IN COLUMN 16

AVERAGE MONTHLY: 63.2   TOTAL FOR MONTH:   2.67    1 = FOG OR MIST
DPTR FM NORMAL:  -3.7   DPTR FM NORMAL:    0.21    2 = FOG REDUCING VISIBILITY
HIGHEST:    86 ON 22    GRTST 24HR  1.36 ON 14-15      TO 1/4 MILE OR LESS
LOWEST:     40 ON 10                               3 = THUNDER
                        SNOW, ICE PELLETS, HAIL    4 = ICE PELLETS
                        TOTAL MONTH:   0.0 INCH    5 = HAIL
                        GRTST 24HR     0.0         6 = FREEZING RAIN OR DRIZZLE
                        GRTST DEPTH:   0           7 = DUSTSTORM OR SANDSTORM:
                                                       VSBY 1/2 MILE OR LESS
                                                   8 = SMOKE OR HAZE
[NO. OF DAYS WITH]      [WEATHER - DAYS WITH]      9 = BLOWING SNOW
                                                   X = TORNADO
MAX 32 OR BELOW:   0    0.01 INCH OR MORE:  13
MAX 90 OR ABOVE:   0    0.10 INCH OR MORE:   7
MIN 32 OR BELOW:   0    0.50 INCH OR MORE:   1
MIN  0 OR BELOW:   0    1.00 INCH OR MORE:   1

[HDD (BASE 65) ]
TOTAL THIS MO.    91    CLEAR  (SCALE 0-3)  10
DPTR FM NORMAL    51    PTCLDY (SCALE 4-7)  16
TOTAL FM JUL 1    91    CLOUDY (SCALE 8-10)  2
DPTR FM NORMAL    51

[CDD (BASE 65) ]
TOTAL THIS MO.    47
DPTR FM NORMAL   -60    [PRESSURE DATA]
TOTAL FM JAN 1   135    HIGHEST SLP M ON M
DPTR FM NORMAL   -47    LOWEST  SLP 29.47 ON  8

[REMARKS]
