000
CXUS53 KAPX 230631
CF6HTL
PRELIMINARY LOCAL CLIMATOLOGICAL DATA (WS FORM: F-6)

                                          STATION:   HOUGHTON LAKE MI
                                          MONTH:     JANUARY
                                          YEAR:      2018
                                          LATITUDE:   44 22 N
                                          LONGITUDE:  84 41 W

  TEMPERATURE IN F:       :PCPN:    SNOW:  WIND      :SUNSHINE: SKY     :PK WND
================================================================================
1   2   3   4   5  6A  6B    7    8   9   10  11  12  13   14  15   16   17  18
                                     12Z  AVG MX 2MIN
DY MAX MIN AVG DEP HDD CDD  WTR  SNW DPTH SPD SPD DIR MIN PSBL S-S WX    SPD DR
================================================================================

 1  10   1   6 -14  59   0 0.01  0.3    7 12.0 18 280   M    M   9 18     23 290
 2  18   9  14  -6  51   0    T    T    7 13.5 23 250   M    M   4        31 250
 3  18   7  13  -6  52   0 0.02  1.0    7 11.3 22 330   M    M   9 18     30 310
 4   8  -4   2 -17  63   0    T    T    8 10.4 22 320   M    M   5 8      29  10
 5   4 -14  -5 -24  70   0 0.00  0.0    7  6.4 22 320   M    M   1        28 320
 6   5 -20  -7 -26  72   0 0.00  0.0    7  3.0  9 300   M    M   1        12 300
 7  29   0  15  -4  50   0 0.00  0.0    7 12.5 22 210   M    M   9 8      27 210
 8  30  22  26   8  39   0 0.05  0.6    7 11.1 21 270   M    M   8 18     27 280
 9  32   5  19   1  46   0 0.00  0.0    7  3.6 12 310   M    M   3        15 310
10  43  21  32  14  33   0    T  0.0    7 10.0 17 170   M    M   7 16     26 160
11  52  32  42  24  23   0 0.63  0.0    5 10.4 18 320   M    M  10 1      25 200
12  32   9  21   3  44   0    T    T    3 16.5 25 330   M    M   5 1      36 330
13  14   8  11  -7  54   0    T    T    2  8.4 17 340   M    M   9 8      23 350
14  18   3  11  -7  54   0 0.00  0.0    2  7.0 16 170   M    M   5        21 150
15  17   4  11  -7  54   0 0.13  0.7    2  8.0 16 110   M    M  10 1      23 160
16  19   0  10  -8  55   0    T    T    3  6.0 13  30   M    M   7 18     16  20
17  23  -3  10  -8  55   0    T    T    3 11.3 21 230   M    M   5 1      31 250
18  31  19  25   7  40   0 0.00  0.0    3 10.3 18 220   M    M   2        27 260
19  40  22  31  13  34   0 0.00  0.0    3  9.8 18 240   M    M   0 1      25 240
20  42  30  36  18  29   0 0.00  0.0    2  5.5 17 250   M    M   0        26 260
21  42  25  34  16  31   0 0.00  0.0    2  1.2  7 240   M    M   3 128     8 240
22  35  33  34  16  31   0 0.50  0.0    T 10.0 25  80   M    M  10 12     36  70
================================================================================
SM  562  209      1039   0  1.34     2.6 198.2          M      122
================================================================================
AV 25.6  9.5                               9.0 FASTST   M    M   6    MAX(MPH)
                                 MISC ---->  # 25 330               # 36  330
================================================================================
NOTES:
# LAST OF SEVERAL OCCURRENCES

COLUMN 17 PEAK WIND IN M.P.H.

PRELIMINARY LOCAL CLIMATOLOGICAL DATA (WS FORM: F-6) , PAGE 2

                                          STATION:  HOUGHTON LAKE MI
                                          MONTH:    JANUARY
                                          YEAR:     2018
                                          LATITUDE:   44 22 N
                                          LONGITUDE:  84 41 W

[TEMPERATURE DATA]      [PRECIPITATION DATA]       SYMBOLS USED IN COLUMN 16

AVERAGE MONTHLY: 17.5   TOTAL FOR MONTH:   1.34    1 = FOG OR MIST
DPTR FM NORMAL:  -0.9   DPTR FM NORMAL:    0.22    2 = FOG REDUCING VISIBILITY
HIGHEST:    52 ON 11    GRTST 24HR  0.63 ON 11-11      TO 1/4 MILE OR LESS
LOWEST:    -20 ON  6                               3 = THUNDER
                        SNOW, ICE PELLETS, HAIL    4 = ICE PELLETS
                        TOTAL MONTH:   2.6 INCHES  5 = HAIL
                        GRTST 24HR   1.0 ON  3- 3  6 = FREEZING RAIN OR DRIZZLE
                        GRTST DEPTH:   8 ON  4     7 = DUSTSTORM OR SANDSTORM:
                                                       VSBY 1/2 MILE OR LESS
                                                   8 = SMOKE OR HAZE
[NO. OF DAYS WITH]      [WEATHER - DAYS WITH]      9 = BLOWING SNOW
                                                   X = TORNADO
MAX 32 OR BELOW:  16    0.01 INCH OR MORE:   6
MAX 90 OR ABOVE:   0    0.10 INCH OR MORE:   3
MIN 32 OR BELOW:  21    0.50 INCH OR MORE:   2
MIN  0 OR BELOW:   6    1.00 INCH OR MORE:   0

[HDD (BASE 65) ]
TOTAL THIS MO.  1039    CLEAR  (SCALE 0-3)   6
DPTR FM NORMAL    12    PTCLDY (SCALE 4-7)   8
TOTAL FM JUL 1  4038    CLOUDY (SCALE 8-10)  8
DPTR FM NORMAL  -146

[CDD (BASE 65) ]
TOTAL THIS MO.     0
DPTR FM NORMAL     0    [PRESSURE DATA]
TOTAL FM JAN 1     0    HIGHEST SLP M ON M
DPTR FM NORMAL     0    LOWEST  SLP 29.50 ON 19

[REMARKS]
