000
CXUS53 KIND 300730
CF6HUF
PRELIMINARY LOCAL CLIMATOLOGICAL DATA (WS FORM: F-6)

                                          STATION:   TERRE HAUTE IN
                                          MONTH:     OCTOBER
                                          YEAR:      2014
                                          LATITUDE:   39 27 N
                                          LONGITUDE:  87 18 W

  TEMPERATURE IN F:       :PCPN:    SNOW:  WIND      :SUNSHINE: SKY     :PK WND
================================================================================
1   2   3   4   5  6A  6B    7    8   9   10  11  12  13   14  15   16   17  18
                                     12Z  AVG MX 2MIN
DY MAX MIN AVG DEP HDD CDD  WTR  SNW DPTH SPD SPD DIR MIN PSBL S-S WX    SPD DR
================================================================================

 1  81  49  65   5   0   0 0.00    M    M  5.1 12 170   M    M   0        17 180
 2  83  62  73  14   0   8 2.48    M    M  6.8 23 280   M    M   5 13     35 270
 3  66  46  56  -3   9   0 1.41    M    M 11.4 24 310   M    M  10 13     35 310
 4  51  40  46 -12  19   0    T    M    M 10.9 22 270   M    M   8        30 260
 5  60  38  49  -9  16   0    T    M    M  6.8 18 180   M    M   6        24 240
 6  69  41  55  -3  10   0 0.01    M    M  7.3 23 200   M    M   4 3      34 200
 7  66  43  55  -2  10   0 0.67    M    M  6.7 14 270   M    M   6 13     20 270
 8  71  40  56  -1   9   0 0.00    M    M  3.8 16 250   M    M   0 8      25 250
 9  56  43  50  -6  15   0 0.02    M    M  3.3  9  40   M    M   8        11  40
10  55  49  52  -4  13   0 0.19    M    M  5.6 10  40   M    M  10 1      13  20
11  59  41  50  -6  15   0 0.00    M    M  6.9 15  60   M    M   0        19  50
12  61  39  50  -5  15   0 0.04    M    M  7.4 13 130   M    M   6 1      16 130
13  75  61  68  13   0   3 1.10    M    M 12.8 24 160   M    M   9 13     32 150
14  65  55  60   5   5   0 0.19    M    M 11.3 25 190   M    M  10 1      33 180
15  59  53  56   2   9   0 0.11    M    M  6.7 14 300   M    M  10 1      20 300
16  59  51  55   1  10   0 0.00    M    M  6.3 12 260   M    M   8 1      16 250
17  69  50  60   6   5   0 0.00    M    M  9.6 20 290   M    M   4        27 290
18  56  47  52  -1  13   0 0.02    M    M  8.0 16 350   M    M   9        22 360
19  55  36  46  -7  19   0 0.00    M    M  3.0 12 200   M    M   4        14 250
20  71  47  59   6   6   0    T    M    M  8.3 17 290   M    M   4        22 290
21  59  44  52   0  13   0 0.00    M    M  6.7 15  20   M    M   7        20  30
22  60  34  47  -5  18   0 0.00    M    M  3.5 10  90   M    M   0        15  90
23  60  35  48  -4  17   0 0.00    M    M  2.3 10 210   M    M   0 1      15 210
24  68  41  55   3  10   0 0.27    M    M  2.8 12 250   M    M   4 18     14 250
25  79  48  64  13   1   0 0.00    M    M  5.6 13 290   M    M   2 18     17 290
26  70  39  55   4  10   0 0.00    M    M  2.4  8 200   M    M   0        12 190
27  79  52  66  15   0   1    T    M    M 12.4 29 200   M    M   0 1      37 200
28  69  50  60  10   5   0 0.68    M    M  9.5 20 300   M    M   4 13     26 260
29  53  37  45  -5  20   0 0.00    M    M  7.0 18 260   M    M   3        25 260
================================================================================
SM 1884 1311       292  12  7.19    M    200.2          M      141
================================================================================
AV 65.0 45.2                               6.9 FASTST   M    M   5    MAX(MPH)
                                 MISC ---->  # 29 200               # 37  200
================================================================================
NOTES:
# LAST OF SEVERAL OCCURRENCES

COLUMN 17 PEAK WIND IN M.P.H.

PRELIMINARY LOCAL CLIMATOLOGICAL DATA (WS FORM: F-6) , PAGE 2

                                          STATION:  TERRE HAUTE IN
                                          MONTH:    OCTOBER
                                          YEAR:     2014
                                          LATITUDE:   39 27 N
                                          LONGITUDE:  87 18 W

[TEMPERATURE DATA]      [PRECIPITATION DATA]       SYMBOLS USED IN COLUMN 16

AVERAGE MONTHLY: 55.1   TOTAL FOR MONTH:   7.19    1 = FOG OR MIST
DPTR FM NORMAL:   0.6   DPTR FM NORMAL:    3.82    2 = FOG REDUCING VISIBILITY
HIGHEST:    83 ON  2    GRTST 24HR  3.74 ON  2- 3      TO 1/4 MILE OR LESS
LOWEST:     34 ON 22                               3 = THUNDER
                        SNOW, ICE PELLETS, HAIL    4 = ICE PELLETS
                        TOTAL MONTH:    M          5 = HAIL
                        GRTST 24HR    M  ON   M    6 = FREEZING RAIN OR DRIZZLE
                        GRTST DEPTH:  M  ON   M    7 = DUSTSTORM OR SANDSTORM:
                                                       VSBY 1/2 MILE OR LESS
                                                   8 = SMOKE OR HAZE
[NO. OF DAYS WITH]      [WEATHER - DAYS WITH]      9 = BLOWING SNOW
                                                   X = TORNADO
MAX 32 OR BELOW:   0    0.01 INCH OR MORE:  13
MAX 90 OR ABOVE:   0    0.10 INCH OR MORE:   9
MIN 32 OR BELOW:   0    0.50 INCH OR MORE:   5
MIN  0 OR BELOW:   0    1.00 INCH OR MORE:   3

[HDD (BASE 65) ]
TOTAL THIS MO.   292    CLEAR  (SCALE 0-3)   8
DPTR FM NORMAL   -26    PTCLDY (SCALE 4-7)  12
TOTAL FM JUL 1   397    CLOUDY (SCALE 8-10)  9
DPTR FM NORMAL     1

[CDD (BASE 65) ]
TOTAL THIS MO.    12
DPTR FM NORMAL     0    [PRESSURE DATA]
TOTAL FM JAN 1   939    HIGHEST SLP M ON M
DPTR FM NORMAL   -51    LOWEST  SLP 29.51 ON 14

[REMARKS]
