000
CXUS53 KIND 310730
CF6HUF
PRELIMINARY LOCAL CLIMATOLOGICAL DATA (WS FORM: F-6)

                                          STATION:   TERRE HAUTE IN
                                          MONTH:     AUGUST
                                          YEAR:      2015
                                          LATITUDE:   39 27 N
                                          LONGITUDE:  87 18 W

  TEMPERATURE IN F:       :PCPN:    SNOW:  WIND      :SUNSHINE: SKY     :PK WND
================================================================================
1   2   3   4   5  6A  6B    7    8   9   10  11  12  13   14  15   16   17  18
                                     12Z  AVG MX 2MIN
DY MAX MIN AVG DEP HDD CDD  WTR  SNW DPTH SPD SPD DIR MIN PSBL S-S WX    SPD DR
================================================================================

 1  85  58  72  -2   0   7 0.00    M    M  3.0 10  20   M    M   0        14  20
 2  91  59  75   1   0  10 0.00    M    M  7.0 16 200   M    M   0        21 200
 3  89  67  78   4   0  13 0.00    M    M  7.5 16 290   M    M   2        23 300
 4  82  62  72  -2   0   7 0.00    M    M  2.0 10 300   M    M   2        14 300
 5  86  60  73  -1   0   8 0.04    M    M  4.4 12 140   M    M   3 1      14 150
 6  74  60  67  -7   0   2 0.48    M    M 10.5 21  60   M    M   8 1      25  70
 7  83  57  70  -4   0   5 0.00    M    M  2.2  8  90   M    M   0 1      12  50
 8  85  59  72  -2   0   7 0.00    M    M  3.1  9 230   M    M   2 1      12 180
 9  82  67  75   2   0  10 0.01    M    M  4.6 15 170   M    M   5 18     20 150
10  88  69  79   6   0  14 0.00    M    M  5.8 17 330   M    M   5 1      25 320
11  85  64  75   2   0  10 0.00    M    M  5.8 14  10   M    M   3 1      19 340
12  82  55  69  -4   0   4 0.00    M    M  3.2 12 360   M    M   1 1      15 360
13  86  56  71  -2   0   6 0.00    M    M  1.0  9 240   M    M   1 12     11 250
14  87  61  74   1   0   9 0.00    M    M  3.2 12 240   M    M   0 1      19 220
15  90  67  79   6   0  14 0.00    M    M  2.5 10  70   M    M   2        14 140
16  89  65  77   4   0  12 0.00    M    M  3.4 14 160   M    M   1 1      18 180
17  89  64  77   4   0  12    T    M    M  3.3 12 240   M    M   1 13     17 230
18  87  67  77   4   0  12 0.03    M    M  7.1 17 170   M    M   3 1      21 250
19  83  67  75   2   0  10 0.07    M    M  8.7 18 250   M    M   6 13     26 250
20  79  55  67  -6   0   2    T    M    M  7.2 17 250   M    M   2 8      24 260
21  82  49  66  -7   0   1 0.00    M    M  1.9 12 170   M    M   1 1      15  90
22  82  52  67  -5   0   2 0.00    M    M  4.6 15 160   M    M   1        20 160
23  84  62  73   1   0   8 0.02    M    M  6.5 17 300   M    M   4 1      25 300
24  77  54  66  -6   0   1 0.00    M    M  7.3 20 250   M    M   0        25 250
25  76  47  62 -10   3   0 0.00    M    M  5.3 16 290   M    M   2        23 310
26  78  50  64  -8   1   0 0.00    M    M  4.0 12 340   M    M   5        16 340
27  82  51  67  -5   0   2 0.00    M    M  2.6  9 180   M    M   2 18     13 150
28  81  53  67  -5   0   2 0.00    M    M  4.9 13 150   M    M   2 1      17 120
29  83  63  73   1   0   8 0.00    M    M  4.6 14 180   M    M   1        19 190
30  87  60  74   3   0   9 0.00    M    M  4.1 14 200   M    M   3 12     19 200
================================================================================
SM 2514 1780         4 207  0.65    M    141.3          M       68
================================================================================
AV 83.8 59.3                               4.7 FASTST   M    M   2    MAX(MPH)
                                 MISC ---->  # 21  60               # 26  250
================================================================================
NOTES:
# LAST OF SEVERAL OCCURRENCES

COLUMN 17 PEAK WIND IN M.P.H.

PRELIMINARY LOCAL CLIMATOLOGICAL DATA (WS FORM: F-6) , PAGE 2

                                          STATION:  TERRE HAUTE IN
                                          MONTH:    AUGUST
                                          YEAR:     2015
                                          LATITUDE:   39 27 N
                                          LONGITUDE:  87 18 W

[TEMPERATURE DATA]      [PRECIPITATION DATA]       SYMBOLS USED IN COLUMN 16

AVERAGE MONTHLY: 71.6   TOTAL FOR MONTH:   0.65    1 = FOG OR MIST
DPTR FM NORMAL:  -1.4   DPTR FM NORMAL:   -2.80    2 = FOG REDUCING VISIBILITY
HIGHEST:    91 ON  2    GRTST 24HR  0.52 ON  5- 6      TO 1/4 MILE OR LESS
LOWEST:     47 ON 25                               3 = THUNDER
                        SNOW, ICE PELLETS, HAIL    4 = ICE PELLETS
                        TOTAL MONTH:    M          5 = HAIL
                        GRTST 24HR    M  ON   M    6 = FREEZING RAIN OR DRIZZLE
                        GRTST DEPTH:  M  ON   M    7 = DUSTSTORM OR SANDSTORM:
                                                       VSBY 1/2 MILE OR LESS
                                                   8 = SMOKE OR HAZE
[NO. OF DAYS WITH]      [WEATHER - DAYS WITH]      9 = BLOWING SNOW
                                                   X = TORNADO
MAX 32 OR BELOW:   0    0.01 INCH OR MORE:   6
MAX 90 OR ABOVE:   2    0.10 INCH OR MORE:   1
MIN 32 OR BELOW:   0    0.50 INCH OR MORE:   0
MIN  0 OR BELOW:   0    1.00 INCH OR MORE:   0

[HDD (BASE 65) ]
TOTAL THIS MO.     4    CLEAR  (SCALE 0-3)  23
DPTR FM NORMAL     4    PTCLDY (SCALE 4-7)   7
TOTAL FM JUL 1     4    CLOUDY (SCALE 8-10)  0
DPTR FM NORMAL     3

[CDD (BASE 65) ]
TOTAL THIS MO.   207
DPTR FM NORMAL   -35    [PRESSURE DATA]
TOTAL FM JAN 1   919    HIGHEST SLP  0.00 ON 26
DPTR FM NORMAL    45    LOWEST  SLP 29.72 ON 19

[REMARKS]
