000
CXUS53 KIND 300730
CF6HUF
PRELIMINARY LOCAL CLIMATOLOGICAL DATA (WS FORM: F-6)

                                          STATION:   TERRE HAUTE IN
                                          MONTH:     JUNE
                                          YEAR:      2015
                                          LATITUDE:   39 27 N
                                          LONGITUDE:  87 18 W

  TEMPERATURE IN F:       :PCPN:    SNOW:  WIND      :SUNSHINE: SKY     :PK WND
================================================================================
1   2   3   4   5  6A  6B    7    8   9   10  11  12  13   14  15   16   17  18
                                     12Z  AVG MX 2MIN
DY MAX MIN AVG DEP HDD CDD  WTR  SNW DPTH SPD SPD DIR MIN PSBL S-S WX    SPD DR
================================================================================

 1  63  54  59  -9   6   0 0.01    M    M  8.3 15  60   M    M   9 1      18  70
 2  74  49  62  -7   3   0 0.00    M    M  6.7 13 100   M    M   4 1      16 100
 3  72  49  61  -8   4   0 0.00    M    M  4.1 12 140   M    M   2 1      14 110
 4  81  51  66  -3   0   1 0.00    M    M  2.5 12 220   M    M   2 1      15 210
 5  85  60  73   3   0   8    T    M    M  4.7 15  20   M    M   2 138    19  40
 6  80  56  68  -2   0   3 0.00    M    M  4.9 12  60   M    M   2        16  40
 7  90  61  76   6   0  11 0.65    M    M 10.3 30 290   M    M   1 13     44 290
 8  80  66  73   2   0   8 1.29    M    M 10.0 23 170   M    M   4 13     29 180
 9  86  60  73   2   0   8 0.00    M    M  3.5 13 330   M    M   0 1      17 300
10  89  67  78   7   0  13 0.00    M    M  8.1 17 220   M    M   0        22 250
11  90  67  79   7   0  14 0.00    M    M  6.3 15 200   M    M   0        23 220
12  89  75  82  10   0  17 0.00    M    M  9.5 22 220   M    M   3 3      28 220
13  87  73  80   8   0  15 0.21    M    M 11.3 20 190   M    M   2 138    27 180
14  86  71  79   7   0  14 0.52    M    M  8.4 22 190   M    M   5 13     31 180
15  87  70  79   6   0  14 0.28    M    M  8.6 30 250   M    M   4 13     37 250
16  82  72  77   4   0  12 0.01    M    M  4.1  9 350   M    M   7         M  M
17  79  72  76   3   0  11 0.06    M    M  7.4 17 250   M    M   6 1      23 250
18  84  71  78   5   0  13 0.27    M    M  5.9 14 240   M    M   5 13     18 220
19  75  69  72  -2   0   7 1.78    M    M  6.9 15  70   M    M   9 13     20 190
20  79  69  74   0   0   9 0.00    M    M  7.3 15 230   M    M   7 1      21 210
21  82  68  75   1   0  10 0.47    M    M  6.7 21 270   M    M   4 13     29 260
22  86  70  78   4   0  13 0.00    M    M 11.0 20 200   M    M   2        31 190
23  84  66  75   1   0  10 0.00    M    M  8.0 22 210   M    M   3        29 210
24  81  63  72  -2   0   7 0.00    M    M  3.0 13 150   M    M   2        16 150
25  82  67  75   0   0  10 0.77    M    M  5.8 32 250   M    M   7 13     40 250
26  77  67  72  -3   0   7    M    M    M  5.1 13 230   M    M   7 13     17 240
27  76  59  68  -7   0   3    M    M    M  8.9 18 340   M    M   6 1      25 330
28  79  54  67  -8   0   2 0.17    M    M  5.6 16 220   M    M   4 13     21 210
29  79  65  72  -3   0   7 1.14    M    M  7.4 15 270   M    M   7 13     20 270
================================================================================
SM 2364 1861        13 247  7.63    M    200.3          M      116
================================================================================
AV 81.5 64.2                               6.9 FASTST   M    M   4    MAX(MPH)
                                 MISC ---->  # 32 250               # 44  290
================================================================================
NOTES:
# LAST OF SEVERAL OCCURRENCES

COLUMN 17 PEAK WIND IN M.P.H.

PRELIMINARY LOCAL CLIMATOLOGICAL DATA (WS FORM: F-6) , PAGE 2

                                          STATION:  TERRE HAUTE IN
                                          MONTH:    JUNE
                                          YEAR:     2015
                                          LATITUDE:   39 27 N
                                          LONGITUDE:  87 18 W

[TEMPERATURE DATA]      [PRECIPITATION DATA]       SYMBOLS USED IN COLUMN 16

AVERAGE MONTHLY: 72.8   TOTAL FOR MONTH:   7.63    1 = FOG OR MIST
DPTR FM NORMAL:   0.5   DPTR FM NORMAL:    3.32    2 = FOG REDUCING VISIBILITY
HIGHEST:    90 ON 11, 7 GRTST 24HR  1.96 ON 18-19      TO 1/4 MILE OR LESS
LOWEST:     49 ON  3, 2                            3 = THUNDER
                        SNOW, ICE PELLETS, HAIL    4 = ICE PELLETS
                        TOTAL MONTH:    M          5 = HAIL
                        GRTST 24HR    M  ON   M    6 = FREEZING RAIN OR DRIZZLE
                        GRTST DEPTH:  M  ON   M    7 = DUSTSTORM OR SANDSTORM:
                                                       VSBY 1/2 MILE OR LESS
                                                   8 = SMOKE OR HAZE
[NO. OF DAYS WITH]      [WEATHER - DAYS WITH]      9 = BLOWING SNOW
                                                   X = TORNADO
MAX 32 OR BELOW:   0    0.01 INCH OR MORE:  14
MAX 90 OR ABOVE:   2    0.10 INCH OR MORE:  11
MIN 32 OR BELOW:   0    0.50 INCH OR MORE:   6
MIN  0 OR BELOW:   0    1.00 INCH OR MORE:   3

[HDD (BASE 65) ]
TOTAL THIS MO.    13    CLEAR  (SCALE 0-3)  12
DPTR FM NORMAL     2    PTCLDY (SCALE 4-7)  15
TOTAL FM JUL 1  5850    CLOUDY (SCALE 8-10)  2
DPTR FM NORMAL   484

[CDD (BASE 65) ]
TOTAL THIS MO.   247
DPTR FM NORMAL    23    [PRESSURE DATA]
TOTAL FM JAN 1   391    HIGHEST SLP M ON M
DPTR FM NORMAL    81    LOWEST  SLP 29.67 ON  8

[REMARKS]
