000
CXUS53 KIND 210730
CF6HUF
PRELIMINARY LOCAL CLIMATOLOGICAL DATA (WS FORM: F-6)

                                          STATION:   TERRE HAUTE IN
                                          MONTH:     FEBRUARY
                                          YEAR:      2017
                                          LATITUDE:   39 27 N
                                          LONGITUDE:  87 18 W

  TEMPERATURE IN F:       :PCPN:    SNOW:  WIND      :SUNSHINE: SKY     :PK WND
================================================================================
1   2   3   4   5  6A  6B    7    8   9   10  11  12  13   14  15   16   17  18
                                     12Z  AVG MX 2MIN
DY MAX MIN AVG DEP HDD CDD  WTR  SNW DPTH SPD SPD DIR MIN PSBL S-S WX    SPD DR
================================================================================

 1  41  30  36   7  29   0    T    M    M  6.3 15 330   M    M   8        23 310
 2  33  21  27  -2  38   0 0.00    M    M  9.5 20 340   M    M   0        25 340
 3  30  18  24  -6  41   0 0.00    M    M  7.8 15 350   M    M   4        21 330
 4  38  12  25  -5  40   0 0.00    M    M  7.5 17 210   M    M   2        23 210
 5  48  28  38   8  27   0 0.00    M    M  8.4 17 220   M    M   1        25 220
 6  54  27  41  11  24   0 0.02    M    M  6.4 12 140   M    M   6 12     16 200
 7  63  39  51  21  14   0 0.05    M    M 15.0 25 190   M    M   9 13     31 300
 8  40  26  33   3  32   0    T    M    M 11.1 20  20   M    M  10 12     27 310
 9  26  13  20 -11  45   0 0.00    M    M  8.9 18 320   M    M   3        26 300
10  54  14  34   3  31   0 0.00    M    M 13.5 28 200   M    M   2        35 220
11  67  46  57  26   8   0 0.11    M    M  7.9 15 160   M    M   4 18     21 220
12  57  35  46  15  19   0    T    M    M 13.4 30 310   M    M   4 128    40 290
13  47  22  35   3  30   0 0.00    M    M  4.4 13 330   M    M   1        16 340
14  54  36  45  13  20   0 0.00    M    M  9.1 18 250   M    M   3        23 250
15  44  28  36   4  29   0 0.00    M    M 10.8 21 310   M    M   0        28 330
16  51  25  38   6  27   0 0.00    M    M  6.7 16 150   M    M   1        20 160
17  67  34  51  18  14   0 0.00    M    M 10.6 18 220   M    M   0        25 210
18  66  43  55  22  10   0 0.00    M    M  8.4 16 210   M    M   1        20 220
19  65  41  53  19  12   0 0.00    M    M  4.7 16 240   M    M   6 18     20 240
20  70  36  53  19  12   0 0.00    M    M  7.0 17 140   M    M   3 12     21 140
================================================================================
SM 1015  574       502   0  0.18    M    177.4          M       68
================================================================================
AV 50.8 28.7                               8.9 FASTST   M    M   3    MAX(MPH)
                                 MISC ---->  # 30 310               # 40  290
================================================================================
NOTES:
# LAST OF SEVERAL OCCURRENCES

COLUMN 17 PEAK WIND IN M.P.H.

PRELIMINARY LOCAL CLIMATOLOGICAL DATA (WS FORM: F-6) , PAGE 2

                                          STATION:  TERRE HAUTE IN
                                          MONTH:    FEBRUARY
                                          YEAR:     2017
                                          LATITUDE:   39 27 N
                                          LONGITUDE:  87 18 W

[TEMPERATURE DATA]      [PRECIPITATION DATA]       SYMBOLS USED IN COLUMN 16

AVERAGE MONTHLY: 39.7   TOTAL FOR MONTH:   0.18    1 = FOG OR MIST
DPTR FM NORMAL:   8.5   DPTR FM NORMAL:   -1.25    2 = FOG REDUCING VISIBILITY
HIGHEST:    70 ON 20    GRTST 24HR  0.11 ON 11-11      TO 1/4 MILE OR LESS
LOWEST:     12 ON  4                               3 = THUNDER
                        SNOW, ICE PELLETS, HAIL    4 = ICE PELLETS
                        TOTAL MONTH:    M          5 = HAIL
                        GRTST 24HR    M  ON   M    6 = FREEZING RAIN OR DRIZZLE
                        GRTST DEPTH:  M  ON   M    7 = DUSTSTORM OR SANDSTORM:
                                                       VSBY 1/2 MILE OR LESS
                                                   8 = SMOKE OR HAZE
[NO. OF DAYS WITH]      [WEATHER - DAYS WITH]      9 = BLOWING SNOW
                                                   X = TORNADO
MAX 32 OR BELOW:   2    0.01 INCH OR MORE:   3
MAX 90 OR ABOVE:   0    0.10 INCH OR MORE:   1
MIN 32 OR BELOW:  12    0.50 INCH OR MORE:   0
MIN  0 OR BELOW:   0    1.00 INCH OR MORE:   0

[HDD (BASE 65) ]
TOTAL THIS MO.   502    CLEAR  (SCALE 0-3)  12
DPTR FM NORMAL  -174    PTCLDY (SCALE 4-7)   6
TOTAL FM JUL 1  3218    CLOUDY (SCALE 8-10)  2
DPTR FM NORMAL  -708

[CDD (BASE 65) ]
TOTAL THIS MO.     0
DPTR FM NORMAL     0    [PRESSURE DATA]
TOTAL FM JAN 1     0    HIGHEST SLP M ON M
DPTR FM NORMAL     0    LOWEST  SLP 29.42 ON  7

[REMARKS]
