000
CXUS51 KCAR 280600
CF6HUL
PRELIMINARY LOCAL CLIMATOLOGICAL DATA (WS FORM: F-6)

                                          STATION:   HOULTON ME
                                          MONTH:     MARCH
                                          YEAR:      2015
                                          LATITUDE:   46  7 N
                                          LONGITUDE:  67 48 W

  TEMPERATURE IN F:       :PCPN:    SNOW:  WIND      :SUNSHINE: SKY     :PK WND
================================================================================
1   2   3   4   5  6A  6B    7    8   9   10  11  12  13   14  15   16   17  18
                                     12Z  AVG MX 2MIN
DY MAX MIN AVG DEP HDD CDD  WTR  SNW DPTH SPD SPD DIR MIN PSBL S-S WX    SPD DR
================================================================================

 1  29 -15   7 -13  58   0    T    M    M  5.3 17 220   M    M   4 1      24 200
 2  28  10  19  -1  46   0 0.06    M    M 10.0 26 310   M    M   8 1289   37 310
 3  23   4  14  -6  51   0 0.04    M    M 10.8 23 320   M    M   1 189    34 310
 4  38  18  28   7  37   0 0.07    M    M  9.8 21 290   M    M   7 18     29 290
 5  30 -14   8 -13  57   0    T    M    M  9.8 20 340   M    M   1        26 290
 6  20 -26  -3 -25  68   0 0.00    M    M  5.9 17 250   M    M   0        21 250
 7  29   5  17  -5  48   0 0.00    M    M  6.9 18 240   M    M   4        23 240
 8  30  -4  13  -9  52   0    T    M    M  4.4 15 240   M    M   4 18     19 260
 9  32  -3  15  -8  50   0    T    M    M  5.2 18 300   M    M   6 18     29 270
10  42   9  26   3  39   0 0.00    M    M  7.1 15 230   M    M   4        23 190
11  49  20  35  11  30   0    T    M    M 10.1 24 310   M    M   3        40 320
12  29  10  20  -4  45   0    T    M    M 14.0 28 340   M    M   6 128    38 330
13  27  -4  12 -12  53   0 0.00    M    M  8.7 20 340   M    M   0        27 340
14  31  -9  11 -14  54   0 0.01    M    M  3.4 14 110   M    M   6 18     19 120
15  25  17  21  -4  44   0 0.16    M    M 16.5 32  10   M    M  10 12     60 350
16  37   6  22  -3  43   0 0.00    M    M  9.3 22 360   M    M   0        27  20
17  32   0  16 -10  49   0 0.21    M    M  5.5 25 330   M    M   8 1      38 310
18  18  11  15 -11  50   0    T    M    M 16.6 25 330   M    M  10 89     35 350
19  27   7  17 -10  48   0 0.00    M    M 12.3 22 330   M    M   3        29 340
20  39  -8  16 -11  49   0 0.00    M    M  4.4 13 220   M    M   1        16 210
21  35  25  30   2  35   0 0.01    M    M  6.6 13 210   M    M  10 18     18 190
22  29   7  18 -10  47   0 0.01    M    M 16.8 30 290   M    M   8 189    42 280
23  25   4  15 -13  50   0 0.00    M    M 12.9 25 270   M    M   4 8      32 280
24  36  -3  17 -12  48   0 0.00    M    M  3.3 13  10   M    M   0        16 330
25  44  -1  22  -7  43   0    T    M    M  4.7 14 190   M    M   0        22 200
26  48  32  40  10  25   0 0.12    M    M  8.5 21 230   M    M   8 1      29 200
27  41  24  33   3  32   0    T    M    M  3.6 14  10   M    M   7 1      15  10
================================================================================
SM  873  122      1251   0  0.69    M    232.4          M      123
================================================================================
AV 32.3  4.5                               8.6 FASTST   M    M   5    MAX(MPH)
                                 MISC ---->  # 32  10               # 60  350
================================================================================
NOTES:
# LAST OF SEVERAL OCCURRENCES

COLUMN 17 PEAK WIND IN M.P.H.

PRELIMINARY LOCAL CLIMATOLOGICAL DATA (WS FORM: F-6) , PAGE 2

                                          STATION:  HOULTON ME
                                          MONTH:    MARCH
                                          YEAR:     2015
                                          LATITUDE:   46  7 N
                                          LONGITUDE:  67 48 W

[TEMPERATURE DATA]      [PRECIPITATION DATA]       SYMBOLS USED IN COLUMN 16

AVERAGE MONTHLY: 18.4   TOTAL FOR MONTH:   0.69    1 = FOG OR MIST
DPTR FM NORMAL:  -6.4   DPTR FM NORMAL:   -1.56    2 = FOG REDUCING VISIBILITY
HIGHEST:    49 ON 11    GRTST 24HR  0.21 ON 17-17      TO 1/4 MILE OR LESS
LOWEST:    -26 ON  6                               3 = THUNDER
                        SNOW, ICE PELLETS, HAIL    4 = ICE PELLETS
                        TOTAL MONTH:    M          5 = HAIL
                        GRTST 24HR    M  ON   M    6 = FREEZING RAIN OR DRIZZLE
                        GRTST DEPTH:  M  ON   M    7 = DUSTSTORM OR SANDSTORM:
                                                       VSBY 1/2 MILE OR LESS
                                                   8 = SMOKE OR HAZE
[NO. OF DAYS WITH]      [WEATHER - DAYS WITH]      9 = BLOWING SNOW
                                                   X = TORNADO
MAX 32 OR BELOW:  17    0.01 INCH OR MORE:   9
MAX 90 OR ABOVE:   0    0.10 INCH OR MORE:   3
MIN 32 OR BELOW:  27    0.50 INCH OR MORE:   0
MIN  0 OR BELOW:  11    1.00 INCH OR MORE:   0

[HDD (BASE 65) ]
TOTAL THIS MO.  1251    CLEAR  (SCALE 0-3)   9
DPTR FM NORMAL   163    PTCLDY (SCALE 4-7)  14
TOTAL FM JUL 1  7819    CLOUDY (SCALE 8-10)  4
DPTR FM NORMAL   158

[CDD (BASE 65) ]
TOTAL THIS MO.     0
DPTR FM NORMAL     0    [PRESSURE DATA]
TOTAL FM JAN 1     0    HIGHEST SLP M ON M
DPTR FM NORMAL     0    LOWEST  SLP 29.32 ON 17

[REMARKS]
