000
CXUS51 KCAR 260600
CF6HUL
PRELIMINARY LOCAL CLIMATOLOGICAL DATA (WS FORM: F-6)

                                          STATION:   HOULTON ME
                                          MONTH:     MARCH
                                          YEAR:      2017
                                          LATITUDE:   46  7 N
                                          LONGITUDE:  67 48 W

  TEMPERATURE IN F:       :PCPN:    SNOW:  WIND      :SUNSHINE: SKY     :PK WND
================================================================================
1   2   3   4   5  6A  6B    7    8   9   10  11  12  13   14  15   16   17  18
                                     12Z  AVG MX 2MIN
DY MAX MIN AVG DEP HDD CDD  WTR  SNW DPTH SPD SPD DIR MIN PSBL S-S WX    SPD DR
================================================================================

 1  46  34  40  20  25   0 0.31    M    M  6.4 14 150   M    M  10 1      23 150
 2  45  16  31  11  34   0 0.14    M    M 10.6 28 270   M    M  10 1      36 310
 3  21   6  14  -6  51   0 0.00    M    M 13.3 22 310   M    M   1        34 290
 4   9  -3   3 -18  62   0 0.00    M    M 14.2 26 330   M    M   5        37 330
 5  22   3  13  -8  52   0 0.00    M    M 16.7 25 330   M    M   2        37 330
 6  28   2  15  -7  50   0 0.00    M    M  6.3 16 360   M    M   0        21  10
 7  33  -2  16  -6  49   0 0.06    M    M  6.9 16 200   M    M   6 126    22 200
 8  41  30  36  14  29   0 0.30    M    M  5.9 17 270   M    M   7 16     23 280
 9  36  20  28   5  37   0    T    M    M 13.9 28 260   M    M   7 1      39 250
10  23   2  13 -10  52   0 0.00    M    M 11.5 22  10   M    M   1        29 350
11   2  -7  -2 -26  67   0 0.00    M    M 13.3 25 290   M    M   5 8      34 290
12  18  -4   7 -17  58   0 0.00    M    M 12.7 23 280   M    M   2 8      31 270
13  24   5  15  -9  50   0 0.00    M    M  6.0 15 300   M    M   1        20 290
14  27   4  16  -9  49   0 0.46    M    M  8.4 32  60   M    M   7 128    46  60
15   M   M   M   M   M   M 0.02    M    M 14.5 18  60   M    M  10 1      36  60
16  24  15  20  -5  45   0    T    M    M  7.2 14 280   M    M   3        22 290
17  26  14  20  -6  45   0    T    M    M  7.5 15  10   M    M  10        21  20
18  37   3  20  -6  45   0 0.00    M    M  1.7 10  30   M    M   2        14  30
19  42   0  21  -6  44   0 0.00    M    M  3.7 10  50   M    M   0        14  10
20  43   9  26  -1  39   0 0.00    M    M  5.5 15  20   M    M   0        19  20
21  44  18  31   3  34   0 0.00    M    M  5.1 24 360   M    M   5        29 350
22  30   8  19  -9  46   0    T    M    M 13.4 29 360   M    M   7 9      41 350
23  24  -2  11 -17  54   0 0.00    M    M 12.3 22 330   M    M   0        33 330
24  29  -5  12 -17  53   0    T    M    M  6.4 20 200   M    M   7 18     31 190
25  38  21  30   1  35   0 0.00    M    M  9.4 21 360   M    M   3        26 320
================================================================================
SM  712  187      1105   0  1.29    M    232.8          M      111
================================================================================
AV 29.7  7.8                               9.3 FASTST   M    M   4    MAX(MPH)
                                 MISC ---->  # 32  60               # 46   60
================================================================================
NOTES:
# LAST OF SEVERAL OCCURRENCES

COLUMN 17 PEAK WIND IN M.P.H.

PRELIMINARY LOCAL CLIMATOLOGICAL DATA (WS FORM: F-6) , PAGE 2

                                          STATION:  HOULTON ME
                                          MONTH:    MARCH
                                          YEAR:     2017
                                          LATITUDE:   46  7 N
                                          LONGITUDE:  67 48 W

[TEMPERATURE DATA]      [PRECIPITATION DATA]       SYMBOLS USED IN COLUMN 16

AVERAGE MONTHLY: 18.7   TOTAL FOR MONTH:   1.29    1 = FOG OR MIST
DPTR FM NORMAL:  -5.6   DPTR FM NORMAL:   -0.79    2 = FOG REDUCING VISIBILITY
HIGHEST:    46 ON  1    GRTST 24HR  0.46 ON 14-14      TO 1/4 MILE OR LESS
LOWEST:     -7 ON 11                               3 = THUNDER
                        SNOW, ICE PELLETS, HAIL    4 = ICE PELLETS
                        TOTAL MONTH:    M          5 = HAIL
                        GRTST 24HR    M  ON   M    6 = FREEZING RAIN OR DRIZZLE
                        GRTST DEPTH:  M  ON   M    7 = DUSTSTORM OR SANDSTORM:
                                                       VSBY 1/2 MILE OR LESS
                                                   8 = SMOKE OR HAZE
[NO. OF DAYS WITH]      [WEATHER - DAYS WITH]      9 = BLOWING SNOW
                                                   X = TORNADO
MAX 32 OR BELOW:  14    0.01 INCH OR MORE:   6
MAX 90 OR ABOVE:   0    0.10 INCH OR MORE:   4
MIN 32 OR BELOW:  23    0.50 INCH OR MORE:   0
MIN  0 OR BELOW:   7    1.00 INCH OR MORE:   0

[HDD (BASE 65) ]
TOTAL THIS MO.  1105    CLEAR  (SCALE 0-3)  10
DPTR FM NORMAL    87    PTCLDY (SCALE 4-7)  11
TOTAL FM JUL 1  7066    CLOUDY (SCALE 8-10)  4
DPTR FM NORMAL  -525

[CDD (BASE 65) ]
TOTAL THIS MO.     0
DPTR FM NORMAL     0    [PRESSURE DATA]
TOTAL FM JAN 1     0    HIGHEST SLP M ON M
DPTR FM NORMAL     0    LOWEST  SLP 29.08 ON  2

[REMARKS]
