000
CXUS56 KTFX 281205
CF6HVR
PRELIMINARY LOCAL CLIMATOLOGICAL DATA (WS FORM: F-6)

                                          STATION:   HAVRE MT
                                          MONTH:     JULY
                                          YEAR:      2014
                                          LATITUDE:   48 32 N
                                          LONGITUDE: 109 46 W

  TEMPERATURE IN F:       :PCPN:    SNOW:  WIND      :SUNSHINE: SKY     :PK WND
================================================================================
1   2   3   4   5  6A  6B    7    8   9   10  11  12  13   14  15   16   17  18
                                     12Z  AVG MX 2MIN
DY MAX MIN AVG DEP HDD CDD  WTR  SNW DPTH SPD SPD DIR MIN PSBL S-S WX    SPD DR
================================================================================

 1  81  50  66   0   0   1 0.00  0.0    0  6.3 14 310   M    M   1        17 300
 2  87  51  69   3   0   4 0.00  0.0    0  9.6 20 100   M    M   0 1      26  90
 3  93  58  76  10   0  11 0.00  0.0    0  7.4 20  50   M    M   0        25  40
 4  88  61  75   8   0  10 0.00  0.0    0  7.3 17 220   M    M   0        23 230
 5  89  56  73   6   0   8 0.00  0.0    0 12.1 26 280   M    M   1        34 270
 6  91  53  72   5   0   7    T  0.0    0 11.0 28 290   M    M   0 3      36 300
 7  81  52  67   0   0   2    T  0.0    0 11.9 28 360   M    M   4        34 360
 8  85  46  66  -2   0   1 0.00  0.0    0  5.7 14  80   M    M   0        17  80
 9  94  55  75   7   0  10 0.00  0.0    0  5.2 14 220   M    M   1        17 190
10  90  62  76   8   0  11 0.00  0.0    0  8.8 21  60   M    M   2 3      28  70
11  80  59  70   2   0   5 0.09  0.0    0  6.6 32  20   M    M   3 13     42  20
12  91  50  71   2   0   6 0.00  0.0    0  5.6 17  10   M    M   0        20  10
13  92  52  72   3   0   7 0.00  0.0    0  8.4 20  60   M    M   0        24  40
14  83  53  68  -1   0   3 0.00  0.0    0 16.2 24 100   M    M   0        29 100
15  77  53  65  -4   0   0 0.00  0.0    0  6.3 17  80   M    M   1        20  70
16  88  48  68  -2   0   3 0.00  0.0    0  5.9 14 200   M    M   1        19 200
17  97  51  74   4   0   9 0.00  0.0    0  9.3 33 300   M    M   1        43 290
18  82  56  69  -1   0   4 0.00  0.0    0  8.7 16 230   M    M   1 8      19 220
19  93  57  75   5   0  10 0.00  0.0    0 17.5 35 260   M    M   4 8      44 240
20  90  59  75   5   0  10    T  0.0    0 12.9 30 280   M    M   4        37 250
21  86  58  72   1   0   7    T  0.0    0  7.8 20 270   M    M   5        26 270
22  85  53  69  -2   0   4    T  0.0    0  9.1 20  70   M    M   0        25 130
23  95  59  77   6   0  12 0.12  0.0    0 10.4 40 240   M    M   1 13     52 210
24  82  53  68  -3   0   3 0.05  0.0    0 16.1 51 270   M    M   2 3      62 270
25  83  51  67  -4   0   2 0.00  0.0    0 21.6 39 270   M    M   1        49 270
26  79  50  65  -6   0   0 0.00  0.0    0 11.7 23 290   M    M   1        30 290
27  87  46  67  -4   0   2 0.00  0.0    0  7.1 14  80   M    M   0        19  50
================================================================================
SM 2349 1452         0 152  0.26     0.0 266.5          M       34
================================================================================
AV 87.0 53.8                               9.9 FASTST   M    M   1    MAX(MPH)
                                 MISC ---->  # 51 270               # 62  270
================================================================================
NOTES:
# LAST OF SEVERAL OCCURRENCES

COLUMN 17 PEAK WIND IN M.P.H.

PRELIMINARY LOCAL CLIMATOLOGICAL DATA (WS FORM: F-6) , PAGE 2

                                          STATION:  HAVRE MT
                                          MONTH:    JULY
                                          YEAR:     2014
                                          LATITUDE:   48 32 N
                                          LONGITUDE: 109 46 W

[TEMPERATURE DATA]      [PRECIPITATION DATA]       SYMBOLS USED IN COLUMN 16

AVERAGE MONTHLY: 70.4   TOTAL FOR MONTH:   0.26    1 = FOG OR MIST
DPTR FM NORMAL:   1.5   DPTR FM NORMAL:   -1.24    2 = FOG REDUCING VISIBILITY
HIGHEST:    97 ON 17    GRTST 24HR  0.26 ON 30- 1      TO 1/4 MILE OR LESS
LOWEST:     46 ON 27, 8                            3 = THUNDER
                        SNOW, ICE PELLETS, HAIL    4 = ICE PELLETS
                        TOTAL MONTH:   0.0 INCH    5 = HAIL
                        GRTST 24HR     0.0         6 = FREEZING RAIN OR DRIZZLE
                        GRTST DEPTH:   0           7 = DUSTSTORM OR SANDSTORM:
                                                       VSBY 1/2 MILE OR LESS
                                                   8 = SMOKE OR HAZE
[NO. OF DAYS WITH]      [WEATHER - DAYS WITH]      9 = BLOWING SNOW
                                                   X = TORNADO
MAX 32 OR BELOW:   0    0.01 INCH OR MORE:   3
MAX 90 OR ABOVE:  10    0.10 INCH OR MORE:   1
MIN 32 OR BELOW:   0    0.50 INCH OR MORE:   0
MIN  0 OR BELOW:   0    1.00 INCH OR MORE:   0

[HDD (BASE 65) ]
TOTAL THIS MO.     0    CLEAR  (SCALE 0-3)  22
DPTR FM NORMAL   -29    PTCLDY (SCALE 4-7)   5
TOTAL FM JUL 1     0    CLOUDY (SCALE 8-10)  0
DPTR FM NORMAL   -29

[CDD (BASE 65) ]
TOTAL THIS MO.   152
DPTR FM NORMAL    17    [PRESSURE DATA]
TOTAL FM JAN 1   165    HIGHEST SLP M ON M
DPTR FM NORMAL   -29    LOWEST  SLP 29.66 ON 20

[REMARKS]
