000
CXUS56 KTFX 271205
CF6HVR
PRELIMINARY LOCAL CLIMATOLOGICAL DATA (WS FORM: F-6)

                                          STATION:   HAVRE MT
                                          MONTH:     MARCH
                                          YEAR:      2015
                                          LATITUDE:   48 32 N
                                          LONGITUDE: 109 46 W

  TEMPERATURE IN F:       :PCPN:    SNOW:  WIND      :SUNSHINE: SKY     :PK WND
================================================================================
1   2   3   4   5  6A  6B    7    8   9   10  11  12  13   14  15   16   17  18
                                     12Z  AVG MX 2MIN
DY MAX MIN AVG DEP HDD CDD  WTR  SNW DPTH SPD SPD DIR MIN PSBL S-S WX    SPD DR
================================================================================

 1  36   8  22  -4  43   0 0.00  0.0    0  9.1 18 210   M    M   2        24 220
 2  33   7  20  -7  45   0    T    T    0 12.3 26  10   M    M   6        34  10
 3  20  -1  10 -17  55   0 0.00  0.0    0 12.3 29 300   M    M   2        37 300
 4  33  -4  15 -13  50   0 0.00  0.0    0  8.8 17 220   M    M   0        24 230
 5  53  20  37   9  28   0 0.00  0.0    0 13.2 23 300   M    M   1        28 220
 6  60  23  42  14  23   0 0.00  0.0    0 13.6 28 310   M    M   1        33 310
 7  54  18  36   7  29   0 0.00  0.0    0  4.9 18 350   M    M   3        23 350
 8  56  20  38   9  27   0 0.00  0.0    0  8.7 18 220   M    M   2        21 210
 9  68  30  49  19  16   0 0.00  0.0    0 17.3 32 260   M    M   0        38 280
10  65  22  44  14  21   0 0.00  0.0    0  5.6 20 240   M    M   0        25 240
11  65  29  47  17  18   0 0.00  0.0    0  8.4 22 230   M    M   1        26 230
12  68  33  51  20  14   0 0.00  0.0    0 15.9 32 270   M    M   2        40 270
13  65  29  47  16  18   0 0.00  0.0    0 10.1 20 230   M    M   0        24 240
14  74  26  50  18  15   0 0.00  0.0    0 16.0 37 230   M    M   0        45 230
15  54  40  47  15  18   0 0.08  0.0    0  7.5 21 240   M    M   0 1      26 240
16  49  28  39   6  26   0 0.10    T    T 10.3 25  50   M    M   0 1      33  50
17  44  24  34   1  31   0 0.11    T    0 12.0 21  90   M    M   0 1      24  90
18  39  29  34   0  31   0 0.07    T    0  8.5 20 290   M    M   4 1      23 280
19  61  28  45  11  20   0 0.00  0.0    0 14.4 22 240   M    M   1        28 240
20  63  33  48  13  17   0 0.00  0.0    0 10.5 23 240   M    M   1        30 240
21  59  32  46  11  19   0 0.00  0.0    0 10.5 24 280   M    M   4 12     32 280
22  55  31  43   7  22   0 0.00  0.0    0 10.8 18 230   M    M   0        24 230
23  54  26  40   4  25   0 0.03  0.0    0 16.2 31  80   M    M   4        37  70
24  38  29  34  -2  31   0 0.00  0.0    0  9.7 17 320   M    M  10        21 310
25  55  31  43   6  22   0 0.00  0.0    0 12.4 25 270   M    M   7 1      39 240
26  68  32  50  13  15   0 0.00  0.0    0 10.4 25 290   M    M   1        31 290
================================================================================
SM 1389  623       679   0  0.39    T    289.4          M       52
================================================================================
AV 53.4 24.0                              11.1 FASTST   M    M   2    MAX(MPH)
                                 MISC ---->  # 37 230               # 45  230
================================================================================
NOTES:
# LAST OF SEVERAL OCCURRENCES

COLUMN 17 PEAK WIND IN M.P.H.

PRELIMINARY LOCAL CLIMATOLOGICAL DATA (WS FORM: F-6) , PAGE 2

                                          STATION:  HAVRE MT
                                          MONTH:    MARCH
                                          YEAR:     2015
                                          LATITUDE:   48 32 N
                                          LONGITUDE: 109 46 W

[TEMPERATURE DATA]      [PRECIPITATION DATA]       SYMBOLS USED IN COLUMN 16

AVERAGE MONTHLY: 38.7   TOTAL FOR MONTH:   0.39    1 = FOG OR MIST
DPTR FM NORMAL:   7.0   DPTR FM NORMAL:   -0.04    2 = FOG REDUCING VISIBILITY
HIGHEST:    74 ON 14    GRTST 24HR  0.11 ON 17-17      TO 1/4 MILE OR LESS
LOWEST:     -4 ON  4                               3 = THUNDER
                        SNOW, ICE PELLETS, HAIL    4 = ICE PELLETS
                        TOTAL MONTH:    T          5 = HAIL
                        GRTST 24HR    T  ON 18-18  6 = FREEZING RAIN OR DRIZZLE
                        GRTST DEPTH:   T           7 = DUSTSTORM OR SANDSTORM:
                                                       VSBY 1/2 MILE OR LESS
                                                   8 = SMOKE OR HAZE
[NO. OF DAYS WITH]      [WEATHER - DAYS WITH]      9 = BLOWING SNOW
                                                   X = TORNADO
MAX 32 OR BELOW:   1    0.01 INCH OR MORE:   5
MAX 90 OR ABOVE:   0    0.10 INCH OR MORE:   2
MIN 32 OR BELOW:  23    0.50 INCH OR MORE:   0
MIN  0 OR BELOW:   2    1.00 INCH OR MORE:   0

[HDD (BASE 65) ]
TOTAL THIS MO.   679    CLEAR  (SCALE 0-3)  20
DPTR FM NORMAL  -187    PTCLDY (SCALE 4-7)   5
TOTAL FM JUL 1  6347    CLOUDY (SCALE 8-10)  1
DPTR FM NORMAL  -639

[CDD (BASE 65) ]
TOTAL THIS MO.     0
DPTR FM NORMAL     0    [PRESSURE DATA]
TOTAL FM JAN 1     0    HIGHEST SLP M ON M
DPTR FM NORMAL     0    LOWEST  SLP 29.75 ON 23

[REMARKS]
