000
CXUS56 KTFX 241205
CF6HVR
PRELIMINARY LOCAL CLIMATOLOGICAL DATA (WS FORM: F-6)

                                          STATION:   HAVRE MT
                                          MONTH:     OCTOBER
                                          YEAR:      2014
                                          LATITUDE:   48 32 N
                                          LONGITUDE: 109 46 W

  TEMPERATURE IN F:       :PCPN:    SNOW:  WIND      :SUNSHINE: SKY     :PK WND
================================================================================
1   2   3   4   5  6A  6B    7    8   9   10  11  12  13   14  15   16   17  18
                                     12Z  AVG MX 2MIN
DY MAX MIN AVG DEP HDD CDD  WTR  SNW DPTH SPD SPD DIR MIN PSBL S-S WX    SPD DR
================================================================================

 1  64  43  54   4  11   0 0.01  0.0    0 12.6 22 270   M    M   5        30 270
 2  47  29  38 -12  27   0 0.18    T    0 12.7 24 300   M    M   7        30 290
 3  57  23  40 -10  25   0 0.00  0.0    0  7.3 17 240   M    M   0        21 240
 4  74  42  58   9   7   0 0.00  0.0    0 11.7 25 300   M    M   2        32 310
 5  69  40  55   6  10   0 0.00  0.0    0  9.3 22 300   M    M   2        28 300
 6  75  39  57   8   8   0 0.00  0.0    0 12.9 26 300   M    M   2        33 320
 7  65  46  56   8   9   0    T  0.0    0  4.7 15  70   M    M   6        17  70
 8  63  40  52   4  13   0    T  0.0    0 10.0 20  70   M    M   4        24  70
 9  67  36  52   5  13   0 0.00  0.0    0 10.5 20  90   M    M   1        23  70
10  70  31  51   4  14   0 0.00  0.0    0  3.2 12  90   M    M   0        13  90
11  74  37  56  10   9   0    T  0.0    0 14.7 33 250   M    M   3        41 250
12  62  35  49   3  16   0    T  0.0    0 10.6 18 220   M    M   4        24 220
13  66  38  52   6  13   0 0.00  0.0    0 13.0 23 210   M    M   0        27 220
14  75  44  60  15   5   0 0.00  0.0    0  9.2 28 230   M    M   0        32 230
15  72  47  60  15   5   0 0.19  0.0    0  8.3 28 280   M    M   2 13     35 280
16  59  41  50   6  15   0 0.11  0.0    0  9.6 28 280   M    M   4 1      33 290
17  66  33  50   6  15   0 0.00  0.0    0  5.9 16 160   M    M   4 12     21 150
18  72  37  55  11  10   0 0.00  0.0    0 11.4 28 270   M    M   1        34 250
19  73  36  55  12  10   0 0.00  0.0    0  4.3 14 220   M    M   0        15 220
20  81  32  57  14   8   0 0.00  0.0    0  3.6 18 210   M    M   0        23 220
21  61  34  48   6  17   0 0.12  0.0    0 10.2 26 220   M    M   4        31 220
22  62  43  53  11  12   0    T  0.0    0 16.9 26 210   M    M   2        32 220
23  64  44  54  13  11   0    T  0.0    0 14.8 28 210   M    M   2        33 210
================================================================================
SM 1538  870       283   0  0.61    T    227.4          M       55
================================================================================
AV 66.9 37.8                               9.9 FASTST   M    M   2    MAX(MPH)
                                 MISC ---->  # 33 250               # 41  250
================================================================================
NOTES:
# LAST OF SEVERAL OCCURRENCES

COLUMN 17 PEAK WIND IN M.P.H.

PRELIMINARY LOCAL CLIMATOLOGICAL DATA (WS FORM: F-6) , PAGE 2

                                          STATION:  HAVRE MT
                                          MONTH:    OCTOBER
                                          YEAR:     2014
                                          LATITUDE:   48 32 N
                                          LONGITUDE: 109 46 W

[TEMPERATURE DATA]      [PRECIPITATION DATA]       SYMBOLS USED IN COLUMN 16

AVERAGE MONTHLY: 52.3   TOTAL FOR MONTH:   0.61    1 = FOG OR MIST
DPTR FM NORMAL:   6.3   DPTR FM NORMAL:    0.15    2 = FOG REDUCING VISIBILITY
HIGHEST:    81 ON 20    GRTST 24HR  0.30 ON 15-16      TO 1/4 MILE OR LESS
LOWEST:     23 ON  3                               3 = THUNDER
                        SNOW, ICE PELLETS, HAIL    4 = ICE PELLETS
                        TOTAL MONTH:    T          5 = HAIL
                        GRTST 24HR    T  ON  2- 2  6 = FREEZING RAIN OR DRIZZLE
                        GRTST DEPTH:   0           7 = DUSTSTORM OR SANDSTORM:
                                                       VSBY 1/2 MILE OR LESS
                                                   8 = SMOKE OR HAZE
[NO. OF DAYS WITH]      [WEATHER - DAYS WITH]      9 = BLOWING SNOW
                                                   X = TORNADO
MAX 32 OR BELOW:   0    0.01 INCH OR MORE:   5
MAX 90 OR ABOVE:   0    0.10 INCH OR MORE:   4
MIN 32 OR BELOW:   4    0.50 INCH OR MORE:   0
MIN  0 OR BELOW:   0    1.00 INCH OR MORE:   0

[HDD (BASE 65) ]
TOTAL THIS MO.   283    CLEAR  (SCALE 0-3)  15
DPTR FM NORMAL  -153    PTCLDY (SCALE 4-7)   8
TOTAL FM JUL 1   568    CLOUDY (SCALE 8-10)  0
DPTR FM NORMAL  -225

[CDD (BASE 65) ]
TOTAL THIS MO.     0
DPTR FM NORMAL     0    [PRESSURE DATA]
TOTAL FM JAN 1   402    HIGHEST SLP M ON M
DPTR FM NORMAL    16    LOWEST  SLP 29.52 ON 15

[REMARKS]
