000
CXUS56 KTFX 231205
CF6HVR
PRELIMINARY LOCAL CLIMATOLOGICAL DATA (WS FORM: F-6)

                                          STATION:   HAVRE MT
                                          MONTH:     MARCH
                                          YEAR:      2017
                                          LATITUDE:   48 32 N
                                          LONGITUDE: 109 46 W

  TEMPERATURE IN F:       :PCPN:    SNOW:  WIND      :SUNSHINE: SKY     :PK WND
================================================================================
1   2   3   4   5  6A  6B    7    8   9   10  11  12  13   14  15   16   17  18
                                     12Z  AVG MX 2MIN
DY MAX MIN AVG DEP HDD CDD  WTR  SNW DPTH SPD SPD DIR MIN PSBL S-S WX    SPD DR
================================================================================

 1  39   8  24  -2  41   0    T    T    2 10.4 25 300   M    M   4 1      31 290
 2  39  17  28   1  37   0 0.00  0.0    T  3.4 12 220   M    M   7        14 220
 3  50  30  40  13  25   0 0.00  0.0    0  9.5 24 260   M    M   0        29 250
 4  56  27  42  14  23   0    T  0.0    0  7.6 21 260   M    M   2        24 260
 5  37  19  28   0  37   0 0.01    T    0 10.0 23 320   M    M   9 1      28 320
 6  37  18  28   0  37   0 0.00  0.0    T 10.1 17 240   M    M   3        20 240
 7  29  13  21  -8  44   0    T    T    T 12.4 22 300   M    M   4        28 280
 8  34  17  26  -3  39   0    T    T    T 14.3 29  80   M    M  10 1      35  90
 9  17   7  12 -18  53   0 0.01    T    T 14.3 25  90   M    M  10 18     31  90
10  15   8  12 -18  53   0 0.09  1.0    1 15.7 28  90   M    M  10 18     34  90
11  22  11  17 -13  48   0    T    T    1 10.8 22  80   M    M   8 1      27  70
12  21   5  13 -18  52   0 0.02    T    1  9.4 20 310   M    M   9 1      23 310
13  29   5  17 -14  48   0 0.00  0.0    1  5.2 13  80   M    M   5        15  80
14  36  19  28  -4  37   0 0.02  0.0    T  6.8 16  70   M    M   2 16     18  80
15  60  35  48  16  17   0 0.00  0.0    0 10.5 22 220   M    M   2        27 230
16  57  31  44  11  21   0    T  0.0    0 17.0 41 280   M    M   3        51 280
17  50  27  39   6  26   0 0.00  0.0    0  7.6 21  90   M    M   2        24  80
18  75  34  55  21  10   0 0.00  0.0    0 11.5 26 210   M    M   1        32 210
19  52  27  40   6  25   0 0.00  0.0    0  8.1 16 250   M    M   0        19 250
20  45  22  34  -1  31   0 0.00  0.0    0  9.5 20  90   M    M   1        25  90
21  49  30  40   5  25   0 0.00  0.0    0 18.4 29 130   M    M   3        35 130
22  65  30  48  12  17   0 0.00  0.0    0 10.2 26 260   M    M   1        32 240
================================================================================
SM  914  440       746   0  0.15     1.0 232.7          M       96
================================================================================
AV 41.6 20.0                              10.6 FASTST   M    M   4    MAX(MPH)
                                 MISC ---->  # 41 280               # 51  280
================================================================================
NOTES:
# LAST OF SEVERAL OCCURRENCES

COLUMN 17 PEAK WIND IN M.P.H.

PRELIMINARY LOCAL CLIMATOLOGICAL DATA (WS FORM: F-6) , PAGE 2

                                          STATION:  HAVRE MT
                                          MONTH:    MARCH
                                          YEAR:     2017
                                          LATITUDE:   48 32 N
                                          LONGITUDE: 109 46 W

[TEMPERATURE DATA]      [PRECIPITATION DATA]       SYMBOLS USED IN COLUMN 16

AVERAGE MONTHLY: 30.8   TOTAL FOR MONTH:   0.15    1 = FOG OR MIST
DPTR FM NORMAL:  -0.0   DPTR FM NORMAL:   -0.20    2 = FOG REDUCING VISIBILITY
HIGHEST:    75 ON 18    GRTST 24HR  0.09 ON 10-10      TO 1/4 MILE OR LESS
LOWEST:      5 ON 13,12                            3 = THUNDER
                        SNOW, ICE PELLETS, HAIL    4 = ICE PELLETS
                        TOTAL MONTH:   1.0 INCH    5 = HAIL
                        GRTST 24HR   1.0 ON 10-10  6 = FREEZING RAIN OR DRIZZLE
                        GRTST DEPTH:   2 ON  1     7 = DUSTSTORM OR SANDSTORM:
                                                       VSBY 1/2 MILE OR LESS
                                                   8 = SMOKE OR HAZE
[NO. OF DAYS WITH]      [WEATHER - DAYS WITH]      9 = BLOWING SNOW
                                                   X = TORNADO
MAX 32 OR BELOW:   6    0.01 INCH OR MORE:   5
MAX 90 OR ABOVE:   0    0.10 INCH OR MORE:   0
MIN 32 OR BELOW:  20    0.50 INCH OR MORE:   0
MIN  0 OR BELOW:   0    1.00 INCH OR MORE:   0

[HDD (BASE 65) ]
TOTAL THIS MO.   746    CLEAR  (SCALE 0-3)  11
DPTR FM NORMAL    -6    PTCLDY (SCALE 4-7)   6
TOTAL FM JUL 1  6745    CLOUDY (SCALE 8-10)  5
DPTR FM NORMAL  -127

[CDD (BASE 65) ]
TOTAL THIS MO.     0
DPTR FM NORMAL     0    [PRESSURE DATA]
TOTAL FM JAN 1     0    HIGHEST SLP M ON M
DPTR FM NORMAL     0    LOWEST  SLP 29.33 ON  5

[REMARKS]
