000
CXUS56 KTFX 011205
CF6HVR
PRELIMINARY LOCAL CLIMATOLOGICAL DATA (WS FORM: F-6)

                                          STATION:   HAVRE MT
                                          MONTH:     AUGUST
                                          YEAR:      2014
                                          LATITUDE:   48 32 N
                                          LONGITUDE: 109 46 W

  TEMPERATURE IN F:       :PCPN:    SNOW:  WIND      :SUNSHINE: SKY     :PK WND
================================================================================
1   2   3   4   5  6A  6B    7    8   9   10  11  12  13   14  15   16   17  18
                                     12Z  AVG MX 2MIN
DY MAX MIN AVG DEP HDD CDD  WTR  SNW DPTH SPD SPD DIR MIN PSBL S-S WX    SPD DR
================================================================================

 1  94  52  73   2   0   8 0.00  0.0    0  7.8 24  20   M    M   0        31  20
 2  87  60  74   3   0   9 0.00  0.0    0 16.1 25  90   M    M   1        31  80
 3  88  58  73   2   0   8 0.03  0.0    0  6.5 16  90   M    M   2 3      20  90
 4  90  53  72   1   0   7 0.00  0.0    0  6.6 24  70   M    M   0        28  60
 5  88  61  75   4   0  10 0.03  0.0    0  8.1 38 360   M    M   2 13     50  10
 6  95  55  75   4   0  10 0.00  0.0    0  5.0 14  10   M    M   1        18 360
 7  91  52  72   1   0   7 0.00  0.0    0  7.2 18 290   M    M   0        22 290
 8  93  56  75   5   0  10 0.00  0.0    0  5.8 23 300   M    M   1        28 270
 9  83  56  70   0   0   5 0.01  0.0    0  7.1 22  10   M    M   1        30 360
10  91  53  72   2   0   7 0.00  0.0    0  7.9 16 100   M    M   0        19  90
11  93  51  72   2   0   7 0.00  0.0    0  6.1 13  90   M    M   0        15  80
12  95  61  78   8   0  13    T  0.0    0 15.3 25  80   M    M   0 3      30  80
13  94  67  81  12   0  16 0.00  0.0    0  7.2 18  90   M    M   1        25 100
14  89  58  74   5   0   9 0.00  0.0    0  8.6 22 220   M    M   2        28 220
15  85  59  72   3   0   7 0.41  0.0    0  7.5 41 240   M    M   4 13     55 230
16  84  56  70   2   0   5 0.02  0.0    0 10.3 23 310   M    M   2        31 230
17  81  59  70   2   0   5 0.03  0.0    0 12.1 25 320   M    M   6        30 320
18  87  57  72   4   0   7 0.00  0.0    0  6.6 14 220   M    M   0        17 220
19  93  57  75   7   0  10    T  0.0    0 10.6 25 320   M    M   0 3      34 250
20  82  55  69   2   0   4 0.02  0.0    0  6.5 30 300   M    M   2        37 300
21  70  56  63  -4   2   0    T  0.0    0  9.1 23  10   M    M   9 3      27 360
22  65  56  61  -5   4   0 0.51  0.0    0 11.2 21  50   M    M  10 18     28  60
23  56  51  54 -12  11   0 0.95  0.0    0 14.1 22  40   M    M  10 1      26  40
24  53  48  51 -15  14   0 0.64  0.0    0  9.2 23 330   M    M  10 1      28 330
25  68  48  58  -7   7   0    T  0.0    0  3.1 14 230   M    M   3        16 220
26  80  41  61  -4   4   0 0.00  0.0    0  4.0 12 230   M    M   0 12     15 230
27  90  49  70   6   0   5 0.00  0.0    0  8.3 22 220   M    M   1        24 220
28  85  54  70   6   0   5 0.00  0.0    0  9.7 40 360   M    M   2        51 350
29  80  53  67   3   0   2    T  0.0    0  5.9 16 160   M    M   4        23 150
30  79  51  65   2   0   0 0.01  0.0    0  7.6 22 300   M    M   3        27 300
31  76  49  63   0   2   0    T  0.0    0 11.9 28 300   M    M   4        37 310
================================================================================
SM 2585 1692        44 176  2.66     0.0 263.0          M       81
================================================================================
AV 83.4 54.6                               8.5 FASTST   M    M   3    MAX(MPH)
                                 MISC ---->  # 41 240               # 55  230
================================================================================
NOTES:
# LAST OF SEVERAL OCCURRENCES

COLUMN 17 PEAK WIND IN M.P.H.

PRELIMINARY LOCAL CLIMATOLOGICAL DATA (WS FORM: F-6) , PAGE 2

                                          STATION:  HAVRE MT
                                          MONTH:    AUGUST
                                          YEAR:     2014
                                          LATITUDE:   48 32 N
                                          LONGITUDE: 109 46 W

[TEMPERATURE DATA]      [PRECIPITATION DATA]       SYMBOLS USED IN COLUMN 16

AVERAGE MONTHLY: 69.0   TOTAL FOR MONTH:   2.66    1 = FOG OR MIST
DPTR FM NORMAL:   1.0   DPTR FM NORMAL:    1.55    2 = FOG REDUCING VISIBILITY
HIGHEST:    95 ON 12, 6 GRTST 24HR  1.19 ON 23-24      TO 1/4 MILE OR LESS
LOWEST:     41 ON 26                               3 = THUNDER
                        SNOW, ICE PELLETS, HAIL    4 = ICE PELLETS
                        TOTAL MONTH:   0.0 INCH    5 = HAIL
                        GRTST 24HR     0.0         6 = FREEZING RAIN OR DRIZZLE
                        GRTST DEPTH:   0           7 = DUSTSTORM OR SANDSTORM:
                                                       VSBY 1/2 MILE OR LESS
                                                   8 = SMOKE OR HAZE
[NO. OF DAYS WITH]      [WEATHER - DAYS WITH]      9 = BLOWING SNOW
                                                   X = TORNADO
MAX 32 OR BELOW:   0    0.01 INCH OR MORE:  11
MAX 90 OR ABOVE:  11    0.10 INCH OR MORE:   4
MIN 32 OR BELOW:   0    0.50 INCH OR MORE:   3
MIN  0 OR BELOW:   0    1.00 INCH OR MORE:   0

[HDD (BASE 65) ]
TOTAL THIS MO.    44    CLEAR  (SCALE 0-3)  22
DPTR FM NORMAL    -9    PTCLDY (SCALE 4-7)   5
TOTAL FM JUL 1    44    CLOUDY (SCALE 8-10)  4
DPTR FM NORMAL   -39

[CDD (BASE 65) ]
TOTAL THIS MO.   176
DPTR FM NORMAL    30    [PRESSURE DATA]
TOTAL FM JAN 1   390    HIGHEST SLP 30.20 ON 25
DPTR FM NORMAL    23    LOWEST  SLP 29.55 ON 19

[REMARKS]
#FINAL-08-14#
