000
CXUS52 KMFL 221000
CF6HWO
PRELIMINARY LOCAL CLIMATOLOGICAL DATA (WS FORM: F-6)

                                          STATION:   NORTH PERRY ARPT
                                          MONTH:     NOVEMBER
                                          YEAR:      2014
                                          LATITUDE:   26  0 N
                                          LONGITUDE:  80 14 W

  TEMPERATURE IN F:       :PCPN:    SNOW:  WIND      :SUNSHINE: SKY     :PK WND
================================================================================
1   2   3   4   5  6A  6B    7    8   9   10  11  12  13   14  15   16   17  18
                                     12Z  AVG MX 2MIN
DY MAX MIN AVG DEP HDD CDD  WTR  SNW DPTH SPD SPD DIR MIN PSBL S-S WX    SPD DR
================================================================================

 1  78  55  67  -9   0   2 0.00  0.0    0 12.0 24 270   M    M   0        31 280
 2  71  51  61 -15   4   0 0.00  0.0    0 10.9 18 320   M    M   0        23 320
 3  79  58  69  -7   0   4 0.00  0.0    0 13.3 23  50   M    M   6        29  60
 4  81  70  76   0   0  11    T  0.0    0 14.7 24  70   M    M   6        31  60
 5  84  74  79   3   0  14 0.13  0.0    0 13.7 25  60   M    M   7        33  60
 6  84  66  75  -1   0  10    T  0.0    0  5.3 16  80   M    M   2        20  80
 7  84  65  75   0   0  10 0.00  0.0    0  4.7 13 340   M    M   2        17 300
 8  85  66  76   1   0  11 0.00  0.0    0  3.7 14 170   M    M   1        19 160
 9  74  66  70  -5   0   5 0.27  0.0    0  4.9 14 320   M    M   8 13     16 320
10  77  65  71  -4   0   6 0.53  0.0    0  7.1 15 310   M    M   5 3      21 330
11  80  60  70  -5   0   5 0.00  0.0    0  7.1 17 310   M    M   0        24 270
12  84  60  72  -2   0   7 0.00  0.0    0  7.9 16 330   M    M   0        22 320
13  85  65  75   1   0  10 0.00  0.0    0  6.0 13  70   M    M   1        18  90
14  84  63  74   0   0   9 0.00  0.0    0  5.3 12 340   M    M   0        19 360
15  82  63  73  -1   0   8 0.00  0.0    0  7.6 14  70   M    M   2        20  80
16  84  73  79   5   0  14    T  0.0    0  8.9 18 100   M    M   4        23 100
17  87  74  81   7   0  16 0.15  0.0    0  8.9 20 170   M    M   5 1      25 120
18  79  56  68  -6   0   3 0.02  0.0    0 10.4 21 350   M    M   8        26 340
19  65  53  59 -14   6   0 0.61  0.0    0 10.1 20 330   M    M  10 8      22 330
20  79  61  70  -3   0   5    T  0.0    0 12.7 23  60   M    M   9        29  30
21  74  69  72  -1   0   7 0.17  0.0    0 13.8 22  70   M    M   8 18     30  70
================================================================================
SM 1680 1333        10 157  1.88     0.0 189.0          M       84
================================================================================
AV 80.0 63.5                               9.0 FASTST   M    M   4    MAX(MPH)
                                 MISC ---->  # 25  60               # 33   60
================================================================================
NOTES:
# LAST OF SEVERAL OCCURRENCES

COLUMN 17 PEAK WIND IN M.P.H.

PRELIMINARY LOCAL CLIMATOLOGICAL DATA (WS FORM: F-6) , PAGE 2

                                          STATION:  NORTH PERRY ARPT
                                          MONTH:    NOVEMBER
                                          YEAR:     2014
                                          LATITUDE:   26  0 N
                                          LONGITUDE:  80 14 W

[TEMPERATURE DATA]      [PRECIPITATION DATA]       SYMBOLS USED IN COLUMN 16

AVERAGE MONTHLY: 71.7   TOTAL FOR MONTH:   1.88    1 = FOG OR MIST
DPTR FM NORMAL:  -2.9   DPTR FM NORMAL:   -1.13    2 = FOG REDUCING VISIBILITY
HIGHEST:    87 ON 17    GRTST 24HR  0.80 ON  9-10      TO 1/4 MILE OR LESS
LOWEST:     51 ON  2                               3 = THUNDER
                        SNOW, ICE PELLETS, HAIL    4 = ICE PELLETS
                        TOTAL MONTH:   0.0 INCH    5 = HAIL
                        GRTST 24HR     0.0         6 = FREEZING RAIN OR DRIZZLE
                        GRTST DEPTH:   0           7 = DUSTSTORM OR SANDSTORM:
                                                       VSBY 1/2 MILE OR LESS
                                                   8 = SMOKE OR HAZE
[NO. OF DAYS WITH]      [WEATHER - DAYS WITH]      9 = BLOWING SNOW
                                                   X = TORNADO
MAX 32 OR BELOW:   0    0.01 INCH OR MORE:   7
MAX 90 OR ABOVE:   0    0.10 INCH OR MORE:   6
MIN 32 OR BELOW:   0    0.50 INCH OR MORE:   2
MIN  0 OR BELOW:   0    1.00 INCH OR MORE:   0

[HDD (BASE 65) ]
TOTAL THIS MO.    10    CLEAR  (SCALE 0-3)  10
DPTR FM NORMAL    10    PTCLDY (SCALE 4-7)   9
TOTAL FM JUL 1    10    CLOUDY (SCALE 8-10)  2
DPTR FM NORMAL    10

[CDD (BASE 65) ]
TOTAL THIS MO.   157
DPTR FM NORMAL   -48    [PRESSURE DATA]
TOTAL FM JAN 1  4221    HIGHEST SLP M ON M
DPTR FM NORMAL   126    LOWEST  SLP 29.82 ON  9

[REMARKS]
