000
CXUS52 KMFL 251000
CF6HWO
PRELIMINARY LOCAL CLIMATOLOGICAL DATA (WS FORM: F-6)

                                          STATION:   NORTH PERRY ARPT
                                          MONTH:     JUNE
                                          YEAR:      2017
                                          LATITUDE:   26  0 N
                                          LONGITUDE:  80 14 W

  TEMPERATURE IN F:       :PCPN:    SNOW:  WIND      :SUNSHINE: SKY     :PK WND
================================================================================
1   2   3   4   5  6A  6B    7    8   9   10  11  12  13   14  15   16   17  18
                                     12Z  AVG MX 2MIN
DY MAX MIN AVG DEP HDD CDD  WTR  SNW DPTH SPD SPD DIR MIN PSBL S-S WX    SPD DR
================================================================================

 1  93  79  86   4   0  21    T  0.0    0  6.9 16 130   M    M   3 3      22 150
 2  87  75  81  -1   0  16 0.43  0.0    0  5.4 14 110   M    M   5 13     17 120
 3  85  75  80  -2   0  15 0.37  0.0    0  3.2 16 140   M    M   4 13     21 140
 4  86  76  81  -1   0  16    T  0.0    0  5.6 14 140   M    M   4        17 140
 5  84  75  80  -2   0  15 0.28  0.0    0  5.1 16  10   M    M   4 13     23 130
 6  77  72  75  -7   0  10 3.54  0.0    0  5.8 26 340   M    M   8 13     33 340
 7  85  71  78  -4   0  13 2.32  0.0    0  8.8 31 280   M    M   7 13     42 280
 8  90  74  82   0   0  17 0.72  0.0    0 10.9 32 240   M    M   4 13     44 230
 9  92  76  84   2   0  19 0.22  0.0    0  7.8 20 130   M    M   4 13     26 220
10  88  76  82   0   0  17 0.04  0.0    0  5.4 18 130   M    M   3 3      23 130
11  92  80  86   4   0  21 0.00  0.0    0  9.2 16  80   M    M   3        20  80
12  89  78  84   2   0  19    T  0.0    0 10.2 18  80   M    M   3 3      24  90
13  89  76  83   1   0  18 0.50  0.0    0  8.1 18  80   M    M   3 13     23  90
14  88  76  82   0   0  17 0.38  0.0    0  5.6 20 120   M    M   3 13     26 110
15  90  75  83   1   0  18 0.14  0.0    0  5.3 22 320   M    M   2 3      27 320
16  88  74  81  -1   0  16 0.11  0.0    0  4.1 20 130   M    M   3 13     25 130
17  87  75  81  -1   0  16 0.00  0.0    0  6.9 18 130   M    M   1        23 130
18  90  76  83   1   0  18 0.03  0.0    0  9.6 15 140   M    M   3        23 140
19  88  74  81  -2   0  16 0.63  0.0    0 10.6 24 130   M    M   4 1      34 140
20  89  78  84   1   0  19 0.04  0.0    0 13.5 24 120   M    M   5        30 120
21  89  78  84   1   0  19 0.14  0.0    0 11.5 21 120   M    M   6        26 120
22  90  78  84   1   0  19 0.00  0.0    0 10.5 18 100   M    M   3        24  90
23  90  79  85   2   0  20 0.08  0.0    0 10.1 20 110   M    M   2        24 110
24  91  81  86   3   0  21 0.00  0.0    0 10.0 17 120   M    M   3        22 140
================================================================================
SM 2117 1827         0 416  9.97     0.0 190.1          M       90
================================================================================
AV 88.2 76.1                               7.9 FASTST   M    M   4    MAX(MPH)
                                 MISC ---->  # 32 240               # 44  230
================================================================================
NOTES:
# LAST OF SEVERAL OCCURRENCES

COLUMN 17 PEAK WIND IN M.P.H.

PRELIMINARY LOCAL CLIMATOLOGICAL DATA (WS FORM: F-6) , PAGE 2

                                          STATION:  NORTH PERRY ARPT
                                          MONTH:    JUNE
                                          YEAR:     2017
                                          LATITUDE:   26  0 N
                                          LONGITUDE:  80 14 W

[TEMPERATURE DATA]      [PRECIPITATION DATA]       SYMBOLS USED IN COLUMN 16

AVERAGE MONTHLY: 82.2   TOTAL FOR MONTH:   9.97    1 = FOG OR MIST
DPTR FM NORMAL:  -0.1   DPTR FM NORMAL:    2.35    2 = FOG REDUCING VISIBILITY
HIGHEST:    93 ON  1    GRTST 24HR  3.54 ON  6- 6      TO 1/4 MILE OR LESS
LOWEST:     71 ON  7                               3 = THUNDER
                        SNOW, ICE PELLETS, HAIL    4 = ICE PELLETS
                        TOTAL MONTH:   0.0 INCH    5 = HAIL
                        GRTST 24HR     0.0         6 = FREEZING RAIN OR DRIZZLE
                        GRTST DEPTH:   0           7 = DUSTSTORM OR SANDSTORM:
                                                       VSBY 1/2 MILE OR LESS
                                                   8 = SMOKE OR HAZE
[NO. OF DAYS WITH]      [WEATHER - DAYS WITH]      9 = BLOWING SNOW
                                                   X = TORNADO
MAX 32 OR BELOW:   0    0.01 INCH OR MORE:  17
MAX 90 OR ABOVE:   9    0.10 INCH OR MORE:  13
MIN 32 OR BELOW:   0    0.50 INCH OR MORE:   5
MIN  0 OR BELOW:   0    1.00 INCH OR MORE:   2

[HDD (BASE 65) ]
TOTAL THIS MO.     0    CLEAR  (SCALE 0-3)  10
DPTR FM NORMAL     0    PTCLDY (SCALE 4-7)  14
TOTAL FM JUL 1    36    CLOUDY (SCALE 8-10)  0
DPTR FM NORMAL  -109

[CDD (BASE 65) ]
TOTAL THIS MO.   416
DPTR FM NORMAL     1    [PRESSURE DATA]
TOTAL FM JAN 1  1978    HIGHEST SLP M ON M
DPTR FM NORMAL   306    LOWEST  SLP 29.79 ON M

[REMARKS]
