000
CXUS52 KMFL 291000
CF6HWO
PRELIMINARY LOCAL CLIMATOLOGICAL DATA (WS FORM: F-6)

                                          STATION:   NORTH PERRY ARPT
                                          MONTH:     MAY
                                          YEAR:      2015
                                          LATITUDE:   26  0 N
                                          LONGITUDE:  80 14 W

  TEMPERATURE IN F:       :PCPN:    SNOW:  WIND      :SUNSHINE: SKY     :PK WND
================================================================================
1   2   3   4   5  6A  6B    7    8   9   10  11  12  13   14  15   16   17  18
                                     12Z  AVG MX 2MIN
DY MAX MIN AVG DEP HDD CDD  WTR  SNW DPTH SPD SPD DIR MIN PSBL S-S WX    SPD DR
================================================================================

 1  85  65  75  -2   0  10 0.00  0.0    0  8.5 16 320   M    M   1        22 320
 2  83  67  75  -2   0  10 0.00  0.0    0 10.5 20  70   M    M   3        25  80
 3  82  71  77   0   0  12    T  0.0    0 14.2 22  80   M    M   3        28  60
 4  80  69  75  -2   0  10    T  0.0    0 13.6 24  60   M    M   3        31  70
 5  80  67  74  -4   0   9 1.03  0.0    0  8.0 20  80   M    M   9 13     27  70
 6  86  68  77  -1   0  12    T  0.0    0  8.4 17  50   M    M   5        21 340
 7  88  68  78   0   0  13 0.29  0.0    0  5.0 17 120   M    M   1 3      20 120
 8  91  71  81   3   0  16 0.05  0.0    0  6.9 16 120   M    M   1 3      22 180
 9  89  69  79   1   0  14 0.00  0.0    0  6.4 18 110   M    M   0        22 120
10  88  75  82   4   0  17 0.00  0.0    0  8.2 17 100   M    M   2        24 110
11  88  76  82   3   0  17    T  0.0    0 12.2 23 100   M    M   3        28 110
12  88  77  83   4   0  18 0.22  0.0    0 11.3 22 130   M    M   3 38     27 100
13  87  76  82   3   0  17 0.20  0.0    0  9.4 18  90   M    M   4 1      24 100
14  88  76  82   3   0  17 0.00  0.0    0 10.1 20  80   M    M   3        26 110
15  87  76  82   3   0  17    T  0.0    0 10.4 18  90   M    M   2        25  90
16  88  74  81   2   0  16 0.00  0.0    0 10.4 18 100   M    M   2        24 100
17  87  76  82   2   0  17 0.07  0.0    0 10.2 21  80   M    M   6 1      26  70
18  87  73  80   0   0  15 0.00  0.0    0  8.9 17  80   M    M   3        23  90
19  88  72  80   0   0  15 0.00  0.0    0  8.4 17  60   M    M   0        23  50
20  91  71  81   1   0  16 0.00  0.0    0  5.7 16  90   M    M   1        24  90
21  94  76  85   5   0  20 0.16  0.0    0  6.7 20 190   M    M   3 38     24 190
22  92  74  83   3   0  18 0.00  0.0    0  6.0 22 250   M    M   1 3      26 250
23  90  73  82   2   0  17 0.00  0.0    0  9.2 18  70   M    M   2 1      24 100
24  89  77  83   2   0  18 0.00  0.0    0 13.0 20 100   M    M   4 3      25  80
25  91  79  85   4   0  20 0.05  0.0    0 13.1 23  90   M    M   5 3      28 110
26  87  79  83   2   0  18 0.04  0.0    0 13.0 21  80   M    M   4        28 110
27  87  75  81   0   0  16 0.02  0.0    0 13.0 17  60   M    M   3        25 100
28  87  75  81   0   0  16    T  0.0    M 12.2 23  70   M    M   5        29  70
================================================================================
SM 2448 2045         0 431  2.13     0.0 272.9          M       82
================================================================================
AV 87.4 73.0                               9.7 FASTST   M    M   3    MAX(MPH)
                                 MISC ---->  # 24  60               # 31   70
================================================================================
NOTES:
# LAST OF SEVERAL OCCURRENCES

COLUMN 17 PEAK WIND IN M.P.H.

PRELIMINARY LOCAL CLIMATOLOGICAL DATA (WS FORM: F-6) , PAGE 2

                                          STATION:  NORTH PERRY ARPT
                                          MONTH:    MAY
                                          YEAR:     2015
                                          LATITUDE:   26  0 N
                                          LONGITUDE:  80 14 W

[TEMPERATURE DATA]      [PRECIPITATION DATA]       SYMBOLS USED IN COLUMN 16

AVERAGE MONTHLY: 80.2   TOTAL FOR MONTH:   2.13    1 = FOG OR MIST
DPTR FM NORMAL:   1.1   DPTR FM NORMAL:   -2.27    2 = FOG REDUCING VISIBILITY
HIGHEST:    94 ON 21    GRTST 24HR  1.03 ON  5- 5      TO 1/4 MILE OR LESS
LOWEST:     65 ON  1                               3 = THUNDER
                        SNOW, ICE PELLETS, HAIL    4 = ICE PELLETS
                        TOTAL MONTH:   0.0 INCH    5 = HAIL
                        GRTST 24HR     0.0         6 = FREEZING RAIN OR DRIZZLE
                        GRTST DEPTH:   0           7 = DUSTSTORM OR SANDSTORM:
                                                       VSBY 1/2 MILE OR LESS
                                                   8 = SMOKE OR HAZE
[NO. OF DAYS WITH]      [WEATHER - DAYS WITH]      9 = BLOWING SNOW
                                                   X = TORNADO
MAX 32 OR BELOW:   0    0.01 INCH OR MORE:  10
MAX 90 OR ABOVE:   6    0.10 INCH OR MORE:   5
MIN 32 OR BELOW:   0    0.50 INCH OR MORE:   1
MIN  0 OR BELOW:   0    1.00 INCH OR MORE:   1

[HDD (BASE 65) ]
TOTAL THIS MO.     0    CLEAR  (SCALE 0-3)  18
DPTR FM NORMAL     0    PTCLDY (SCALE 4-7)   9
TOTAL FM JUL 1   103    CLOUDY (SCALE 8-10)  1
DPTR FM NORMAL   -42

[CDD (BASE 65) ]
TOTAL THIS MO.   431
DPTR FM NORMAL    36    [PRESSURE DATA]
TOTAL FM JAN 1  1543    HIGHEST SLP M ON M
DPTR FM NORMAL   334    LOWEST  SLP 29.86 ON  1

[REMARKS]
