000
CXUS54 KHGX 171415
CF6IAH
PRELIMINARY LOCAL CLIMATOLOGICAL DATA (WS FORM: F-6)

                                          STATION:   HOUSTON INTERCONTINENTAL
                                          MONTH:     SEPTEMBER
                                          YEAR:      2014
                                          LATITUDE:   29 58 N
                                          LONGITUDE:  95 21 W

  TEMPERATURE IN F:       :PCPN:    SNOW:  WIND      :SUNSHINE: SKY     :PK WND
================================================================================
1   2   3   4   5  6A  6B    7    8   9   10  11  12  13   14  15   16   17  18
                                     12Z  AVG MX 2MIN
DY MAX MIN AVG DEP HDD CDD  WTR  SNW DPTH SPD SPD DIR MIN PSBL S-S WX    SPD DR
================================================================================

 1  93  74  84   1   0  19 0.36  0.0    0  5.0 24 140   M    M   6 13     29 160
 2  94  76  85   2   0  20 0.00  0.0    0  8.1 25 150   M    M   5        29 140
 3  93  75  84   1   0  19 0.00  0.0    0  7.3 18 140   M    M   5        26 120
 4  93  76  85   2   0  20 0.00  0.0    0  6.0 24 150   M    M   6 3      30 150
 5  93  75  84   2   0  19 0.03  0.0    0  4.5 21 180   M    M   7 3      30 180
 6  95  75  85   3   0  20 0.16  0.0    0  1.9 21 150   M    M   5 3      25 150
 7  95  73  84   2   0  19 0.42  0.0    0  4.2 28  20   M    M   7 138    32  20
 8  92  72  82   0   0  17 0.00  0.0    0  3.4 10 130   M    M   5        20 130
 9  95  74  85   3   0  20 0.00  0.0    0  4.6 17 140   M    M   3        28 100
10  95  78  87   6   0  22 0.00  0.0    0  6.9 15 150   M    M   3        20 190
11  97  76  87   6   0  22 0.00  0.0    0  5.8 21 140   M    M   4        24 140
12  89  75  82   1   0  17 0.02  0.0    0  4.9 16 170   M    M   7 13     21 170
13  77  67  72  -8   0   7 0.01  0.0    0 11.9 18  20   M    M  10 1      23  10
14  77  65  71  -9   0   6 0.00  0.0    0  5.9 13  40   M    M   9 18     15  70
15  92  68  80   0   0  15    T  0.0    0  5.9 15 150   M    M   5 1      17 150
16  91  75  83   3   0  18 0.12  0.0    0  5.5 24 140   M    M   8 1      28 140
================================================================================
SM 1461 1174         0 280  1.12     0.0  91.8          M       95
================================================================================
AV 91.3 73.4                               5.7 FASTST   M    M   6    MAX(MPH)
                                 MISC ---->  # 28  20               # 32   20
================================================================================
NOTES:
# LAST OF SEVERAL OCCURRENCES

COLUMN 17 PEAK WIND IN M.P.H.

PRELIMINARY LOCAL CLIMATOLOGICAL DATA (WS FORM: F-6) , PAGE 2

                                          STATION:  HOUSTON INTERCONTINENTAL
                                          MONTH:    SEPTEMBER
                                          YEAR:     2014
                                          LATITUDE:   29 58 N
                                          LONGITUDE:  95 21 W

[TEMPERATURE DATA]      [PRECIPITATION DATA]       SYMBOLS USED IN COLUMN 16

AVERAGE MONTHLY: 82.3   TOTAL FOR MONTH:   1.12    1 = FOG OR MIST
DPTR FM NORMAL:   0.8   DPTR FM NORMAL:   -1.21    2 = FOG REDUCING VISIBILITY
HIGHEST:    97 ON 11    GRTST 24HR  0.51 ON  6- 7      TO 1/4 MILE OR LESS
LOWEST:     65 ON 14                               3 = THUNDER
                        SNOW, ICE PELLETS, HAIL    4 = ICE PELLETS
                        TOTAL MONTH:   0.0 INCH    5 = HAIL
                        GRTST 24HR     0.0         6 = FREEZING RAIN OR DRIZZLE
                        GRTST DEPTH:   0           7 = DUSTSTORM OR SANDSTORM:
                                                       VSBY 1/2 MILE OR LESS
                                                   8 = SMOKE OR HAZE
[NO. OF DAYS WITH]      [WEATHER - DAYS WITH]      9 = BLOWING SNOW
                                                   X = TORNADO
MAX 32 OR BELOW:   0    0.01 INCH OR MORE:   7
MAX 90 OR ABOVE:  13    0.10 INCH OR MORE:   4
MIN 32 OR BELOW:   0    0.50 INCH OR MORE:   0
MIN  0 OR BELOW:   0    1.00 INCH OR MORE:   0

[HDD (BASE 65) ]
TOTAL THIS MO.     0    CLEAR  (SCALE 0-3)   1
DPTR FM NORMAL     0    PTCLDY (SCALE 4-7)  13
TOTAL FM JUL 1     0    CLOUDY (SCALE 8-10)  2
DPTR FM NORMAL     0

[CDD (BASE 65) ]
TOTAL THIS MO.   280
DPTR FM NORMAL    14    [PRESSURE DATA]
TOTAL FM JAN 1  2556    HIGHEST SLP M ON M
DPTR FM NORMAL   -92    LOWEST  SLP 29.82 ON 10

[REMARKS]
