000
CXUS54 KHGX 211415
CF6IAH
PRELIMINARY LOCAL CLIMATOLOGICAL DATA (WS FORM: F-6)

                                          STATION:   HOUSTON INTERCONTINENTAL
                                          MONTH:     OCTOBER
                                          YEAR:      2014
                                          LATITUDE:   29 58 N
                                          LONGITUDE:  95 21 W

  TEMPERATURE IN F:       :PCPN:    SNOW:  WIND      :SUNSHINE: SKY     :PK WND
================================================================================
1   2   3   4   5  6A  6B    7    8   9   10  11  12  13   14  15   16   17  18
                                     12Z  AVG MX 2MIN
DY MAX MIN AVG DEP HDD CDD  WTR  SNW DPTH SPD SPD DIR MIN PSBL S-S WX    SPD DR
================================================================================

 1  93  72  83   7   0  18 0.09  0.0    0  5.2 20 130   M    M   5 1      23 140
 2  93  71  82   7   0  17 0.78  0.0    0  8.1 30 300   M    M   6 13     39 300
 3  84  63  74  -1   0   9 0.32  0.0    0  7.1 21 360   M    M   3 3      28  30
 4  77  59  68  -7   0   3 0.00  0.0    0  6.9 16  40   M    M   0        20  40
 5  85  53  69  -5   0   4 0.00  0.0    0  5.7 16 150   M    M   1        21 150
 6  84  65  75   1   0  10 0.69  0.0    0  6.2  6 140   M    M   4 13      6 130
 7  90  65  78   4   0  13 0.00  0.0    0  5.6 15 150   M    M   3 1      17 140
 8  90  69  80   6   0  15 0.06  0.0    0  5.4 23 240   M    M   6 13     31 240
 9  90  68  79   6   0  14 0.00  0.0    0  5.0 13 150   M    M   4        18 150
10  91  75  83  10   0  18 0.03  0.0    0  7.5 17 170   M    M   4 1      28 210
11  85  66  76   3   0  11 0.02  0.0    0  6.7 21 360   M    M   6        24 360
12  87  65  76   4   0  11 0.35  0.0    0  6.5 17 170   M    M   8 13     22 180
13  85  59  72   0   0   7 0.61  0.0    0  9.5 29 280   M    M   6 13     40 310
14  79  54  67  -5   0   2 0.00  0.0    0  7.5 20 300   M    M   0        25 310
15  84  51  68  -4   0   3 0.00  0.0    0  3.0 12 270   M    M   0        16 270
16  87  57  72   0   0   7 0.00  0.0    0  5.6 13 170   M    M   0        16 180
17  86  60  73   2   0   8 0.00  0.0    0  4.6 12 200   M    M   2 1      15 170
18  86  63  75   4   0  10 0.00  0.0    0  2.4 13  60   M    M   4        17  90
19  81  62  72   1   0   7 0.00  0.0    0  6.9  9  80   M    M   5        14  80
20  83  59  71   1   0   6 0.00  0.0    0  5.3 12  20   M    M   5        20  60
================================================================================
SM 1720 1256         0 193  2.95     0.0 120.7          M       72
================================================================================
AV 86.0 62.8                               6.0 FASTST   M    M   4    MAX(MPH)
                                 MISC ---->  # 30 300               # 40  310
================================================================================
NOTES:
# LAST OF SEVERAL OCCURRENCES

COLUMN 17 PEAK WIND IN M.P.H.

PRELIMINARY LOCAL CLIMATOLOGICAL DATA (WS FORM: F-6) , PAGE 2

                                          STATION:  HOUSTON INTERCONTINENTAL
                                          MONTH:    OCTOBER
                                          YEAR:     2014
                                          LATITUDE:   29 58 N
                                          LONGITUDE:  95 21 W

[TEMPERATURE DATA]      [PRECIPITATION DATA]       SYMBOLS USED IN COLUMN 16

AVERAGE MONTHLY: 74.4   TOTAL FOR MONTH:   2.95    1 = FOG OR MIST
DPTR FM NORMAL:   1.5   DPTR FM NORMAL:   -0.68    2 = FOG REDUCING VISIBILITY
HIGHEST:    93 ON  2, 1 GRTST 24HR  1.10 ON  2- 3      TO 1/4 MILE OR LESS
LOWEST:     51 ON 15                               3 = THUNDER
                        SNOW, ICE PELLETS, HAIL    4 = ICE PELLETS
                        TOTAL MONTH:   0.0 INCH    5 = HAIL
                        GRTST 24HR     0.0         6 = FREEZING RAIN OR DRIZZLE
                        GRTST DEPTH:   0           7 = DUSTSTORM OR SANDSTORM:
                                                       VSBY 1/2 MILE OR LESS
                                                   8 = SMOKE OR HAZE
[NO. OF DAYS WITH]      [WEATHER - DAYS WITH]      9 = BLOWING SNOW
                                                   X = TORNADO
MAX 32 OR BELOW:   0    0.01 INCH OR MORE:   9
MAX 90 OR ABOVE:   6    0.10 INCH OR MORE:   5
MIN 32 OR BELOW:   0    0.50 INCH OR MORE:   3
MIN  0 OR BELOW:   0    1.00 INCH OR MORE:   0

[HDD (BASE 65) ]
TOTAL THIS MO.     0    CLEAR  (SCALE 0-3)   8
DPTR FM NORMAL    -9    PTCLDY (SCALE 4-7)  12
TOTAL FM JUL 1     0    CLOUDY (SCALE 8-10)  0
DPTR FM NORMAL   -10

[CDD (BASE 65) ]
TOTAL THIS MO.   193
DPTR FM NORMAL    25    [PRESSURE DATA]
TOTAL FM JAN 1  2943    HIGHEST SLP M ON M
DPTR FM NORMAL   -50    LOWEST  SLP 29.71 ON 13

[REMARKS]
