000
CXUS53 KUNR 270945
CF6ICR
PRELIMINARY LOCAL CLIMATOLOGICAL DATA (WS FORM: F-6)

                                          STATION:   WINNER REGIONAL AIRPORT SD
                                          MONTH:     MAY
                                          YEAR:      2016
                                          LATITUDE:   43 23 N
                                          LONGITUDE:  99 50 W

  TEMPERATURE IN F:       :PCPN:    SNOW:  WIND      :SUNSHINE: SKY     :PK WND
================================================================================
1   2   3   4   5  6A  6B    7    8   9   10  11  12  13   14  15   16   17  18
                                     12Z  AVG MX 2MIN
DY MAX MIN AVG DEP HDD CDD  WTR  SNW DPTH SPD SPD DIR MIN PSBL S-S WX    SPD DR
================================================================================

 1  60  35  48  -5  17   0    T    M    M 10.9 25  10   M    M   2 1      31  10
 2  66  38  52  -2  13   0    T    M    M  6.5 24 320   M    M   4        31 320
 3  74  39  57   3   8   0 0.00    M    M  9.2 23 320   M    M   0        27 310
 4  74  40  57   3   8   0 0.00    M    M  5.5 12 150   M    M   0        17 320
 5  86  52  69  14   0   4 0.00    M    M 14.0 24 200   M    M   0        32 200
 6  89  62  76  21   0  11 0.00    M    M 15.6 24  30   M    M   1 8      32 200
 7  69  50  60   5   5   0 0.06    M    M 10.6 23  50   M    M   4 38     29  40
 8  72  49  61   5   4   0 0.30    M    M 11.4 22 110   M    M   4 138    30 120
 9  69  53  61   5   4   0 0.38    M    M  8.4 24 250   M    M   7 13     30 240
10  70  49  60   4   5   0 0.00    M    M  9.1 21 290   M    M   3        29 290
11  63  45  54  -3  11   0 0.00    M    M 14.0 31 300   M    M   4        39 300
12  67  40  54  -3  11   0 0.00    M    M 11.5 25 310   M    M   0        40 310
13  55  32  44 -13  21   0 0.00    M    M 18.7 33 330   M    M   6        42 320
14  59  31  45 -13  20   0 0.00    M    M 10.1 18 300   M    M   3        25  10
15  66  40  53  -5  12   0 0.00    M    M  8.0 21 210   M    M   2        26 200
16  64  45  55  -3  10   0 0.00    M    M  4.0 12  80   M    M   2        14 130
17  68  41  55  -3  10   0 0.00    M    M  5.7 15  10   M    M   1        18  10
18  73  40  57  -2   8   0 0.00    M    M  7.9 15 180   M    M   1        20 150
19  74  52  63   4   2   0 0.00    M    M 19.1 32 180   M    M   2        42 180
20  67  50  59   0   6   0 0.00    M    M 16.6 24 150   M    M   6        32 180
21  76  57  67   7   0   2 0.00    M    M 18.7 30 150   M    M   6        38 170
22  84  60  72  12   0   7 0.78    M    M 16.8 35 120   M    M   4 13     44 260
23  78  55  67   7   0   2 0.03    M    M  8.0 16 220   M    M   1 3      21 220
24  83  47  65   4   0   0 0.04    M    M  8.0 28 280   M    M   1 13     34 280
25  80  55  68   7   0   3 0.43    M    M  7.4 25 270   M    M   5 13     31 260
26  79  51  65   4   0   0 0.34    M    M  6.4 17  90   M    M   1 13     23  80
================================================================================
SM 1865 1208       175  29  2.36    M    282.1          M       70
================================================================================
AV 71.7 46.5                              10.8 FASTST   M    M   3    MAX(MPH)
                                 MISC ---->  # 35 120               # 44  260
================================================================================
NOTES:
# LAST OF SEVERAL OCCURRENCES

COLUMN 17 PEAK WIND IN M.P.H.

PRELIMINARY LOCAL CLIMATOLOGICAL DATA (WS FORM: F-6) , PAGE 2

                                          STATION:  WINNER REGIONAL AIRPORT SD
                                          MONTH:    MAY
                                          YEAR:     2016
                                          LATITUDE:   43 23 N
                                          LONGITUDE:  99 50 W

[TEMPERATURE DATA]      [PRECIPITATION DATA]       SYMBOLS USED IN COLUMN 16

AVERAGE MONTHLY: 59.1   TOTAL FOR MONTH:   2.36    1 = FOG OR MIST
DPTR FM NORMAL:   1.8   DPTR FM NORMAL:   -0.42    2 = FOG REDUCING VISIBILITY
HIGHEST:    89 ON  6    GRTST 24HR  0.85 ON 30- 1      TO 1/4 MILE OR LESS
LOWEST:     31 ON 14                               3 = THUNDER
                        SNOW, ICE PELLETS, HAIL    4 = ICE PELLETS
                        TOTAL MONTH:    M          5 = HAIL
                        GRTST 24HR    M  ON   M    6 = FREEZING RAIN OR DRIZZLE
                        GRTST DEPTH:  M  ON   M    7 = DUSTSTORM OR SANDSTORM:
                                                       VSBY 1/2 MILE OR LESS
                                                   8 = SMOKE OR HAZE
[NO. OF DAYS WITH]      [WEATHER - DAYS WITH]      9 = BLOWING SNOW
                                                   X = TORNADO
MAX 32 OR BELOW:   0    0.01 INCH OR MORE:   8
MAX 90 OR ABOVE:   0    0.10 INCH OR MORE:   5
MIN 32 OR BELOW:   2    0.50 INCH OR MORE:   1
MIN  0 OR BELOW:   0    1.00 INCH OR MORE:   0

[HDD (BASE 65) ]
TOTAL THIS MO.   175    CLEAR  (SCALE 0-3)  16
DPTR FM NORMAL   -44    PTCLDY (SCALE 4-7)  10
TOTAL FM JUL 1  5567    CLOUDY (SCALE 8-10)  0
DPTR FM NORMAL -1056

[CDD (BASE 65) ]
TOTAL THIS MO.    29
DPTR FM NORMAL     8    [PRESSURE DATA]
TOTAL FM JAN 1    38    HIGHEST SLP M ON M
DPTR FM NORMAL    15    LOWEST  SLP 29.32 ON  9

[REMARKS]
