000
CXUS53 KUNR 210945
CF6ICR
PRELIMINARY LOCAL CLIMATOLOGICAL DATA (WS FORM: F-6)

                                          STATION:   WINNER REGIONAL AIRPORT SD
                                          MONTH:     SEPTEMBER
                                          YEAR:      2017
                                          LATITUDE:   43 23 N
                                          LONGITUDE:  99 50 W

  TEMPERATURE IN F:       :PCPN:    SNOW:  WIND      :SUNSHINE: SKY     :PK WND
================================================================================
1   2   3   4   5  6A  6B    7    8   9   10  11  12  13   14  15   16   17  18
                                     12Z  AVG MX 2MIN
DY MAX MIN AVG DEP HDD CDD  WTR  SNW DPTH SPD SPD DIR MIN PSBL S-S WX    SPD DR
================================================================================

 1  87  66  77   7   0  12 0.09    M    M 10.3 24 170   M    M   4 1      32 160
 2  87  61  74   4   0   9 0.00    M    M  5.7 15 160   M    M   0 1      21 170
 3  94  67  81  11   0  16 0.00    M    M 11.4 24 190   M    M   2 8      32 190
 4  72  50  61  -8   4   0 0.00    M    M 10.4 25 320   M    M   0        31 320
 5  73  46  60  -9   5   0 0.00    M    M  9.8 22 340   M    M   1        32 360
 6  74  41  58 -10   7   0 0.00    M    M  4.7 13 170   M    M   1        17 180
 7  87  54  71   3   0   6 0.00    M    M  7.6 15 210   M    M   0        20 210
 8  86  54  70   2   0   5 0.00    M    M  8.0 20 120   M    M   0        23 120
 9  82  64  73   6   0   8    T    M    M 16.7 30 150   M    M   1        39 140
10  87  66  77  10   0  12 0.00    M    M 14.6 22 180   M    M   0        32 170
11  88  63  76  10   0  11 0.00    M    M  7.3 14  40   M    M   0        19 170
12  95  67  81  15   0  16 0.00    M    M 10.4 23 240   M    M   0        30 240
13  91  61  76  11   0  11 0.00    M    M  6.7 14 160   M    M   0        17 160
14  85  62  74   9   0   9 0.08    M    M  8.3 16 310   M    M   0 3      20  30
15  67  56  62  -2   3   0 0.23    M    M 11.0 22  30   M    M   9 13     27  30
16  58  45  52 -12  13   0 0.26    M    M 10.7 22 360   M    M   7 13     27 330
17  66  40  53 -10  12   0    T    M    M  9.5 32 170   M    M   3        42 160
18  82  56  69   6   0   4    T    M    M 10.4 30 160   M    M   0        40 160
19  83  57  70   8   0   5 0.00    M    M 17.2 29 310   M    M   1        36 150
20  76  48  62   0   3   0 0.00    M    M 10.7 23 180   M    M   0        30 220
================================================================================
SM 1620 1124        47 124  0.66    M    201.4          M       29
================================================================================
AV 81.0 56.2                              10.1 FASTST   M    M   1    MAX(MPH)
                                 MISC ---->  # 32 170               # 42  160
================================================================================
NOTES:
# LAST OF SEVERAL OCCURRENCES

COLUMN 17 PEAK WIND IN M.P.H.

PRELIMINARY LOCAL CLIMATOLOGICAL DATA (WS FORM: F-6) , PAGE 2

                                          STATION:  WINNER REGIONAL AIRPORT SD
                                          MONTH:    SEPTEMBER
                                          YEAR:     2017
                                          LATITUDE:   43 23 N
                                          LONGITUDE:  99 50 W

[TEMPERATURE DATA]      [PRECIPITATION DATA]       SYMBOLS USED IN COLUMN 16

AVERAGE MONTHLY: 68.6   TOTAL FOR MONTH:   0.66    1 = FOG OR MIST
DPTR FM NORMAL:   2.3   DPTR FM NORMAL:   -0.69    2 = FOG REDUCING VISIBILITY
HIGHEST:    95 ON 12    GRTST 24HR  0.26 ON 16-16      TO 1/4 MILE OR LESS
LOWEST:     40 ON 17                               3 = THUNDER
                        SNOW, ICE PELLETS, HAIL    4 = ICE PELLETS
                        TOTAL MONTH:    M          5 = HAIL
                        GRTST 24HR    M  ON   M    6 = FREEZING RAIN OR DRIZZLE
                        GRTST DEPTH:  M  ON   M    7 = DUSTSTORM OR SANDSTORM:
                                                       VSBY 1/2 MILE OR LESS
                                                   8 = SMOKE OR HAZE
[NO. OF DAYS WITH]      [WEATHER - DAYS WITH]      9 = BLOWING SNOW
                                                   X = TORNADO
MAX 32 OR BELOW:   0    0.01 INCH OR MORE:   4
MAX 90 OR ABOVE:   3    0.10 INCH OR MORE:   2
MIN 32 OR BELOW:   0    0.50 INCH OR MORE:   0
MIN  0 OR BELOW:   0    1.00 INCH OR MORE:   0

[HDD (BASE 65) ]
TOTAL THIS MO.    47    CLEAR  (SCALE 0-3)  17
DPTR FM NORMAL   -13    PTCLDY (SCALE 4-7)   2
TOTAL FM JUL 1    49    CLOUDY (SCALE 8-10)  1
DPTR FM NORMAL   -25

[CDD (BASE 65) ]
TOTAL THIS MO.   124
DPTR FM NORMAL    37    [PRESSURE DATA]
TOTAL FM JAN 1  1100    HIGHEST SLP M ON M
DPTR FM NORMAL   207    LOWEST  SLP 29.25 ON 19

[REMARKS]
