000
CXUS53 KUNR 220945
CF6ICR
PRELIMINARY LOCAL CLIMATOLOGICAL DATA (WS FORM: F-6)

                                          STATION:   WINNER REGIONAL AIRPORT SD
                                          MONTH:     NOVEMBER
                                          YEAR:      2017
                                          LATITUDE:   43 23 N
                                          LONGITUDE:  99 50 W

  TEMPERATURE IN F:       :PCPN:    SNOW:  WIND      :SUNSHINE: SKY     :PK WND
================================================================================
1   2   3   4   5  6A  6B    7    8   9   10  11  12  13   14  15   16   17  18
                                     12Z  AVG MX 2MIN
DY MAX MIN AVG DEP HDD CDD  WTR  SNW DPTH SPD SPD DIR MIN PSBL S-S WX    SPD DR
================================================================================

 1  59  33  46   2  19   0 0.02    M    M  8.7 25 200   M    M   7        32 210
 2  44  33  39  -4  26   0 0.01    M    M 10.5 21 320   M    M   7        26 310
 3  42  29  36  -7  29   0    T    M    M 15.5 23 130   M    M   9        29 120
 4  53  32  43   1  22   0 0.19    M    M 13.9 24 310   M    M   7 1      27 300
 5  35  22  29 -13  36   0    T    M    M  7.2 16 320   M    M   4 1      20 330
 6  34  27  31 -10  34   0 0.10    M    M  9.9 21 120   M    M  10 1      24 180
 7  33  25  29 -11  36   0    T    M    M  7.2 13 210   M    M   7 12     16 210
 8  52  23  38  -2  27   0 0.00    M    M 10.2 18 250   M    M   0        24 220
 9  28  18  23 -16  42   0 0.00    M    M 10.5 21 130   M    M   2        26 130
10  44  21  33  -6  32   0 0.00    M    M 18.8 31 170   M    M   2        39 160
11  51  27  39   1  26   0 0.00    M    M  7.1 17 210   M    M   3        23 210
12  56  25  41   3  24   0 0.00    M    M  9.7 24 190   M    M   1        32 190
13  63  40  52  15  13   0 0.00    M    M 13.9 30 190   M    M   0        40 190
14  64  38  51  14  14   0 0.00    M    M  9.3 18 310   M    M   0 1      24 300
15  44  23  34  -2  31   0 0.00    M    M 11.2 20 340   M    M   1        24 330
16  64  23  44   8  21   0 0.00    M    M 23.5 38 180   M    M   1        50 180
17  54  36  45  10  20   0 0.01    M    M  8.8 23 210   M    M   6        30 210
18  43  25  34   0  31   0 0.01    M    M 12.6 26 320   M    M   2        33 320
19  60  28  44  10  21   0 0.00    M    M  8.0 15 210   M    M   0        18 210
20  67  35  51  18  14   0 0.00    M    M 10.1 21 320   M    M   0        26 320
21  43  12  28  -5  37   0 0.01    M    M 12.9 28 350   M    M   3 1      34 340
================================================================================
SM 1033  575       555   0  0.35    M    239.5          M       72
================================================================================
AV 49.2 27.4                              11.4 FASTST   M    M   3    MAX(MPH)
                                 MISC ---->  # 38 180               # 50  180
================================================================================
NOTES:
# LAST OF SEVERAL OCCURRENCES

COLUMN 17 PEAK WIND IN M.P.H.

PRELIMINARY LOCAL CLIMATOLOGICAL DATA (WS FORM: F-6) , PAGE 2

                                          STATION:  WINNER REGIONAL AIRPORT SD
                                          MONTH:    NOVEMBER
                                          YEAR:     2017
                                          LATITUDE:   43 23 N
                                          LONGITUDE:  99 50 W

[TEMPERATURE DATA]      [PRECIPITATION DATA]       SYMBOLS USED IN COLUMN 16

AVERAGE MONTHLY: 38.3   TOTAL FOR MONTH:   0.35    1 = FOG OR MIST
DPTR FM NORMAL:   0.0   DPTR FM NORMAL:   -0.13    2 = FOG REDUCING VISIBILITY
HIGHEST:    67 ON 20    GRTST 24HR  0.19 ON  4- 4      TO 1/4 MILE OR LESS
LOWEST:     12 ON 21                               3 = THUNDER
                        SNOW, ICE PELLETS, HAIL    4 = ICE PELLETS
                        TOTAL MONTH:    M          5 = HAIL
                        GRTST 24HR    M  ON   M    6 = FREEZING RAIN OR DRIZZLE
                        GRTST DEPTH:  M  ON   M    7 = DUSTSTORM OR SANDSTORM:
                                                       VSBY 1/2 MILE OR LESS
                                                   8 = SMOKE OR HAZE
[NO. OF DAYS WITH]      [WEATHER - DAYS WITH]      9 = BLOWING SNOW
                                                   X = TORNADO
MAX 32 OR BELOW:   1    0.01 INCH OR MORE:   7
MAX 90 OR ABOVE:   0    0.10 INCH OR MORE:   2
MIN 32 OR BELOW:  15    0.50 INCH OR MORE:   0
MIN  0 OR BELOW:   0    1.00 INCH OR MORE:   0

[HDD (BASE 65) ]
TOTAL THIS MO.   555    CLEAR  (SCALE 0-3)  13
DPTR FM NORMAL    -6    PTCLDY (SCALE 4-7)   6
TOTAL FM JUL 1  1082    CLOUDY (SCALE 8-10)  2
DPTR FM NORMAL   -77

[CDD (BASE 65) ]
TOTAL THIS MO.     0
DPTR FM NORMAL     0    [PRESSURE DATA]
TOTAL FM JAN 1  1113    HIGHEST SLP M ON M
DPTR FM NORMAL   197    LOWEST  SLP 29.24 ON  1

[REMARKS]
