000
CXUS53 KICT 230800
CF6ICT
PRELIMINARY LOCAL CLIMATOLOGICAL DATA (WS FORM: F-6)

                                          STATION:   WICHITA EISENHOWER NATIONAL
                                          MONTH:     NOVEMBER
                                          YEAR:      2017
                                          LATITUDE:   37 39 N
                                          LONGITUDE:  97 25 W

  TEMPERATURE IN F:       :PCPN:    SNOW:  WIND      :SUNSHINE: SKY     :PK WND
================================================================================
1   2   3   4   5  6A  6B    7    8   9   10  11  12  13   14  15   16   17  18
                                     12Z  AVG MX 2MIN
DY MAX MIN AVG DEP HDD CDD  WTR  SNW DPTH SPD SPD DIR MIN PSBL S-S WX    SPD DR
================================================================================

 1  63  35  49  -3  16   0 0.00  0.0    0 11.6 22 180   M    M   7        26 180
 2  60  47  54   2  11   0    T  0.0    0 13.1 23  20   M    M   8 1      29 360
 3  47  40  44  -8  21   0    T  0.0    0  7.5 20  40   M    M   9 1      25  40
 4  53  42  48  -3  17   0    T  0.0    0  5.7 14 140   M    M  10 12     16 150
 5  52  40  46  -5  19   0    T  0.0    0 10.4 24 350   M    M   7 12     31  40
 6  46  34  40 -10  25   0 0.00  0.0    0  8.9 16  40   M    M   6        30 100
 7  45  34  40 -10  25   0 0.00  0.0    0 11.8 21  10   M    M   9        25  30
 8  53  28  41  -8  24   0 0.00  0.0    0  5.6 10  20   M    M   3        20  30
 9  56  27  42  -7  23   0 0.00  0.0    0  6.2 21  60   M    M   3 8      24  60
10  57  32  45  -3  20   0 0.00  0.0    0 11.0 22 160   M    M   6        25 160
11  51  42  47  -1  18   0 0.05  0.0    0 10.6 24 170   M    M  10 1      31 180
12  58  43  51   4  14   0 0.00  0.0    0  8.6 18  20   M    M   7 1      21  10
13  54  43  49   2  16   0 0.02  0.0    0  8.1 15 150   M    M  10 1      18 150
14  61  52  57  11   8   0 0.05  0.0    0 11.9 18 180   M    M  10 12     23 180
15  61  35  48   2  17   0    T  0.0    0 10.2 30 340   M    M   5 1      36 360
16  62  32  47   2  18   0 0.00  0.0    0 12.1 23 160   M    M   4        30 170
17  75  58  67  22   0   2    T  0.0    0 16.8 26 200   M    M   7 18     34 170
18  63  35  49   5  16   0    T  0.0    0 19.1 35 340   M    M   6        43 340
19  59  24  42  -2  23   0 0.00  0.0    0  8.3 21 220   M    M   2        25 220
20  64  34  49   6  16   0 0.00  0.0    0 17.1 32 200   M    M   4        39 200
21  56  30  43   0  22   0 0.00  0.0    0 14.4 31 360   M    M   4        38 360
22  47  20  34  -8  31   0 0.00  0.0    0  7.8 15 170   M    M   2        18 170
================================================================================
SM 1243  807       400   2  0.12     0.0 236.8          M      139
================================================================================
AV 56.5 36.7                              10.8 FASTST   M    M   6    MAX(MPH)
                                 MISC ---->  # 35 340               # 43  340
================================================================================
NOTES:
# LAST OF SEVERAL OCCURRENCES

COLUMN 17 PEAK WIND IN M.P.H.

PRELIMINARY LOCAL CLIMATOLOGICAL DATA (WS FORM: F-6) , PAGE 2

                                          STATION:  WICHITA EISENHOWER NATIONAL
                                          MONTH:    NOVEMBER
                                          YEAR:     2017
                                          LATITUDE:   37 39 N
                                          LONGITUDE:  97 25 W

[TEMPERATURE DATA]      [PRECIPITATION DATA]       SYMBOLS USED IN COLUMN 16

AVERAGE MONTHLY: 46.6   TOTAL FOR MONTH:   0.12    1 = FOG OR MIST
DPTR FM NORMAL:  -0.9   DPTR FM NORMAL:   -0.98    2 = FOG REDUCING VISIBILITY
HIGHEST:    75 ON 17    GRTST 24HR  0.05 ON 14-14      TO 1/4 MILE OR LESS
LOWEST:     20 ON 22                               3 = THUNDER
                        SNOW, ICE PELLETS, HAIL    4 = ICE PELLETS
                        TOTAL MONTH:   0.0 INCH    5 = HAIL
                        GRTST 24HR     0.0         6 = FREEZING RAIN OR DRIZZLE
                        GRTST DEPTH:   0           7 = DUSTSTORM OR SANDSTORM:
                                                       VSBY 1/2 MILE OR LESS
                                                   8 = SMOKE OR HAZE
[NO. OF DAYS WITH]      [WEATHER - DAYS WITH]      9 = BLOWING SNOW
                                                   X = TORNADO
MAX 32 OR BELOW:   0    0.01 INCH OR MORE:   3
MAX 90 OR ABOVE:   0    0.10 INCH OR MORE:   0
MIN 32 OR BELOW:   7    0.50 INCH OR MORE:   0
MIN  0 OR BELOW:   0    1.00 INCH OR MORE:   0

[HDD (BASE 65) ]
TOTAL THIS MO.   400    CLEAR  (SCALE 0-3)   3
DPTR FM NORMAL    12    PTCLDY (SCALE 4-7)  12
TOTAL FM JUL 1   624    CLOUDY (SCALE 8-10)  7
DPTR FM NORMAL   -50

[CDD (BASE 65) ]
TOTAL THIS MO.     2
DPTR FM NORMAL     2    [PRESSURE DATA]
TOTAL FM JAN 1  1785    HIGHEST SLP M ON M
DPTR FM NORMAL   101    LOWEST  SLP 29.35 ON 18

[REMARKS]
