000
CXUS53 KUNR 240945
CF6IEN
PRELIMINARY LOCAL CLIMATOLOGICAL DATA (WS FORM: F-6)

                                          STATION:   PINE RIDGE SD
                                          MONTH:     JULY
                                          YEAR:      2017
                                          LATITUDE:   43  1 N
                                          LONGITUDE: 102 31 W

  TEMPERATURE IN F:       :PCPN:    SNOW:  WIND      :SUNSHINE: SKY     :PK WND
================================================================================
1   2   3   4   5  6A  6B    7    8   9   10  11  12  13   14  15   16   17  18
                                     12Z  AVG MX 2MIN
DY MAX MIN AVG DEP HDD CDD  WTR  SNW DPTH SPD SPD DIR MIN PSBL S-S WX    SPD DR
================================================================================

 1  88  44  66  -5   0   1 0.00    M    M  4.3 13 290   M    M   0        18 290
 2  92  52  72   1   0   7    T    M    M  8.5 25 120   M    M   0 3      31 100
 3  92  59  76   5   0  11 0.07    M    0  8.6 20 170   M    M   1 3      36  50
 4  96  56  76   4   0  11 0.00    M    M  4.7 14  30   M    M   M        18  30
 5 101  59  80   8   0  15 0.00    M    M  6.7 20  80   M    M   M        26  90
 6  98  54  76   4   0  11 0.02    M    M  6.1 35 300   M    M   0 38     45 310
 7  93  61  77   5   0  12 0.03    M    M  4.6 25 310   M    M   1 3      36 300
 8  93  59  76   3   0  11 0.00    M    M  6.5 14  20   M    M   0        22 220
 9 104  65  85  12   0  20    T    M    M  6.9 31 350   M    M   0 3      40 350
10  94  67  81   8   0  16 0.01    M    M  8.5 17  80   M    M   2        22  80
11  96  59  78   5   0  13 0.00    M    M  4.8 28  20   M    M   0        34  20
12  88  59  74   0   0   9 0.00    M    M  6.7 29 310   M    M   3        39 310
13  94  53  74   0   0   9 0.00    M    M  6.0 15 180   M    M   0        21 190
14  98  65  82   8   0  17 0.00    M    M 10.5 20 190   M    M   0        26 200
15  99  62  81   7   0  16 0.00    M    M   M  13 200   M    M   0        20 100
16  97  59  78   4   0  13 0.00    M    M 10.2 25 190   M    M   M        33 200
17 100  60  80   6   0  15 0.69    M    M  8.1 48  10   M    M   M 3      66  20
18  88  65  77   3   0  12 0.01    M    M  8.1 26 320   M    M   0        35 320
19 103  71  87  12   0  22    T    M    M 13.3 33 200   M    M   0 13     44 210
20  93  66  80   5   0  15 0.09    M    M  7.2 29 210   M    M   1 13     32 210
21  96  66  81   6   0  16 0.04    M    M  6.8 24 210   M    M   0 138    29 220
22  91  60  76   1   0  11    T    M    M  4.0 16 150   M    M   1 3      21 140
23  93  54  74  -1   0   9 0.00    M    M  9.7 28 150   M    M   0        38 140
================================================================================
SM 2187 1375         0 292  0.96    M    160.8          M        9
================================================================================
AV 95.1 59.8                               7.3 FASTST   M    M   0    MAX(MPH)
                                 MISC ---->  # 48  10               # 66   20
================================================================================
NOTES:
# LAST OF SEVERAL OCCURRENCES

COLUMN 17 PEAK WIND IN M.P.H.

PRELIMINARY LOCAL CLIMATOLOGICAL DATA (WS FORM: F-6) , PAGE 2

                                          STATION:  PINE RIDGE SD
                                          MONTH:    JULY
                                          YEAR:     2017
                                          LATITUDE:   43  1 N
                                          LONGITUDE: 102 31 W

[TEMPERATURE DATA]      [PRECIPITATION DATA]       SYMBOLS USED IN COLUMN 16

AVERAGE MONTHLY: 77.4   TOTAL FOR MONTH:   0.96    1 = FOG OR MIST
DPTR FM NORMAL:   4.1   DPTR FM NORMAL:   -0.66    2 = FOG REDUCING VISIBILITY
HIGHEST:   104 ON  9    GRTST 24HR  0.69 ON 17-17      TO 1/4 MILE OR LESS
LOWEST:     44 ON  1                               3 = THUNDER
                        SNOW, ICE PELLETS, HAIL    4 = ICE PELLETS
                        TOTAL MONTH:    M          5 = HAIL
                        GRTST 24HR    M  ON   M    6 = FREEZING RAIN OR DRIZZLE
                        GRTST DEPTH:   0           7 = DUSTSTORM OR SANDSTORM:
                                                       VSBY 1/2 MILE OR LESS
                                                   8 = SMOKE OR HAZE
[NO. OF DAYS WITH]      [WEATHER - DAYS WITH]      9 = BLOWING SNOW
                                                   X = TORNADO
MAX 32 OR BELOW:   0    0.01 INCH OR MORE:   8
MAX 90 OR ABOVE:  20    0.10 INCH OR MORE:   1
MIN 32 OR BELOW:   0    0.50 INCH OR MORE:   1
MIN  0 OR BELOW:   0    1.00 INCH OR MORE:   0

[HDD (BASE 65) ]
TOTAL THIS MO.     0    CLEAR  (SCALE 0-3)  19
DPTR FM NORMAL    -4    PTCLDY (SCALE 4-7)   0
TOTAL FM JUL 1     0    CLOUDY (SCALE 8-10)  0
DPTR FM NORMAL    -4

[CDD (BASE 65) ]
TOTAL THIS MO.   292
DPTR FM NORMAL    93    [PRESSURE DATA]
TOTAL FM JAN 1   406    HIGHEST SLP 30.25 ON 15
DPTR FM NORMAL    80    LOWEST  SLP 29.50 ON 11

[REMARKS]
