000
CXUS53 KUNR 190945
CF6IEN
PRELIMINARY LOCAL CLIMATOLOGICAL DATA (WS FORM: F-6)

                                          STATION:   PINE RIDGE SD
                                          MONTH:     JANUARY
                                          YEAR:      2017
                                          LATITUDE:   43  1 N
                                          LONGITUDE: 102 31 W

  TEMPERATURE IN F:       :PCPN:    SNOW:  WIND      :SUNSHINE: SKY     :PK WND
================================================================================
1   2   3   4   5  6A  6B    7    8   9   10  11  12  13   14  15   16   17  18
                                     12Z  AVG MX 2MIN
DY MAX MIN AVG DEP HDD CDD  WTR  SNW DPTH SPD SPD DIR MIN PSBL S-S WX    SPD DR
================================================================================

 1  25  -3  11 -11  54   0 0.00    M    M  4.0 12  60   M    M   3 12     14  60
 2  19   5  12 -11  53   0 0.01    M    M  7.3 15 350   M    M  10 1      22 360
 3   6  -7   0 -23  65   0 0.00    M    M  3.9 14 360   M    M   3        18 360
 4   5 -12  -3 -26  68   0 0.02    M    M  1.8  8 300   M    M   8 18     11 320
 5   1 -20  -9 -32  74   0    T    M    M  3.2 10 220   M    M   3 18     12 290
 6  15 -14   1 -22  64   0 0.00    M    M  5.9 16 230   M    M   1        22 240
 7  18 -18   0 -23  65   0 0.00    M    M  6.8 35 180   M    M   1 189    44 180
 8  32  11  22  -1  43   0    T    M    M 10.7 30 200   M    M   2 18     37 190
 9  44  19  32   9  33   0 0.01    M    M 10.3 32 170   M    M   2 18     41 170
10  39   8  24   1  41   0    T    M    M  3.9 17  60   M    M   4 12     21 350
11  14   2   8 -15  57   0    T    M    M  7.5 18  20   M    M  10 1      23  10
12  21  -5   8 -15  57   0 0.01    M    M  4.7 17 180   M    M   3 18     22 190
13  29   3  16  -7  49   0    T    M    M 10.4 32 170   M    M   1 1      42 170
14  30   3  17  -7  48   0 0.00    M    M  1.6  7 240   M    M   1 18      9 250
15  32   4  18  -6  47   0 0.00    M    M  1.6  6 260   M    M   1         6  90
16  32   4  18  -6  47   0 0.00    M    M  2.4 10 270   M    M   3        12 260
17  37  -2  18  -6  47   0 0.00    M    M  3.0 13 260   M    M   0 1      16 270
18  43  19  31   7  34   0 0.00    M    M  7.0 14 240   M    M   0        17 230
================================================================================
SM  442   -3       946   0  0.05    M     96.0          M       56
================================================================================
AV 24.6 -0.2                               5.3 FASTST   M    M   3    MAX(MPH)
                                 MISC ---->  # 35 180               # 44  180
================================================================================
NOTES:
# LAST OF SEVERAL OCCURRENCES

COLUMN 17 PEAK WIND IN M.P.H.

PRELIMINARY LOCAL CLIMATOLOGICAL DATA (WS FORM: F-6) , PAGE 2

                                          STATION:  PINE RIDGE SD
                                          MONTH:    JANUARY
                                          YEAR:     2017
                                          LATITUDE:   43  1 N
                                          LONGITUDE: 102 31 W

[TEMPERATURE DATA]      [PRECIPITATION DATA]       SYMBOLS USED IN COLUMN 16

AVERAGE MONTHLY: 12.2   TOTAL FOR MONTH:   0.05    1 = FOG OR MIST
DPTR FM NORMAL: -11.0   DPTR FM NORMAL:   -0.10    2 = FOG REDUCING VISIBILITY
HIGHEST:    44 ON  9    GRTST 24HR  0.02 ON  4- 4      TO 1/4 MILE OR LESS
LOWEST:    -20 ON  5                               3 = THUNDER
                        SNOW, ICE PELLETS, HAIL    4 = ICE PELLETS
                        TOTAL MONTH:    M          5 = HAIL
                        GRTST 24HR    M  ON   M    6 = FREEZING RAIN OR DRIZZLE
                        GRTST DEPTH:  M  ON   M    7 = DUSTSTORM OR SANDSTORM:
                                                       VSBY 1/2 MILE OR LESS
                                                   8 = SMOKE OR HAZE
[NO. OF DAYS WITH]      [WEATHER - DAYS WITH]      9 = BLOWING SNOW
                                                   X = TORNADO
MAX 32 OR BELOW:  14    0.01 INCH OR MORE:   4
MAX 90 OR ABOVE:   0    0.10 INCH OR MORE:   0
MIN 32 OR BELOW:  18    0.50 INCH OR MORE:   0
MIN  0 OR BELOW:   8    1.00 INCH OR MORE:   0

[HDD (BASE 65) ]
TOTAL THIS MO.   946    CLEAR  (SCALE 0-3)  13
DPTR FM NORMAL   193    PTCLDY (SCALE 4-7)   3
TOTAL FM JUL 1  3692    CLOUDY (SCALE 8-10)  2
DPTR FM NORMAL   -51

[CDD (BASE 65) ]
TOTAL THIS MO.     0
DPTR FM NORMAL     0    [PRESSURE DATA]
TOTAL FM JAN 1     0    HIGHEST SLP M ON M
DPTR FM NORMAL     0    LOWEST  SLP 29.31 ON  9

[REMARKS]
