000
CXUS53 KUNR 230945
CF6IEN
PRELIMINARY LOCAL CLIMATOLOGICAL DATA (WS FORM: F-6)

                                          STATION:   PINE RIDGE SD
                                          MONTH:     NOVEMBER
                                          YEAR:      2017
                                          LATITUDE:   43  1 N
                                          LONGITUDE: 102 31 W

  TEMPERATURE IN F:       :PCPN:    SNOW:  WIND      :SUNSHINE: SKY     :PK WND
================================================================================
1   2   3   4   5  6A  6B    7    8   9   10  11  12  13   14  15   16   17  18
                                     12Z  AVG MX 2MIN
DY MAX MIN AVG DEP HDD CDD  WTR  SNW DPTH SPD SPD DIR MIN PSBL S-S WX    SPD DR
================================================================================

 1  51  34  43   2  22   0 0.19    M    M   M   M   M   M    M   M         M  M
 2  35  31  33  -8  32   0 0.02    M    M  7.4 20 140   M    M  10 1      25 140
 3  48  33  41   1  24   0    T    M    M 12.9 23 190   M    M   7        36 180
 4  43  29  36  -4  29   0 0.03    M    M  8.6 16  20   M    M   M        21  10
 5  41  28  35  -4  30   0 0.03    M    M  4.5 13 120   M    M   M        18 120
 6  43  22  33  -6  32   0 0.01    M    M  9.6 18 360   M    M   M        22 350
 7  37  19  28 -10  37   0 0.00    M    M  5.9 17 250   M    M   M        25 250
 8  51  13  32  -6  33   0 0.00    M    M  5.2 18 280   M    M   0        24 280
 9  33  24  29  -8  36   0 0.00    M    M 10.3 23 180   M    M   3        34 180
10  51  27  39   2  26   0 0.00    M    M 16.7 36 190   M    M   0        47 190
11  54  21  38   2  27   0 0.00    M    M  3.7 13  90   M    M   3 1      17  80
12  55  19  37   1  28   0 0.00    M    M 10.7 29 190   M    M   0        36 190
13  66  32  49  14  16   0 0.00    M    M  5.6 16 210   M    M   0        22 200
14  63  28  46  11  19   0 0.00    M    M  5.6 22  10   M    M   3        32 350
15  53  19  36   2  29   0 0.00    M    M  8.5 25 180   M    M   0        35 170
16  77  36  57  23   8   0 0.00    M    M 12.3 25 180   M    M   1        32 180
17  49  31  40   7  25   0    T    M    M  5.0 18 350   M    M   8        24 350
18  47  17  32   0  33   0 0.00    M    M  6.4 21 280   M    M   1 12     31 310
19  55  16  36   4  29   0 0.00    M    M  6.6 20 250   M    M   0        28 240
20  63  29  46  15  19   0 0.00    M    M  8.9 25 280   M    M   0        33 280
21  41  19  30  -1  35   0    T    M    M  6.5 24  10   M    M   6 1      29  10
22  72  28  50  20  15   0 0.00    M    M  6.4 20 280   M    M   1        25 290
================================================================================
SM 1128  555       584   0  0.28    M    167.3          M       43
================================================================================
AV 51.3 25.2                               8.0 FASTST   M    M   3    MAX(MPH)
                                 MISC ---->  # 36 190               # 47  190
================================================================================
NOTES:
# LAST OF SEVERAL OCCURRENCES

COLUMN 17 PEAK WIND IN M.P.H.

PRELIMINARY LOCAL CLIMATOLOGICAL DATA (WS FORM: F-6) , PAGE 2

                                          STATION:  PINE RIDGE SD
                                          MONTH:    NOVEMBER
                                          YEAR:     2017
                                          LATITUDE:   43  1 N
                                          LONGITUDE: 102 31 W

[TEMPERATURE DATA]      [PRECIPITATION DATA]       SYMBOLS USED IN COLUMN 16

AVERAGE MONTHLY: 38.3   TOTAL FOR MONTH:   0.28    1 = FOG OR MIST
DPTR FM NORMAL:   2.4   DPTR FM NORMAL:   -0.21    2 = FOG REDUCING VISIBILITY
HIGHEST:    77 ON 16    GRTST 24HR  0.19 ON  1- 1      TO 1/4 MILE OR LESS
LOWEST:     13 ON  8                               3 = THUNDER
                        SNOW, ICE PELLETS, HAIL    4 = ICE PELLETS
                        TOTAL MONTH:    M          5 = HAIL
                        GRTST 24HR    M  ON   M    6 = FREEZING RAIN OR DRIZZLE
                        GRTST DEPTH:  M  ON   M    7 = DUSTSTORM OR SANDSTORM:
                                                       VSBY 1/2 MILE OR LESS
                                                   8 = SMOKE OR HAZE
[NO. OF DAYS WITH]      [WEATHER - DAYS WITH]      9 = BLOWING SNOW
                                                   X = TORNADO
MAX 32 OR BELOW:   0    0.01 INCH OR MORE:   5
MAX 90 OR ABOVE:   0    0.10 INCH OR MORE:   1
MIN 32 OR BELOW:  19    0.50 INCH OR MORE:   0
MIN  0 OR BELOW:   0    1.00 INCH OR MORE:   0

[HDD (BASE 65) ]
TOTAL THIS MO.   584    CLEAR  (SCALE 0-3)  12
DPTR FM NORMAL   -57    PTCLDY (SCALE 4-7)   4
TOTAL FM JUL 1  1314    CLOUDY (SCALE 8-10)  1
DPTR FM NORMAL   -82

[CDD (BASE 65) ]
TOTAL THIS MO.     0
DPTR FM NORMAL     0    [PRESSURE DATA]
TOTAL FM JAN 1   780    HIGHEST SLP M ON M
DPTR FM NORMAL    63    LOWEST  SLP 29.24 ON  1

[REMARKS]
