000
CXUS54 KFWD 220730
CF6ILE
PRELIMINARY LOCAL CLIMATOLOGICAL DATA (WS FORM: F-6)

                                          STATION:   KILLEEN SKYLARK
                                          MONTH:     JULY
                                          YEAR:      2014
                                          LATITUDE:   31  4 N
                                          LONGITUDE:  97 41 W

  TEMPERATURE IN F:       :PCPN:    SNOW:  WIND      :SUNSHINE: SKY     :PK WND
================================================================================
1   2   3   4   5  6A  6B    7    8   9   10  11  12  13   14  15   16   17  18
                                     12Z  AVG MX 2MIN
DY MAX MIN AVG DEP HDD CDD  WTR  SNW DPTH SPD SPD DIR MIN PSBL S-S WX    SPD DR
================================================================================

 1  91  72  82   0   0  17 0.00  0.0    0 10.5 18 140   M    M   0        23 170
 2  95  70  83   1   0  18 0.00  0.0    0  6.2 12 110   M    M   0        16 220
 3  91  68  80  -2   0  15 0.00  0.0    0  2.3  9  70   M    M   1 3       M  M
 4  90  66  78  -4   0  13 0.00  0.0    0  5.0 13 120   M    M   0         M  M
 5  91  68  80  -2   0  15 0.00  0.0    0  6.0 14 150   M    M   1        23 150
 6  91  70  81  -1   0  16 0.00  0.0    0  7.9 13 180   M    M   2        18 180
 7  97  73  85   3   0  20 0.00  0.0    0  9.8 15 160   M    M   0        20 200
 8  97  72  85   3   0  20 0.00  0.0    0 10.7 16 140   M    M   0        21 230
 9  99  70  85   3   0  20 0.00  0.0    0  9.1 16 150   M    M   0        21 200
10  95  68  82   0   0  17 0.00  0.0    0  9.7 16 160   M    M   0        23 170
11  93  70  82  -1   0  17 0.00  0.0    0  9.1 16 140   M    M   1        23 140
12  97  66  82  -1   0  17 0.00  0.0    0  6.2 18 130   M    M   0        22 120
13  99  73  86   3   0  21 0.00  0.0    0  7.3 12 140   M    M   0        17 160
14 100  73  87   4   0  22 0.00  0.0    0  7.0 12 120   M    M   0        17 100
15  91  72  82  -1   0  17 0.26  0.0    0  5.5 10  30   M    M   2 3       M  M
16  93  70  82  -1   0  17 0.09  0.0    0  5.8 12 150   M    M   3 3       M  M
17  86  75  81  -2   0  16 0.57  0.0    0  6.7 12 140   M    M   6 3       M  M
18   M   M   M   M   M   M 0.06  0.0    0   M   M   M   M    M   M         M  M
19   M   M   M   M   M   M    M    M    M   M   M   M   M    M   M         M  M
20   M   M   M   M   M   M    M    M    M   M   M   M   M    M   M         M  M
21  95  75  85   2   0  20 0.00  0.0    0  8.2 15 150   M    M   1        17 140
================================================================================
SM 1691 1271         0 318  0.98     0.0 133.0          M       17
================================================================================
AV 93.9 70.6                               7.4 FASTST   M    M   1    MAX(MPH)
                                 MISC ---->    18   M               # 23  170
================================================================================
NOTES:
# LAST OF SEVERAL OCCURRENCES

COLUMN 17 PEAK WIND IN M.P.H.

PRELIMINARY LOCAL CLIMATOLOGICAL DATA (WS FORM: F-6) , PAGE 2

                                          STATION:  KILLEEN SKYLARK
                                          MONTH:    JULY
                                          YEAR:     2014
                                          LATITUDE:   31  4 N
                                          LONGITUDE:  97 41 W

[TEMPERATURE DATA]      [PRECIPITATION DATA]       SYMBOLS USED IN COLUMN 16

AVERAGE MONTHLY: 82.3   TOTAL FOR MONTH:   0.98    1 = FOG OR MIST
DPTR FM NORMAL:  -0.2   DPTR FM NORMAL:   -0.42    2 = FOG REDUCING VISIBILITY
HIGHEST:   100 ON 14    GRTST 24HR  0.57 ON 17-17      TO 1/4 MILE OR LESS
LOWEST:     66 ON 12, 4                            3 = THUNDER
                        SNOW, ICE PELLETS, HAIL    4 = ICE PELLETS
                        TOTAL MONTH:   0.0 INCH    5 = HAIL
                        GRTST 24HR     0.0         6 = FREEZING RAIN OR DRIZZLE
                        GRTST DEPTH:   0           7 = DUSTSTORM OR SANDSTORM:
                                                       VSBY 1/2 MILE OR LESS
                                                   8 = SMOKE OR HAZE
[NO. OF DAYS WITH]      [WEATHER - DAYS WITH]      9 = BLOWING SNOW
                                                   X = TORNADO
MAX 32 OR BELOW:   0    0.01 INCH OR MORE:   4
MAX 90 OR ABOVE:  17    0.10 INCH OR MORE:   2
MIN 32 OR BELOW:   0    0.50 INCH OR MORE:   1
MIN  0 OR BELOW:   0    1.00 INCH OR MORE:   0

[HDD (BASE 65) ]
TOTAL THIS MO.     0    CLEAR  (SCALE 0-3)  17
DPTR FM NORMAL     0    PTCLDY (SCALE 4-7)   1
TOTAL FM JUL 1     0    CLOUDY (SCALE 8-10)  0
DPTR FM NORMAL     0

[CDD (BASE 65) ]
TOTAL THIS MO.   318
DPTR FM NORMAL   -51    [PRESSURE DATA]
TOTAL FM JAN 1  1171    HIGHEST SLP M ON M
DPTR FM NORMAL   -40    LOWEST  SLP M ON M

[REMARKS]
