000
CXUS54 KFWD 290730
CF6ILE
PRELIMINARY LOCAL CLIMATOLOGICAL DATA (WS FORM: F-6)

                                          STATION:   KILLEEN SKYLARK
                                          MONTH:     JULY
                                          YEAR:      2015
                                          LATITUDE:   31  4 N
                                          LONGITUDE:  97 41 W

  TEMPERATURE IN F:       :PCPN:    SNOW:  WIND      :SUNSHINE: SKY     :PK WND
================================================================================
1   2   3   4   5  6A  6B    7    8   9   10  11  12  13   14  15   16   17  18
                                     12Z  AVG MX 2MIN
DY MAX MIN AVG DEP HDD CDD  WTR  SNW DPTH SPD SPD DIR MIN PSBL S-S WX    SPD DR
================================================================================

 1  91  70  81  -1   0  16 0.00  0.0    0  9.7 20 180   M    M   1        25 170
 2  91  70  81  -1   0  16 0.00  0.0    0 11.5 17 170   M    M   2        24 180
 3  91  73  82   0   0  17 0.00  0.0    0  9.1 13 210   M    M   2        23 210
 4  93  72  83   1   0  18 0.00  0.0    0  9.7 16 160   M    M   2        22 160
 5  91  73  82   0   0  17 0.00  0.0    0 11.7 17 180   M    M   2        27 160
 6  91  77  84   2   0  19 0.00  0.0    0 15.7 21 160   M    M   3        31 170
 7  91  77  84   2   0  19 0.00  0.0    0 13.4 20 190   M    M   4        29 180
 8  91  77  84   2   0  19 0.00  0.0    0 14.6 22 180   M    M   3        30 160
 9  93  75  84   2   0  19 0.00  0.0    0 12.6 18 140   M    M   1        23 160
10  93  70  82   0   0  17 0.00  0.0    0  9.2 16 150   M    M   2        22 150
11   M   M   M   M   M   M    M    M    M   M   M   M   M    M   M         M  M
12   M   M   M   M   M   M    M    M    M   M   M   M   M    M   M         M  M
13  99  75  87   4   0  22 0.00  0.0    0 10.2 15 150   M    M   0        20 160
14  97  73  85   2   0  20 0.00  0.0    0  9.6 14 170   M    M   0        20 150
15  95  73  84   1   0  19 0.00  0.0    0 10.4 14 150   M    M   0        18 150
16  97  72  85   2   0  20 0.00  0.0    0 10.6 16 170   M    M   0        21 180
17  97  73  85   2   0  20 0.00  0.0    0 11.7 16 160   M    M   0        23 180
18  97  73  85   2   0  20 0.00  0.0    0 12.0 18 170   M    M   0        25 170
19   M   M   M   M   M   M 0.00  0.0    0   M   M   M   M    M   0         M  M
20  99  82  91   8   0  26 0.00  0.0    0 10.4 16 160   M    M   0        21 160
21  99  75  87   4   0  22 0.00  0.0    0  9.9 14 200   M    M   0        20 140
22  97  75  86   3   0  21 0.00  0.0    0 11.7 15 190   M    M   0        21 190
23  99  73  86   2   0  21 0.00  0.0    0 12.1 20 180   M    M   0        24 180
24  99  72  86   2   0  21 0.00  0.0    0  9.3 14 130   M    M   1        21 160
25  99  73  86   2   0  21 0.00  0.0    0  7.8 13 130   M    M   0        17 130
26  97  73  85   1   0  20 0.00  0.0    0  6.8 12 120   M    M   0        17 120
27  99  75  87   3   0  22 0.00  0.0    0  9.0 14 160   M    M   0        21 140
28  99  75  87   3   0  22 0.00  0.0    0 10.2 15 190   M    M   1        23 190
================================================================================
SM 2385 1846         0 494  0.00     0.0 268.9          M       24
================================================================================
AV 95.4 73.8                              10.8 FASTST   M    M   1    MAX(MPH)
                                 MISC ---->    22   M                 31    M
================================================================================
NOTES:
# LAST OF SEVERAL OCCURRENCES

COLUMN 17 PEAK WIND IN M.P.H.

PRELIMINARY LOCAL CLIMATOLOGICAL DATA (WS FORM: F-6) , PAGE 2

                                          STATION:  KILLEEN SKYLARK
                                          MONTH:    JULY
                                          YEAR:     2015
                                          LATITUDE:   31  4 N
                                          LONGITUDE:  97 41 W

[TEMPERATURE DATA]      [PRECIPITATION DATA]       SYMBOLS USED IN COLUMN 16

AVERAGE MONTHLY: 84.6   TOTAL FOR MONTH:   0.00    1 = FOG OR MIST
DPTR FM NORMAL:   1.8   DPTR FM NORMAL:   -1.69    2 = FOG REDUCING VISIBILITY
HIGHEST:    99 ON 28,27 GRTST 24HR  0.00 ON 28-28      TO 1/4 MILE OR LESS
LOWEST:     70 ON 10, 2                            3 = THUNDER
                        SNOW, ICE PELLETS, HAIL    4 = ICE PELLETS
                        TOTAL MONTH:   0.0 INCH    5 = HAIL
                        GRTST 24HR     0.0         6 = FREEZING RAIN OR DRIZZLE
                        GRTST DEPTH:   0           7 = DUSTSTORM OR SANDSTORM:
                                                       VSBY 1/2 MILE OR LESS
                                                   8 = SMOKE OR HAZE
[NO. OF DAYS WITH]      [WEATHER - DAYS WITH]      9 = BLOWING SNOW
                                                   X = TORNADO
MAX 32 OR BELOW:   0    0.01 INCH OR MORE:   0
MAX 90 OR ABOVE:  25    0.10 INCH OR MORE:   0
MIN 32 OR BELOW:   0    0.50 INCH OR MORE:   0
MIN  0 OR BELOW:   0    1.00 INCH OR MORE:   0

[HDD (BASE 65) ]
TOTAL THIS MO.     0    CLEAR  (SCALE 0-3)  25
DPTR FM NORMAL     0    PTCLDY (SCALE 4-7)   1
TOTAL FM JUL 1     0    CLOUDY (SCALE 8-10)  0
DPTR FM NORMAL     0

[CDD (BASE 65) ]
TOTAL THIS MO.   494
DPTR FM NORMAL    -7    [PRESSURE DATA]
TOTAL FM JAN 1  1441    HIGHEST SLP M ON M
DPTR FM NORMAL    98    LOWEST  SLP M ON M

[REMARKS]
