000
CXUS54 KFWD 260730
CF6ILE
PRELIMINARY LOCAL CLIMATOLOGICAL DATA (WS FORM: F-6)

                                          STATION:   KILLEEN SKYLARK
                                          MONTH:     MARCH
                                          YEAR:      2015
                                          LATITUDE:   31  4 N
                                          LONGITUDE:  97 41 W

  TEMPERATURE IN F:       :PCPN:    SNOW:  WIND      :SUNSHINE: SKY     :PK WND
================================================================================
1   2   3   4   5  6A  6B    7    8   9   10  11  12  13   14  15   16   17  18
                                     12Z  AVG MX 2MIN
DY MAX MIN AVG DEP HDD CDD  WTR  SNW DPTH SPD SPD DIR MIN PSBL S-S WX    SPD DR
================================================================================

 1  41  34  38 -15  27   0 0.09  0.0    0  7.1 12 360   M    M  10        16 340
 2  41  37  39 -15  26   0 0.01  0.0    0  7.3 13 340   M    M  10        17 340
 3  63  39  51  -3  14   0 0.00  0.0    0  3.6 13 170   M    M  10        16 170
 4  64  34  49  -5  16   0 0.26    M    0 10.6 23 350   M    M  10        30 350
 5  43  27  35 -19  30   0 0.07    M    M 15.1 24  10   M    M   3        33 350
 6  55  25  40 -15  25   0 0.00  0.0    0  3.1  8 130   M    M   0         M  M
 7  55  34  45 -10  20   0 0.00  0.0    0  3.9  9 110   M    M   7         M  M
 8  52  46  49  -6  16   0 0.08  0.0    0  6.5 13 130   M    M  10         M  M
 9  52  48  50  -6  15   0 0.97  0.0    0  6.6  9 330   M    M  10         M  M
10  61  50  56   0   9   0 0.00  0.0    0  6.0 10 310   M    M  10         M  M
11  59  52  56   0   9   0 0.00  0.0    0  6.1 15  20   M    M   8         M  M
12  72  50  61   5   4   0 0.00  0.0    0  7.7 16  30   M    M   4        21  10
13  73  54  64   7   1   0 0.00  0.0    0  7.7 14 350   M    M   6        20 320
14  73  52  63   6   2   0 0.00  0.0    0  8.2 16 360   M    M   4        23 330
15  66  48  57   0   8   0 0.00  0.0    0  4.7 12  20   M    M   5         M  M
16  77  48  63   6   2   0 0.00  0.0    0  5.2 12 160   M    M   3         M  M
17  75  64  70  12   0   5 0.00  0.0    0  8.3 12 150   M    M   8        17 220
18  79  61  70  12   0   5 0.14  0.0    0  5.4 12 220   M    M   5        16 220
19  81  57  69  11   0   4 0.05  0.0    0  5.5 15 160   M    M   6        20 160
20  68  54  61   2   4   0 0.74  0.0    0  7.6 14  20   M    M   8        20 360
21  59  54  57  -2   8   0 0.63  0.0    0  7.0 14  60   M    M   9         M  M
22  73  55  64   5   1   0 0.00  0.0    0  4.0  8  50   M    M   7         M  M
23  75  48  62   3   3   0 0.00  0.0    0  5.2 13 130   M    M   3         M  M
24  84  61  73  13   0   8 0.00  0.0    0   M   M   M   M    M   0         M  M
25   0   0   0 -60  65   0 0.00  0.0    0  0.0  M   M   M    M   0         M  M
================================================================================
SM 1541 1132       305  22  3.04     0.0 152.4          M      156
================================================================================
AV 61.6 45.3                               6.3 FASTST   M    M   6    MAX(MPH)
                                 MISC ---->    24   M                 33    M
================================================================================
NOTES:
# LAST OF SEVERAL OCCURRENCES

COLUMN 17 PEAK WIND IN M.P.H.

PRELIMINARY LOCAL CLIMATOLOGICAL DATA (WS FORM: F-6) , PAGE 2

                                          STATION:  KILLEEN SKYLARK
                                          MONTH:    MARCH
                                          YEAR:     2015
                                          LATITUDE:   31  4 N
                                          LONGITUDE:  97 41 W

[TEMPERATURE DATA]      [PRECIPITATION DATA]       SYMBOLS USED IN COLUMN 16

AVERAGE MONTHLY: 53.5   TOTAL FOR MONTH:   3.04    1 = FOG OR MIST
DPTR FM NORMAL:  -3.2   DPTR FM NORMAL:    0.41    2 = FOG REDUCING VISIBILITY
HIGHEST:    84 ON 24    GRTST 24HR  0.97 ON  9- 9      TO 1/4 MILE OR LESS
LOWEST:      0 ON 25                               3 = THUNDER
                        SNOW, ICE PELLETS, HAIL    4 = ICE PELLETS
                        TOTAL MONTH:   0.0 INCH    5 = HAIL
                        GRTST 24HR     0.0         6 = FREEZING RAIN OR DRIZZLE
                        GRTST DEPTH:   0           7 = DUSTSTORM OR SANDSTORM:
                                                       VSBY 1/2 MILE OR LESS
                                                   8 = SMOKE OR HAZE
[NO. OF DAYS WITH]      [WEATHER - DAYS WITH]      9 = BLOWING SNOW
                                                   X = TORNADO
MAX 32 OR BELOW:   1    0.01 INCH OR MORE:  10
MAX 90 OR ABOVE:   0    0.10 INCH OR MORE:   5
MIN 32 OR BELOW:   3    0.50 INCH OR MORE:   3
MIN  0 OR BELOW:   1    1.00 INCH OR MORE:   0

[HDD (BASE 65) ]
TOTAL THIS MO.   305    CLEAR  (SCALE 0-3)   4
DPTR FM NORMAL    76    PTCLDY (SCALE 4-7)  13
TOTAL FM JUL 1  2040    CLOUDY (SCALE 8-10)  8
DPTR FM NORMAL    -1

[CDD (BASE 65) ]
TOTAL THIS MO.    22
DPTR FM NORMAL     2    [PRESSURE DATA]
TOTAL FM JAN 1    24    HIGHEST SLP M ON M
DPTR FM NORMAL    -4    LOWEST  SLP M ON M

[REMARKS]
