000
CXUS52 KILM 011000
CF6ILM
PRELIMINARY LOCAL CLIMATOLOGICAL DATA (WS FORM: F-6)

                                          STATION:   WILMINGTON NC
                                          MONTH:     JULY
                                          YEAR:      2014
                                          LATITUDE:   34 16 N
                                          LONGITUDE:  77 55 W

  TEMPERATURE IN F:       :PCPN:    SNOW:  WIND      :SUNSHINE: SKY     :PK WND
================================================================================
1   2   3   4   5  6A  6B    7    8   9   10  11  12  13   14  15   16   17  18
                                     12Z  AVG MX 2MIN
DY MAX MIN AVG DEP HDD CDD  WTR  SNW DPTH SPD SPD DIR MIN PSBL S-S WX    SPD DR
================================================================================

 1  91  68  80  -1   0  15 0.00  0.0    0  5.2 15 150   M    M   0        21 150
 2  92  77  85   4   0  20 0.00  0.0    0  8.3 18 190   M    M   2        23 160
 3  83  73  78  -3   0  13 3.75  0.0    0 15.9 43 350   M    M   8 1238   59 360
 4  89  74  82   1   0  17 0.01  0.0    0  7.8 25 270   M    M   3 138    31 270
 5  82  67  75  -6   0  10 0.00  0.0    0  8.2 18  30   M    M   2        22  30
 6  84  65  75  -6   0  10 0.00  0.0    0  4.6 14 100   M    M   0        16 100
 7  90  68  79  -2   0  14 0.00  0.0    0  6.2 15 200   M    M   2        21 160
 8  94  78  86   5   0  21 0.00  0.0    0 12.0 20 190   M    M   1        31 210
 9  94  80  87   6   0  22 0.00  0.0    0 10.4 21 210   M    M   1 3      27 210
10  89  72  81   0   0  16 0.90  0.0    0  8.1 24 270   M    M   3 13     31 270
11  81  72  77  -4   0  12 0.03  0.0    0  1.8  6 340   M    M   5 1       9 340
12  87  72  80  -1   0  15 0.00  0.0    0  4.8 13 110   M    M   2 1      16 110
13  88  71  80  -1   0  15 0.00  0.0    0  6.5 15 180   M    M   2        19 170
14  91  75  83   2   0  18 0.07  0.0    0  9.9 23 200   M    M   1 138    29 210
15  92  73  83   2   0  18 0.27  0.0    0 10.8 31 240   M    M   3 13     42 240
16  81  72  77  -4   0  12 1.22  0.0    0  3.2 18 320   M    M   6 1238   25 330
17  87  70  79  -2   0  14 0.00  0.0    0  5.9 14 120   M    M   2 1      19  40
18  86  68  77  -4   0  12 0.00  0.0    0  8.3 17 100   M    M   0        23  90
19  86  67  77  -4   0  12    T  0.0    0  4.3 10  10   M    M   4        16 330
20  86  75  81   0   0  16    T  0.0    0  3.8 13 110   M    M   5 13     16 120
21  82  73  78  -3   0  13 2.76  0.0    0  4.4 16  30   M    M   3 123    20  30
22  83  73  78  -3   0  13 0.49  0.0    0  4.5 10 180   M    M   6 13     14 100
23  90  73  82   1   0  17 0.03  0.0    0  4.8 17 200   M    M   1        22 190
24  94  73  84   3   0  19 1.27  0.0    0  9.8 38 280   M    M   2 13     52 280
25  81  72  77  -4   0  12    T  0.0    0  4.6 12 100   M    M   7 1      15 100
26  90  73  82   1   0  17 0.00  0.0    0  4.7 14 180   M    M   3 1      19 180
27  94  78  86   5   0  21 0.00  0.0    0  9.0 17 260   M    M   0 1      23 270
28  92  71  82   1   0  17 0.59  0.0    0  8.6 25 200   M    M   2 13     37 200
29  88  68  78  -3   0  13 0.59  0.0    0  5.5 14  30   M    M   4        17 270
30  84  68  76  -5   0  11 0.00  0.0    0  6.2 14  70   M    M   1 1      19 100
31  86  69  78  -3   0  13 0.02  0.0    0  8.4 17 100   M    M   2        24  90
================================================================================
SM 2717 2228         0 468 12.00     0.0 216.5          M       83
================================================================================
AV 87.6 71.9                               7.0 FASTST   M    M   3    MAX(MPH)
                                 MISC ---->  # 43 350               # 59  360
================================================================================
NOTES:
# LAST OF SEVERAL OCCURRENCES

COLUMN 17 PEAK WIND IN M.P.H.

PRELIMINARY LOCAL CLIMATOLOGICAL DATA (WS FORM: F-6) , PAGE 2

                                          STATION:  WILMINGTON NC
                                          MONTH:    JULY
                                          YEAR:     2014
                                          LATITUDE:   34 16 N
                                          LONGITUDE:  77 55 W

[TEMPERATURE DATA]      [PRECIPITATION DATA]       SYMBOLS USED IN COLUMN 16

AVERAGE MONTHLY: 79.8   TOTAL FOR MONTH:  12.00    1 = FOG OR MIST
DPTR FM NORMAL:  -1.3   DPTR FM NORMAL:    4.52    2 = FOG REDUCING VISIBILITY
HIGHEST:    94 ON 27,24 GRTST 24HR  3.75 ON  3- 3      TO 1/4 MILE OR LESS
LOWEST:     65 ON  6                               3 = THUNDER
                        SNOW, ICE PELLETS, HAIL    4 = ICE PELLETS
                        TOTAL MONTH:   0.0 INCH    5 = HAIL
                        GRTST 24HR     0.0         6 = FREEZING RAIN OR DRIZZLE
                        GRTST DEPTH:   0           7 = DUSTSTORM OR SANDSTORM:
                                                       VSBY 1/2 MILE OR LESS
                                                   8 = SMOKE OR HAZE
[NO. OF DAYS WITH]      [WEATHER - DAYS WITH]      9 = BLOWING SNOW
                                                   X = TORNADO
MAX 32 OR BELOW:   0    0.01 INCH OR MORE:  14
MAX 90 OR ABOVE:  12    0.10 INCH OR MORE:   9
MIN 32 OR BELOW:   0    0.50 INCH OR MORE:   7
MIN  0 OR BELOW:   0    1.00 INCH OR MORE:   4

[HDD (BASE 65) ]
TOTAL THIS MO.     0    CLEAR  (SCALE 0-3)  22
DPTR FM NORMAL     0    PTCLDY (SCALE 4-7)   8
TOTAL FM JUL 1     0    CLOUDY (SCALE 8-10)  1
DPTR FM NORMAL     0

[CDD (BASE 65) ]
TOTAL THIS MO.   468
DPTR FM NORMAL   -33    [PRESSURE DATA]
TOTAL FM JAN 1  1315    HIGHEST SLP 30.25 ON  5
DPTR FM NORMAL   148    LOWEST  SLP 29.52 ON  3

[REMARKS]
#FINAL-07-14#
