000
CXUS52 KILM 281000
CF6ILM
PRELIMINARY LOCAL CLIMATOLOGICAL DATA (WS FORM: F-6)

                                          STATION:   WILMINGTON NC
                                          MONTH:     MARCH
                                          YEAR:      2015
                                          LATITUDE:   34 16 N
                                          LONGITUDE:  77 55 W

  TEMPERATURE IN F:       :PCPN:    SNOW:  WIND      :SUNSHINE: SKY     :PK WND
================================================================================
1   2   3   4   5  6A  6B    7    8   9   10  11  12  13   14  15   16   17  18
                                     12Z  AVG MX 2MIN
DY MAX MIN AVG DEP HDD CDD  WTR  SNW DPTH SPD SPD DIR MIN PSBL S-S WX    SPD DR
================================================================================

 1  58  36  47  -4  18   0 0.05  0.0    0  6.6 14  40   M    M  10 1      16  30
 2  64  42  53   1  12   0 0.00  0.0    0  6.9 17  90   M    M   7 12     25 100
 3  48  40  44  -8  21   0 0.15  0.0    0  7.0 17  70   M    M   9 128    24  70
 4  77  45  61   9   4   0 0.00  0.0    0 14.2 28 220   M    M   5 12     40 220
 5  76  36  56   4   9   0 0.41  0.0    0 16.8 35 360   M    M   5 1      52 320
 6  44  30  37 -15  28   0    T  0.0    0 12.2 24  10   M    M   8        33  20
 7  58  25  42 -11  23   0 0.00  0.0    0  3.9 13 140   M    M   0        16 170
 8  71  40  56   3   9   0 0.00  0.0    0  9.2 18 190   M    M   0        22 200
 9  69  48  59   6   6   0 0.00  0.0    0  5.6 13 240   M    M   1        15 250
10  74  50  62   8   3   0    T  0.0    0  6.3 17 190   M    M   5 1      22 190
11  84  64  74  20   0   9 0.00  0.0    0 11.9 20 200   M    M   4        25 230
12  67  47  57   3   8   0 0.00  0.0    0 11.0 24  30   M    M   6        28  30
13  62  41  52  -2  13   0    T  0.0    0 10.5 22  60   M    M   6        28  90
14  69  59  64  10   1   0 0.64  0.0    0 11.6 25 190   M    M   8 1      31 170
15  74  49  62   7   3   0 0.00  0.0    0  9.5 22 300   M    M   1        32 300
16  74  42  58   3   7   0 0.00  0.0    0  5.8 18 220   M    M   0 8      23 230
17  84  55  70  15   0   5 0.00  0.0    0  9.9 21 280   M    M   0        24 270
18  66  47  57   1   8   0 0.00  0.0    0  7.2 18  30   M    M   0        22  30
19  59  46  53  -3  12   0 0.14  0.0    0  8.6 20  60   M    M   7 18     23  50
20  66  48  57   1   8   0 0.19  0.0    0  7.3 15 290   M    M   6 1      20 300
21  65  46  56   0   9   0 0.00  0.0    0  5.1 13 100   M    M   4 1      16 100
22  64  48  56  -1   9   0 0.18  0.0    0  5.0 16 100   M    M   6 1      20  90
23  56  46  51  -6  14   0 0.29  0.0    0 10.0 21  30   M    M  10 1      25  30
24  68  42  55  -2  10   0 0.00  0.0    0  8.0 14  70   M    M   6        19  60
25  73  47  60   3   5   0 0.00  0.0    0  9.5 18  90   M    M   7        23  60
26  77  64  71  13   0   6 0.59  0.0    0 11.5 24 230   M    M   6 13     30 230
27  73  43  58   0   7   0 0.75  0.0    0  8.6 23 340   M    M   9 13     33 350
================================================================================
SM 1820 1226       247  20  3.39     0.0 239.7          M      136
================================================================================
AV 67.4 45.4                               8.9 FASTST   M    M   5    MAX(MPH)
                                 MISC ---->  # 35 360               # 52  320
================================================================================
NOTES:
# LAST OF SEVERAL OCCURRENCES

COLUMN 17 PEAK WIND IN M.P.H.

PRELIMINARY LOCAL CLIMATOLOGICAL DATA (WS FORM: F-6) , PAGE 2

                                          STATION:  WILMINGTON NC
                                          MONTH:    MARCH
                                          YEAR:     2015
                                          LATITUDE:   34 16 N
                                          LONGITUDE:  77 55 W

[TEMPERATURE DATA]      [PRECIPITATION DATA]       SYMBOLS USED IN COLUMN 16

AVERAGE MONTHLY: 56.4   TOTAL FOR MONTH:   3.39    1 = FOG OR MIST
DPTR FM NORMAL:   1.9   DPTR FM NORMAL:   -0.31    2 = FOG REDUCING VISIBILITY
HIGHEST:    84 ON 17,11 GRTST 24HR  0.75 ON 27-27      TO 1/4 MILE OR LESS
LOWEST:     25 ON  7                               3 = THUNDER
                        SNOW, ICE PELLETS, HAIL    4 = ICE PELLETS
                        TOTAL MONTH:   0.0 INCH    5 = HAIL
                        GRTST 24HR     0.0         6 = FREEZING RAIN OR DRIZZLE
                        GRTST DEPTH:   0           7 = DUSTSTORM OR SANDSTORM:
                                                       VSBY 1/2 MILE OR LESS
                                                   8 = SMOKE OR HAZE
[NO. OF DAYS WITH]      [WEATHER - DAYS WITH]      9 = BLOWING SNOW
                                                   X = TORNADO
MAX 32 OR BELOW:   0    0.01 INCH OR MORE:  10
MAX 90 OR ABOVE:   0    0.10 INCH OR MORE:   9
MIN 32 OR BELOW:   2    0.50 INCH OR MORE:   3
MIN  0 OR BELOW:   0    1.00 INCH OR MORE:   0

[HDD (BASE 65) ]
TOTAL THIS MO.   247    CLEAR  (SCALE 0-3)   7
DPTR FM NORMAL   -46    PTCLDY (SCALE 4-7)  16
TOTAL FM JUL 1  2430    CLOUDY (SCALE 8-10)  4
DPTR FM NORMAL   208

[CDD (BASE 65) ]
TOTAL THIS MO.    20
DPTR FM NORMAL     8    [PRESSURE DATA]
TOTAL FM JAN 1    26    HIGHEST SLP M ON M
DPTR FM NORMAL     9    LOWEST  SLP 29.62 ON 27

[REMARKS]
