000
CXUS54 KMAF 261100
CF6INK
PRELIMINARY LOCAL CLIMATOLOGICAL DATA (WS FORM: F-6)

                                          STATION:   Wink
                                          MONTH:     FEBRUARY
                                          YEAR:      2015
                                          LATITUDE:   31 46 N
                                          LONGITUDE: 103 12 W

  TEMPERATURE IN F:       :PCPN:    SNOW:  WIND      :SUNSHINE: SKY     :PK WND
================================================================================
1   2   3   4   5  6A  6B    7    8   9   10  11  12  13   14  15   16   17  18
                                     12Z  AVG MX 2MIN
DY MAX MIN AVG DEP HDD CDD  WTR  SNW DPTH SPD SPD DIR MIN PSBL S-S WX    SPD DR
================================================================================

 1  55  40  48   1  17   0 0.00  0.0    0  8.5 22  30   M    M   9 12     28  30
 2  57  31  44  -3  21   0 0.00  0.0    0 10.3 20 170   M    M   3        25 170
 3  61  34  48   1  17   0 0.00  0.0    0  6.2 15 140   M    M   0 12     19 140
 4  77  35  56   9   9   0 0.00  0.0    0 10.5 36  20   M    M   7 128    46  30
 5  47  33  40  -7  25   0 0.00  0.0    0  6.2 17  20   M    M   6 8      22 360
 6  73  27  50   2  15   0 0.00  0.0    0  5.9 12 200   M    M   0 18     15 200
 7  84  31  58  10   7   0 0.00  0.0    0  9.2 21 260   M    M   0        26 250
 8  80  47  64  16   1   0 0.00  0.0    0  9.9 25  10   M    M   0        32 360
 9  80  37  59  11   6   0 0.00  0.0    0  9.2 17 150   M    M   0        22 150
10  82  38  60  12   5   0 0.00  0.0    0  5.5 15 120   M    M   0        18 120
11  64  40  52   3  13   0 0.00  0.0    0 15.7 35  30   M    M   4        42  40
12  54  43  49   0  16   0 0.00  0.0    0  6.9 17  20   M    M   8 8      20  30
13  71  36  54   5  11   0 0.00  0.0    0  3.4 13 180   M    M   2        14 190
14  72  37  55   6  10   0 0.00  0.0    0  6.7 15 140   M    M   0        19 140
15  80  43  62  12   3   0 0.00  0.0    0 12.0 31  30   M    M   0        38  20
16  51  36  44  -6  21   0 0.07    M    0 12.9 31  30   M    M   6 3      38  30
17  49  34  42  -8  23   0 0.02    M    0  5.5 18  90   M    M   7 1      23  80
18  71  29  50   0  15   0 0.00  0.0    0  5.0 12  80   M    M   0        16 240
19  77  39  58   8   7   0 0.00  0.0    0  8.4 16 140   M    M   0        19 130
20  80  35  58   7   7   0 0.00  0.0    0 10.8 28 260   M    M   0        33 260
21  69  46  58   7   7   0 0.00  0.0    0 10.4 28  30   M    M   0        33  30
22  58  25  42  -9  23   0 0.11    M    0 15.7 26  30   M    M   7 8      31  30
23  27  23  25 -27  40   0    T    M    0  8.1 17  30   M    M  10 168    21  30
24  39  26  33 -19  32   0 0.00  0.0    0  3.8 14 260   M    M   7        18 260
25  66  30  48  -4  17   0 0.12    M    0  9.2 21 330   M    M   3 12     26 330
================================================================================
SM 1624  875       368   0  0.32     0.0 215.9          M       79
================================================================================
AV 65.0 35.0                               8.6 FASTST   M    M   3    MAX(MPH)
                                 MISC ---->  # 36  20               # 46   30
================================================================================
NOTES:
# LAST OF SEVERAL OCCURRENCES

COLUMN 17 PEAK WIND IN M.P.H.

PRELIMINARY LOCAL CLIMATOLOGICAL DATA (WS FORM: F-6) , PAGE 2

                                          STATION:  Wink
                                          MONTH:    FEBRUARY
                                          YEAR:     2015
                                          LATITUDE:   31 46 N
                                          LONGITUDE: 103 12 W

[TEMPERATURE DATA]      [PRECIPITATION DATA]       SYMBOLS USED IN COLUMN 16

AVERAGE MONTHLY: 50.0   TOTAL FOR MONTH:   0.32    1 = FOG OR MIST
DPTR FM NORMAL:   0.8   DPTR FM NORMAL:   -0.17    2 = FOG REDUCING VISIBILITY
HIGHEST:    84 ON  7    GRTST 24HR  0.37 ON 31- 1      TO 1/4 MILE OR LESS
LOWEST:     23 ON 23                               3 = THUNDER
                        SNOW, ICE PELLETS, HAIL    4 = ICE PELLETS
                        TOTAL MONTH:   0.0 INCH    5 = HAIL
                        GRTST 24HR     0.0         6 = FREEZING RAIN OR DRIZZLE
                        GRTST DEPTH:   0           7 = DUSTSTORM OR SANDSTORM:
                                                       VSBY 1/2 MILE OR LESS
                                                   8 = SMOKE OR HAZE
[NO. OF DAYS WITH]      [WEATHER - DAYS WITH]      9 = BLOWING SNOW
                                                   X = TORNADO
MAX 32 OR BELOW:   1    0.01 INCH OR MORE:   4
MAX 90 OR ABOVE:   0    0.10 INCH OR MORE:   2
MIN 32 OR BELOW:   8    0.50 INCH OR MORE:   0
MIN  0 OR BELOW:   0    1.00 INCH OR MORE:   0

[HDD (BASE 65) ]
TOTAL THIS MO.   368    CLEAR  (SCALE 0-3)  13
DPTR FM NORMAL   -27    PTCLDY (SCALE 4-7)  10
TOTAL FM JUL 1  2031    CLOUDY (SCALE 8-10)  2
DPTR FM NORMAL   -69

[CDD (BASE 65) ]
TOTAL THIS MO.     0
DPTR FM NORMAL     0    [PRESSURE DATA]
TOTAL FM JAN 1     0    HIGHEST SLP M ON M
DPTR FM NORMAL     0    LOWEST  SLP 29.65 ON 20

[REMARKS]
