000
CXUS53 KDLH 010641
CF6INL
PRELIMINARY LOCAL CLIMATOLOGICAL DATA (WS FORM: F-6)

                                          STATION:   INTERNATIONAL FALLS MN
                                          MONTH:     AUGUST
                                          YEAR:      2015
                                          LATITUDE:   48 34 N
                                          LONGITUDE:  93 23 W

  TEMPERATURE IN F:       :PCPN:    SNOW:  WIND      :SUNSHINE: SKY     :PK WND
================================================================================
1   2   3   4   5  6A  6B    7    8   9   10  11  12  13   14  15   16   17  18
                                     12Z  AVG MX 2MIN
DY MAX MIN AVG DEP HDD CDD  WTR  SNW DPTH SPD SPD DIR MIN PSBL S-S WX    SPD DR
================================================================================

 1  81  52  67   2   0   2 0.00  0.0    0  7.2 16 240   M    M   0 3      24 300
 2  73  55  64  -1   1   0 0.21  0.0    0 10.0 24 340   M    M   6 13     32 340
 3  66  45  56  -9   9   0 0.05  0.0    0  8.5 22 320   M    M   9 18     29 290
 4  67  41  54 -11  11   0 0.00  0.0    0  4.3 15  30   M    M   6 1      19  20
 5  73  38  56  -9   9   0 0.00  0.0    0  4.2 10 130   M    M   2 1      13 110
 6  67  58  63  -2   2   0 1.42  0.0    0  9.5 17 120   M    M   9 13     23 130
 7  75  61  68   3   0   3 0.12  0.0    0  6.1 21 150   M    M   8 13     29 160
 8  82  54  68   3   0   3    T  0.0    0  5.7 14 220   M    M   2 3      19 220
 9  78  50  64  -1   1   0 0.00  0.0    0  4.6 14 340   M    M   3        19 320
10  77  49  63  -2   2   0 0.00  0.0    0  5.9 16  20   M    M   3        21 330
11  80  45  63  -1   2   0 0.00  0.0    0  2.5  8  30   M    M   2 1      12  50
12  83  58  71   7   0   6 0.11  0.0    0  5.2 15 360   M    M   1 13     19 220
13  87  61  74  10   0   9 0.00  0.0    0  5.2 14 300   M    M   1        17 300
14  88  54  71   7   0   6 0.00  0.0    0  2.3  8 150   M    M   0        12 120
15  89  65  77  13   0  12 0.06  0.0    0  7.6 18 220   M    M   0 3      26 220
16  75  57  66   2   0   1 0.09  0.0    0  9.2 20 290   M    M   4 13     26 270
17  71  42  57  -7   8   0 0.00  0.0    0  5.0 15 330   M    M   2        20 330
18  70  38  54  -9  11   0 0.01  0.0    0  5.8 15  80   M    M   2        24  60
19  59  53  56  -7   9   0 0.88  0.0    0 13.7 25  20   M    M  10 1      35  10
20  70  47  59  -4   6   0 0.00  0.0    0  8.0 18 320   M    M   6        25 350
21  77  51  64   1   1   0 0.12  0.0    0  5.3 13 280   M    M   3 1      19 160
22  76  58  67   5   0   2 0.05  0.0    0  9.0 20 230   M    M   5 13     30 220
23  61  47  54  -8  11   0 0.35  0.0    0 11.1 25 300   M    M   9 1      35 300
24  53  46  50 -12  15   0 0.10  0.0    0 13.1 21 320   M    M  10 18     28 320
25  68  39  54  -8  11   0 0.00  0.0    0  7.9 16 330   M    M   5        20 330
26  72  34  53  -8  12   0 0.00  0.0    0  1.4  8  60   M    M   0 1      10  60
27  76  37  57  -4   8   0 0.00  0.0    0  2.5 10 150   M    M   2 1      15 130
28  81  57  69   8   0   4 0.05  0.0    0  5.4 15 210   M    M   6 13     22 170
29  74  65  70  10   0   5 0.00  0.0    0  4.5  9 240   M    M   6        12 220
30  83  62  73  13   0   8 0.00  0.0    0  5.2  8 220   M    M   2         M  M
31  82  62  72  12   0   7 0.00  0.0    0  7.2 18 220   M    M   0 1      28 200
================================================================================
SM 2314 1581       129  68  3.62     0.0 203.1          M      124
================================================================================
AV 74.6 51.0                               6.6 FASTST   M    M   4    MAX(MPH)
                                 MISC ---->  # 25  20               # 35   10
================================================================================
NOTES:
# LAST OF SEVERAL OCCURRENCES

COLUMN 17 PEAK WIND IN M.P.H.

PRELIMINARY LOCAL CLIMATOLOGICAL DATA (WS FORM: F-6) , PAGE 2

                                          STATION:  INTERNATIONAL FALLS MN
                                          MONTH:    AUGUST
                                          YEAR:     2015
                                          LATITUDE:   48 34 N
                                          LONGITUDE:  93 23 W

[TEMPERATURE DATA]      [PRECIPITATION DATA]       SYMBOLS USED IN COLUMN 16

AVERAGE MONTHLY: 62.8   TOTAL FOR MONTH:   3.62    1 = FOG OR MIST
DPTR FM NORMAL:  -0.5   DPTR FM NORMAL:    0.81    2 = FOG REDUCING VISIBILITY
HIGHEST:    89 ON 15    GRTST 24HR  1.42 ON  5- 6      TO 1/4 MILE OR LESS
LOWEST:     34 ON 26                               3 = THUNDER
                        SNOW, ICE PELLETS, HAIL    4 = ICE PELLETS
                        TOTAL MONTH:   0.0 INCH    5 = HAIL
                        GRTST 24HR     0.0         6 = FREEZING RAIN OR DRIZZLE
                        GRTST DEPTH:   0           7 = DUSTSTORM OR SANDSTORM:
                                                       VSBY 1/2 MILE OR LESS
                                                   8 = SMOKE OR HAZE
[NO. OF DAYS WITH]      [WEATHER - DAYS WITH]      9 = BLOWING SNOW
                                                   X = TORNADO
MAX 32 OR BELOW:   0    0.01 INCH OR MORE:  14
MAX 90 OR ABOVE:   0    0.10 INCH OR MORE:   8
MIN 32 OR BELOW:   0    0.50 INCH OR MORE:   2
MIN  0 OR BELOW:   0    1.00 INCH OR MORE:   1

[HDD (BASE 65) ]
TOTAL THIS MO.   129    CLEAR  (SCALE 0-3)  17
DPTR FM NORMAL    18    PTCLDY (SCALE 4-7)   9
TOTAL FM JUL 1   176    CLOUDY (SCALE 8-10)  5
DPTR FM NORMAL    -5

[CDD (BASE 65) ]
TOTAL THIS MO.    68
DPTR FM NORMAL    10    [PRESSURE DATA]
TOTAL FM JAN 1   163    HIGHEST SLP M ON M
DPTR FM NORMAL   -18    LOWEST  SLP 29.42 ON 19

[REMARKS]
#FINAL-08-15#
