000
CXUS53 KDLH 250622
CF6INL
PRELIMINARY LOCAL CLIMATOLOGICAL DATA (WS FORM: F-6)

                                          STATION:   INTERNATIONAL FALLS MN
                                          MONTH:     DECEMBER
                                          YEAR:      2014
                                          LATITUDE:   48 34 N
                                          LONGITUDE:  93 23 W

  TEMPERATURE IN F:       :PCPN:    SNOW:  WIND      :SUNSHINE: SKY     :PK WND
================================================================================
1   2   3   4   5  6A  6B    7    8   9   10  11  12  13   14  15   16   17  18
                                     12Z  AVG MX 2MIN
DY MAX MIN AVG DEP HDD CDD  WTR  SNW DPTH SPD SPD DIR MIN PSBL S-S WX    SPD DR
================================================================================

 1   6 -16  -5 -21  70   0    T    T    4  8.4 20 300   M    M   3 8      28 320
 2  20   2  11  -5  54   0 0.00  0.0    4  6.2 15 210   M    M   3        23 220
 3  15 -12   2 -13  63   0    T  0.1    4  9.0 20 290   M    M   4 8      29 300
 4  33 -10  12  -3  53   0 0.00  0.0    4  6.2 21 220   M    M   4        30 230
 5  31   0  16   2  49   0 0.00  0.0    4  5.2 14 330   M    M   0        16 320
 6  24  -9   8  -6  57   0    T    T    3  3.4  9 110   M    M   5 128    11 100
 7  31  24  28  15  37   0 0.05  0.4    3  8.1 15 150   M    M  10 1      22 150
 8  32  12  22   9  43   0 0.15  1.7    5  9.8 18 340   M    M  10 168    24 290
 9  20   9  15   3  50   0    T  0.3    5  6.0 13 150   M    M  10 18     19 160
10  26  20  23  11  42   0    T    T    5  6.9 13 180   M    M  10 1      19 160
11  28  25  27  16  38   0 0.00  0.0    5  5.6 12 200   M    M  10 1      15 210
12  37  27  32  21  33   0 0.00  0.0    5  6.1 14 220   M    M   8 1      19 210
13  37  33  35  25  30   0 0.00  0.0    4  4.7  9 210   M    M  10 12     13 180
14  38  35  37  27  28   0 0.17  0.0    3  3.1 10  80   M    M  10 12     12  90
15  37  18  28  18  37   0 0.02    T    2 12.2 21 350   M    M   8 126    26 350
16  18  10  14   5  51   0 0.03  1.8    1 11.5 18 350   M    M  10 18     24 350
17  19   1  10   1  55   0    T    T    2  5.7 12 350   M    M   3        14 330
18  21  -2  10   2  55   0    T    T    2  3.5  9 220   M    M   5 18     13 210
19  25  21  23  15  42   0 0.03  0.5    2  6.2 10 150   M    M  10 1      16 160
20  30  24  27  19  38   0 0.04  1.1    4  4.6 10 190   M    M  10 1      17 200
21  32  28  30  22  35   0 0.14  2.5    7  6.5 10 140   M    M  10 1      17 150
22  35  32  34  27  31   0 0.17  0.7    7  6.3  8 110   M    M  10 1      11 130
23  35  33  34  27  31   0    T    T    6  4.1  8  20   M    M  10 12     12  10
24  33  30  32  25  33   0 0.04  0.7    4  2.7  7 200   M    M  10 12     10 200
================================================================================
SM  663  335      1055   0  0.84     9.8 152.0          M      183
================================================================================
AV 27.6 14.0                               6.3 FASTST   M    M   8    MAX(MPH)
                                 MISC ---->  # 21 220               # 30  230
================================================================================
NOTES:
# LAST OF SEVERAL OCCURRENCES

COLUMN 17 PEAK WIND IN M.P.H.

PRELIMINARY LOCAL CLIMATOLOGICAL DATA (WS FORM: F-6) , PAGE 2

                                          STATION:  INTERNATIONAL FALLS MN
                                          MONTH:    DECEMBER
                                          YEAR:     2014
                                          LATITUDE:   48 34 N
                                          LONGITUDE:  93 23 W

[TEMPERATURE DATA]      [PRECIPITATION DATA]       SYMBOLS USED IN COLUMN 16

AVERAGE MONTHLY: 20.8   TOTAL FOR MONTH:   0.84    1 = FOG OR MIST
DPTR FM NORMAL:   9.8   DPTR FM NORMAL:    0.21    2 = FOG REDUCING VISIBILITY
HIGHEST:    38 ON 14    GRTST 24HR  0.20 ON  7- 8      TO 1/4 MILE OR LESS
LOWEST:    -16 ON  1                               3 = THUNDER
                        SNOW, ICE PELLETS, HAIL    4 = ICE PELLETS
                        TOTAL MONTH:   9.8 INCHES  5 = HAIL
                        GRTST 24HR   2.5 ON 21-21  6 = FREEZING RAIN OR DRIZZLE
                        GRTST DEPTH:   7 ON 22,21  7 = DUSTSTORM OR SANDSTORM:
                                                       VSBY 1/2 MILE OR LESS
                                                   8 = SMOKE OR HAZE
[NO. OF DAYS WITH]      [WEATHER - DAYS WITH]      9 = BLOWING SNOW
                                                   X = TORNADO
MAX 32 OR BELOW:  16    0.01 INCH OR MORE:  10
MAX 90 OR ABOVE:   0    0.10 INCH OR MORE:   4
MIN 32 OR BELOW:  21    0.50 INCH OR MORE:   0
MIN  0 OR BELOW:   6    1.00 INCH OR MORE:   0

[HDD (BASE 65) ]
TOTAL THIS MO.  1055    CLEAR  (SCALE 0-3)   2
DPTR FM NORMAL  -243    PTCLDY (SCALE 4-7)   7
TOTAL FM JUL 1  3666    CLOUDY (SCALE 8-10) 15
DPTR FM NORMAL   -93

[CDD (BASE 65) ]
TOTAL THIS MO.     0
DPTR FM NORMAL     0    [PRESSURE DATA]
TOTAL FM JAN 1   121    HIGHEST SLP M ON M
DPTR FM NORMAL   -71    LOWEST  SLP 29.52 ON 24

[REMARKS]
