000
CXUS55 KPSR 231005
CF6IPL
PRELIMINARY LOCAL CLIMATOLOGICAL DATA (WS FORM: F-6)

                                          STATION:   IMPERIAL CA
                                          MONTH:     MAY
                                          YEAR:      2015
                                          LATITUDE:   32 50 N
                                          LONGITUDE: 115 35 W

  TEMPERATURE IN F:       :PCPN:    SNOW:  WIND      :SUNSHINE: SKY     :PK WND
================================================================================
1   2   3   4   5  6A  6B    7    8   9   10  11  12  13   14  15   16   17  18
                                     12Z  AVG MX 2MIN
DY MAX MIN AVG DEP HDD CDD  WTR  SNW DPTH SPD SPD DIR MIN PSBL S-S WX    SPD DR
================================================================================

 1 100  68  84  10   0  19 0.00  0.0    0  7.0 17 260   M    M   0        20 260
 2  97  65  81   6   0  16 0.00  0.0    0  6.6 21 140   M    M   0        26 140
 3  95  65  80   5   0  15 0.00  0.0    0  7.5 22 140   M    M   0        26 140
 4  88  66  77   2   0  12 0.00  0.0    0  8.5 21 250   M    M   1        31 250
 5  89  60  75  -1   0  10 0.00  0.0    0  8.1 17 270   M    M   0        22 270
 6  87  61  74  -2   0   9 0.00  0.0    0 13.3 26 260   M    M   0        34 260
 7  78  57  68  -8   0   3 0.00  0.0    0 19.6 41 260   M    M   1 8      51 260
 8  71  56  64 -12   1   0 0.00  0.0    0 17.3 32 250   M    M   3        37 250
 9  82  52  67 -10   0   2 0.00  0.0    0  5.6 13 220   M    M   0        16 270
10  92  58  75  -2   0  10 0.00  0.0    0  3.5 12 270   M    M   0        14 220
11  95  63  79   2   0  14 0.00  0.0    0  5.9 16 250   M    M   0        20 130
12  92  65  79   1   0  14 0.00  0.0    0  7.6 16 260   M    M   0        20 250
13  88  61  75  -3   0  10 0.00  0.0    0  7.8 20 270   M    M   0        26 270
14  77  61  69  -9   0   4 0.00  0.0    0 21.8 32 240   M    M   0        41 270
15  63  53  58 -20   7   0 0.62  0.0    0  8.6 21 250   M    M   7 1      27 250
16  79  50  65 -14   0   0 0.00  0.0    0  5.2 13 250   M    M   0 1      17 230
17  86  58  72  -7   0   7 0.00  0.0    0  5.4 15 240   M    M   1        21 230
18  85  56  71  -8   0   6 0.00  0.0    0 13.8 30 240   M    M   0        36 240
19  88  58  73  -7   0   8 0.00  0.0    0  8.9 23 260   M    M   0        28 260
20  90  60  75  -5   0  10 0.00  0.0    0  7.6 21 280   M    M   0        27 280
21  80  63  72  -8   0   7 0.00  0.0    0 21.3 31 260   M    M   0        41 260
22  79  61  70 -10   0   5 0.00  0.0    0 18.9 29 250   M    M   1        37 250
================================================================================
SM 1881 1317         8 181  0.62     0.0 229.8          M       14
================================================================================
AV 85.5 59.9                              10.4 FASTST   M    M   1    MAX(MPH)
                                 MISC ---->  # 41 260               # 51  260
================================================================================
NOTES:
# LAST OF SEVERAL OCCURRENCES

COLUMN 17 PEAK WIND IN M.P.H.

PRELIMINARY LOCAL CLIMATOLOGICAL DATA (WS FORM: F-6) , PAGE 2

                                          STATION:  IMPERIAL CA
                                          MONTH:    MAY
                                          YEAR:     2015
                                          LATITUDE:   32 50 N
                                          LONGITUDE: 115 35 W

[TEMPERATURE DATA]      [PRECIPITATION DATA]       SYMBOLS USED IN COLUMN 16

AVERAGE MONTHLY: 72.7   TOTAL FOR MONTH:   0.62    1 = FOG OR MIST
DPTR FM NORMAL:  -4.7   DPTR FM NORMAL:    0.58    2 = FOG REDUCING VISIBILITY
HIGHEST:   100 ON  1    GRTST 24HR  0.62 ON 15-15      TO 1/4 MILE OR LESS
LOWEST:     50 ON 16                               3 = THUNDER
                        SNOW, ICE PELLETS, HAIL    4 = ICE PELLETS
                        TOTAL MONTH:   0.0 INCH    5 = HAIL
                        GRTST 24HR     0.0         6 = FREEZING RAIN OR DRIZZLE
                        GRTST DEPTH:   0           7 = DUSTSTORM OR SANDSTORM:
                                                       VSBY 1/2 MILE OR LESS
                                                   8 = SMOKE OR HAZE
[NO. OF DAYS WITH]      [WEATHER - DAYS WITH]      9 = BLOWING SNOW
                                                   X = TORNADO
MAX 32 OR BELOW:   0    0.01 INCH OR MORE:   1
MAX 90 OR ABOVE:   7    0.10 INCH OR MORE:   1
MIN 32 OR BELOW:   0    0.50 INCH OR MORE:   1
MIN  0 OR BELOW:   0    1.00 INCH OR MORE:   0

[HDD (BASE 65) ]
TOTAL THIS MO.     8    CLEAR  (SCALE 0-3)  21
DPTR FM NORMAL     8    PTCLDY (SCALE 4-7)   1
TOTAL FM JUL 1   604    CLOUDY (SCALE 8-10)  0
DPTR FM NORMAL  -424

[CDD (BASE 65) ]
TOTAL THIS MO.   181
DPTR FM NORMAL   -92    [PRESSURE DATA]
TOTAL FM JAN 1   644    HIGHEST SLP M ON M
DPTR FM NORMAL   128    LOWEST  SLP 29.65 ON  6

[REMARKS]
