000
CXUS55 KCTP 291131
CF6IPT
PRELIMINARY LOCAL CLIMATOLOGICAL DATA (WS FORM: F-6)

                                          STATION:   WILLIAMSPORT PA
                                          MONTH:     JANUARY
                                          YEAR:      2015
                                          LATITUDE:   41 15 N
                                          LONGITUDE:  76 55 W

  TEMPERATURE IN F:       :PCPN:    SNOW:  WIND      :SUNSHINE: SKY     :PK WND
================================================================================
1   2   3   4   5  6A  6B    7    8   9   10  11  12  13   14  15   16   17  18
                                     12Z  AVG MX 2MIN
DY MAX MIN AVG DEP HDD CDD  WTR  SNW DPTH SPD SPD DIR MIN PSBL S-S WX    SPD DR
================================================================================

 1  39  14  27   0  38   0 0.00  0.0    0  8.7 21 240   M    M   1        29 250
 2  41  23  32   5  33   0 0.00  0.0    0  4.4 14 250   M    M   4        19 250
 3  39  22  31   4  34   0 0.57  0.2    0  8.0 18  70   M    M   6 146    32 100
 4  48  37  43  16  22   0 0.13  0.0    0  8.4 36 270   M    M   8 1      47 250
 5  40  14  27   0  38   0    T    T    0 17.9 33 290   M    M   4        47 290
 6  20  13  17 -10  48   0 0.06  0.8    T  3.8 14 260   M    M   7 8      18 250
 7  21   5  13 -14  52   0 0.01  0.3    1 15.8 29 280   M    M   6 8      36 280
 8  18   4  11 -16  54   0 0.00  0.0    1  9.8 21 250   M    M   1        27 250
 9  28  14  21  -6  44   0 0.05  1.0    2 11.3 30 240   M    M   7 18     36 260
10  18   3  11 -16  54   0 0.00  0.0    1  8.7 20 270   M    M   1        26 270
11  33   3  18  -8  47   0 0.00  0.0    1  3.2 14  70   M    M   8        19  70
12  36  30  33   7  32   0 0.02    T    1  6.5 17 330   M    M  10 16     24 330
13  31   9  20  -6  45   0    T    T    1  5.8 16 350   M    M   2        25 350
14  23   6  15 -11  50   0    T    T    1  1.0  7 130   M    M   7         7 130
15  33  21  27   1  38   0 0.00  0.0    1  3.9 14 250   M    M   5        18 270
16  39  14  27   1  38   0    T    T    T 10.6 25 300   M    M   6        37 300
17  28   6  17  -9  48   0 0.00  0.0    T  6.1 21  60   M    M   1        29 160
18  37  27  32   6  33   0 0.02    T    T  8.2 20  60   M    M   8 18     31  90
19  39  31  35   9  30   0 0.00  0.0    T  9.7 17 290   M    M  10        24 270
20  38  24  31   5  34   0 0.00  0.0    0  4.7 15 280   M    M   9        18 280
21  27  18  23  -3  42   0 0.12  1.8    0  2.3  9  70   M    M   6 1      10  60
22  37  26  32   5  33   0    T    T    2  3.7 14 260   M    M   9 18     16 260
23  34  18  26  -1  39   0 0.02  0.3    1  2.7 10 130   M    M   7 1      18 130
24  42  30  36   9  29   0 0.27  4.5    5  6.9 21 270   M    M   7 18     26 280
25  38  22  30   3  35   0 0.01  0.1    2  7.9 14 310   M    M  10        20 330
26  25  18  22  -5  43   0 0.30  4.5    3  3.4 10  70   M    M  10 1      13  10
27  29  14  22  -5  43   0 0.01  0.1    6 10.5 21 300   M    M   6 1      25 300
28  34  10  22  -5  43   0 0.00  0.0    0 10.0 20 270   M    M   0        26 270
================================================================================
SM  915  476      1119   0  1.59    13.6 203.9          M      166
================================================================================
AV 32.7 17.0                               7.3 FASTST   M    M   6    MAX(MPH)
                                 MISC ---->  # 36 270               # 47  250
================================================================================
NOTES:
# LAST OF SEVERAL OCCURRENCES

COLUMN 17 PEAK WIND IN M.P.H.

PRELIMINARY LOCAL CLIMATOLOGICAL DATA (WS FORM: F-6) , PAGE 2

                                          STATION:  WILLIAMSPORT PA
                                          MONTH:    JANUARY
                                          YEAR:     2015
                                          LATITUDE:   41 15 N
                                          LONGITUDE:  76 55 W

[TEMPERATURE DATA]      [PRECIPITATION DATA]       SYMBOLS USED IN COLUMN 16

AVERAGE MONTHLY: 24.8   TOTAL FOR MONTH:   1.59    1 = FOG OR MIST
DPTR FM NORMAL:  -1.8   DPTR FM NORMAL:   -0.84    2 = FOG REDUCING VISIBILITY
HIGHEST:    48 ON  4    GRTST 24HR  0.65 ON  3- 4      TO 1/4 MILE OR LESS
LOWEST:      3 ON 11,10                            3 = THUNDER
                        SNOW, ICE PELLETS, HAIL    4 = ICE PELLETS
                        TOTAL MONTH:  13.6 INCHES  5 = HAIL
                        GRTST 24HR   4.5 ON 26-26  6 = FREEZING RAIN OR DRIZZLE
                        GRTST DEPTH:   6 ON 27     7 = DUSTSTORM OR SANDSTORM:
                                                       VSBY 1/2 MILE OR LESS
                                                   8 = SMOKE OR HAZE
[NO. OF DAYS WITH]      [WEATHER - DAYS WITH]      9 = BLOWING SNOW
                                                   X = TORNADO
MAX 32 OR BELOW:  11    0.01 INCH OR MORE:  13
MAX 90 OR ABOVE:   0    0.10 INCH OR MORE:   5
MIN 32 OR BELOW:  27    0.50 INCH OR MORE:   1
MIN  0 OR BELOW:   0    1.00 INCH OR MORE:   0

[HDD (BASE 65) ]
TOTAL THIS MO.  1119    CLEAR  (SCALE 0-3)   6
DPTR FM NORMAL    47    PTCLDY (SCALE 4-7)  15
TOTAL FM JUL 1  3192    CLOUDY (SCALE 8-10)  7
DPTR FM NORMAL  -173

[CDD (BASE 65) ]
TOTAL THIS MO.     0
DPTR FM NORMAL     0    [PRESSURE DATA]
TOTAL FM JAN 1     0    HIGHEST SLP M ON M
DPTR FM NORMAL     0    LOWEST  SLP 29.40 ON 24

[REMARKS]
