000
CXUS55 KCTP 260900
CF6IPT
PRELIMINARY LOCAL CLIMATOLOGICAL DATA (WS FORM: F-6)

                                          STATION:   WILLIAMSPORT PA
                                          MONTH:     JULY
                                          YEAR:      2014
                                          LATITUDE:   41 15 N
                                          LONGITUDE:  76 55 W

  TEMPERATURE IN F:       :PCPN:    SNOW:  WIND      :SUNSHINE: SKY     :PK WND
================================================================================
1   2   3   4   5  6A  6B    7    8   9   10  11  12  13   14  15   16   17  18
                                     12Z  AVG MX 2MIN
DY MAX MIN AVG DEP HDD CDD  WTR  SNW DPTH SPD SPD DIR MIN PSBL S-S WX    SPD DR
================================================================================

 1  91  70  81   9   0  16 0.03  0.0    0  6.6 17 190   M    M   2 3      24 130
 2  89  71  80   8   0  15 1.01  0.0    0  3.8 30 240   M    M   2 138    35 220
 3  89  66  78   6   0  13 0.56  0.0    0  4.5 48 250   M    M   4 138    66 240
 4  75  60  68  -4   0   3 0.00  0.0    0  9.1 22 330   M    M   6 1      28 330
 5  83  57  70  -2   0   5 0.00  0.0    0  7.9 15 260   M    M   0        19 260
 6  84  54  69  -3   0   4 0.00  0.0    0  3.0 14 250   M    M   2        18 230
 7  90  63  77   4   0  12 0.47  0.0    0  3.5 28 250   M    M   6 13     38 250
 8  88  66  77   4   0  12 0.34  0.0    0  5.2 35 270   M    M   6 123    51 290
 9  87  64  76   3   0  11 0.02  0.0    0  3.6 21 320   M    M   5 123    29 320
10  80  63  72  -1   0   7 0.00  0.0    0  3.3 12  20   M    M   7        14  20
11  85  59  72  -1   0   7 0.00  0.0    0  2.3  8 170   M    M   1        10 170
12  86  62  74   1   0   9 0.02  0.0    0  4.6 18 170   M    M   3        22 180
13  88  71  80   7   0  15 0.75  0.0    0  7.9 22 200   M    M   6 13     31 150
14  79  69  74   1   0   9 0.01  0.0    0  2.3  9 100   M    M   7 18     11  90
15  81  67  74   1   0   9 0.03  0.0    0  4.6 26 260   M    M   7 13     33 250
16  80  60  70  -3   0   5 0.00  0.0    0  7.1 17 250   M    M   5 1      23 250
17  79  57  68  -5   0   3 0.00  0.0    0  7.1 16 260   M    M   4        20 260
18  79  53  66  -7   0   1 0.00  0.0    0  3.3 10 220   M    M   1        13 180
19  80  61  71  -2   0   6    T  0.0    0  3.2 15 170   M    M   7        25 190
20  82  64  73   0   0   8 0.00  0.0    0  5.3 12 120   M    M   6        16 110
21  82  63  73   0   0   8 0.00  0.0    0  4.9 15 180   M    M   5        20 180
22  86  67  77   4   0  12 0.00  0.0    0  3.4 14 160   M    M   7 1      19 200
23  91  69  80   7   0  15    T  0.0    0  4.9 20 320   M    M   4 13     26 270
24  78  56  67  -6   0   2 0.00  0.0    0  5.9 17 330   M    M   5        24 330
25  80  50  65  -8   0   0 0.00  0.0    0  3.7 12 250   M    M   0        16 270
================================================================================
SM 2092 1562         0 207  3.24     0.0 121.0          M      108
================================================================================
AV 83.7 62.5                               4.8 FASTST   M    M   4    MAX(MPH)
                                 MISC ---->  # 48 250               # 66  240
================================================================================
NOTES:
# LAST OF SEVERAL OCCURRENCES

COLUMN 17 PEAK WIND IN M.P.H.

PRELIMINARY LOCAL CLIMATOLOGICAL DATA (WS FORM: F-6) , PAGE 2

                                          STATION:  WILLIAMSPORT PA
                                          MONTH:    JULY
                                          YEAR:     2014
                                          LATITUDE:   41 15 N
                                          LONGITUDE:  76 55 W

[TEMPERATURE DATA]      [PRECIPITATION DATA]       SYMBOLS USED IN COLUMN 16

AVERAGE MONTHLY: 73.1   TOTAL FOR MONTH:   3.24    1 = FOG OR MIST
DPTR FM NORMAL:   0.3   DPTR FM NORMAL:   -0.22    2 = FOG REDUCING VISIBILITY
HIGHEST:    91 ON 23, 1 GRTST 24HR  1.04 ON  1- 2      TO 1/4 MILE OR LESS
LOWEST:     50 ON 25                               3 = THUNDER
                        SNOW, ICE PELLETS, HAIL    4 = ICE PELLETS
                        TOTAL MONTH:   0.0 INCH    5 = HAIL
                        GRTST 24HR     0.0         6 = FREEZING RAIN OR DRIZZLE
                        GRTST DEPTH:   0           7 = DUSTSTORM OR SANDSTORM:
                                                       VSBY 1/2 MILE OR LESS
                                                   8 = SMOKE OR HAZE
[NO. OF DAYS WITH]      [WEATHER - DAYS WITH]      9 = BLOWING SNOW
                                                   X = TORNADO
MAX 32 OR BELOW:   0    0.01 INCH OR MORE:  10
MAX 90 OR ABOVE:   3    0.10 INCH OR MORE:   5
MIN 32 OR BELOW:   0    0.50 INCH OR MORE:   3
MIN  0 OR BELOW:   0    1.00 INCH OR MORE:   1

[HDD (BASE 65) ]
TOTAL THIS MO.     0    CLEAR  (SCALE 0-3)   8
DPTR FM NORMAL     0    PTCLDY (SCALE 4-7)  17
TOTAL FM JUL 1     0    CLOUDY (SCALE 8-10)  0
DPTR FM NORMAL     0

[CDD (BASE 65) ]
TOTAL THIS MO.   207
DPTR FM NORMAL    10    [PRESSURE DATA]
TOTAL FM JAN 1   428    HIGHEST SLP M ON M
DPTR FM NORMAL    42    LOWEST  SLP 29.69 ON  7

[REMARKS]
