000
CXUS55 KEAX 280736
CF6IRK
PRELIMINARY LOCAL CLIMATOLOGICAL DATA (WS FORM: F-6)

                                          STATION:   KIRKSVILLE MO
                                          MONTH:     FEBRUARY
                                          YEAR:      2015
                                          LATITUDE:   40  5 N
                                          LONGITUDE:  92 33 W

  TEMPERATURE IN F:       :PCPN:    SNOW:  WIND      :SUNSHINE: SKY     :PK WND
================================================================================
1   2   3   4   5  6A  6B    7    8   9   10  11  12  13   14  15   16   17  18
                                     12Z  AVG MX 2MIN
DY MAX MIN AVG DEP HDD CDD  WTR  SNW DPTH SPD SPD DIR MIN PSBL S-S WX    SPD DR
================================================================================

 1  34  13  24  -3  41   0 0.03    M    M 13.3 28 350   M    M  10 1      37 360
 2  17  -1   8 -19  57   0    T    M    M  7.6 16 340   M    M   2 1      22 340
 3  41  14  28   1  37   0 0.00    M    M  8.8 22 180   M    M   1        29 180
 4  31  -3  14 -13  51   0 0.08    M    M 10.2 20 360   M    M   4 128    24 360
 5  19 -16   2 -25  63   0 0.00    M    M  5.9 13 190   M    M   1 1      16 190
 6  45  11  28   0  37   0 0.00    M    M  8.6 17 210   M    M   0        25 200
 7  54  37  46  18  19   0 0.00    M    M 11.1 17 200   M    M   0 1      24 200
 8  50  34  42  14  23   0 0.00    M    M  8.2 15 360   M    M   4 18     20 350
 9  34  25  30   2  35   0 0.00    M    M  7.9 14  10   M    M   9 18     18  10
10  33  20  27  -1  38   0 0.00    M    M  7.9 15 130   M    M   5 1      17 130
11  37  24  31   2  34   0 0.00    M    M 12.1 23 340   M    M   6 1      31 340
12  26   6  16 -13  49   0    T    M    M 10.3 30 340   M    M   2        38 330
13  39  17  28  -1  37   0    T    M    M  8.1 15 250   M    M   4 1      20 270
14  36   7  22  -7  43   0 0.01    M    M 14.9 30 350   M    M   5 1      40 360
15  14   6  10 -20  55   0 0.10    M    M 10.5 16  80   M    M   9 1      20  80
16  23  11  17 -13  48   0 0.00    M    M  5.8 10 230   M    M   6        14 290
17  31   9  20 -10  45   0 0.04    M    M  7.6 20 330   M    M   6 128    25 350
18  13   0   7 -23  58   0 0.00    M    M 11.7 25 310   M    M   0        36 310
19  16  -5   6 -25  59   0 0.00    M    M  5.9 10 160   M    M   3        13 150
20  34  12  23  -8  42   0 0.07    M    M 11.0 21 160   M    M   7 168    26 160
21  43  23  33   2  32   0 0.00    M    M  8.5 17 350   M    M   6 128    23 360
22  23   6  15 -17  50   0 0.00    M    M 13.1 21 360   M    M   1        27 330
23  21  -1  10 -22  55   0 0.00    M    M  6.0 14  10   M    M   0        18  20
24  39   8  24  -8  41   0 0.00    M    M 10.6 22 290   M    M   3        30 270
25  41  17  29  -4  36   0 0.05    M    M 11.3 26  20   M    M   6 1      34  20
26  17  -1   8 -25  57   0 0.01    M    M 12.4 24  10   M    M   3 1      32 360
27  18  -8   5 -29  60   0 0.00    M    M  4.6  9 120   M    M   0        12 130
================================================================================
SM  829  265      1202   0  0.39    M    253.9          M      103
================================================================================
AV 30.7  9.8                               9.4 FASTST   M    M   4    MAX(MPH)
                                 MISC ---->  # 30 340               # 40  360
================================================================================
NOTES:
# LAST OF SEVERAL OCCURRENCES

COLUMN 17 PEAK WIND IN M.P.H.

PRELIMINARY LOCAL CLIMATOLOGICAL DATA (WS FORM: F-6) , PAGE 2

                                          STATION:  KIRKSVILLE MO
                                          MONTH:    FEBRUARY
                                          YEAR:     2015
                                          LATITUDE:   40  5 N
                                          LONGITUDE:  92 33 W

[TEMPERATURE DATA]      [PRECIPITATION DATA]       SYMBOLS USED IN COLUMN 16

AVERAGE MONTHLY: 20.3   TOTAL FOR MONTH:   0.39    1 = FOG OR MIST
DPTR FM NORMAL:  -9.4   DPTR FM NORMAL:   -1.09    2 = FOG REDUCING VISIBILITY
HIGHEST:    54 ON  7    GRTST 24HR  0.10 ON 15-15      TO 1/4 MILE OR LESS
LOWEST:    -16 ON  5                               3 = THUNDER
                        SNOW, ICE PELLETS, HAIL    4 = ICE PELLETS
                        TOTAL MONTH:    M          5 = HAIL
                        GRTST 24HR    M  ON   M    6 = FREEZING RAIN OR DRIZZLE
                        GRTST DEPTH:  M  ON   M    7 = DUSTSTORM OR SANDSTORM:
                                                       VSBY 1/2 MILE OR LESS
                                                   8 = SMOKE OR HAZE
[NO. OF DAYS WITH]      [WEATHER - DAYS WITH]      9 = BLOWING SNOW
                                                   X = TORNADO
MAX 32 OR BELOW:  13    0.01 INCH OR MORE:   8
MAX 90 OR ABOVE:   0    0.10 INCH OR MORE:   1
MIN 32 OR BELOW:  25    0.50 INCH OR MORE:   0
MIN  0 OR BELOW:   8    1.00 INCH OR MORE:   0

[HDD (BASE 65) ]
TOTAL THIS MO.  1202    CLEAR  (SCALE 0-3)  11
DPTR FM NORMAL   247    PTCLDY (SCALE 4-7)  13
TOTAL FM JUL 1  4630    CLOUDY (SCALE 8-10)  3
DPTR FM NORMAL   128

[CDD (BASE 65) ]
TOTAL THIS MO.     0
DPTR FM NORMAL     0    [PRESSURE DATA]
TOTAL FM JAN 1     0    HIGHEST SLP  0.00 ON M
DPTR FM NORMAL     0    LOWEST  SLP  0.00 ON M

[REMARKS]
