000
CXUS53 KBIS 260804
CF6ISN
PRELIMINARY LOCAL CLIMATOLOGICAL DATA (WS FORM: F-6)

                                          STATION:   WILLISTON ND
                                          MONTH:     MAY
                                          YEAR:      2015
                                          LATITUDE:   48 10 N
                                          LONGITUDE: 103 38 W

  TEMPERATURE IN F:       :PCPN:    SNOW:  WIND      :SUNSHINE: SKY     :PK WND
================================================================================
1   2   3   4   5  6A  6B    7    8   9   10  11  12  13   14  15   16   17  18
                                     12Z  AVG MX 2MIN
DY MAX MIN AVG DEP HDD CDD  WTR  SNW DPTH SPD SPD DIR MIN PSBL S-S WX    SPD DR
================================================================================

 1  75  37  56   7   9   0 0.00    M    M  8.7 22 240   M    M   0        28 240
 2  78  39  59   9   6   0 0.00    M    M  8.8 25  10   M    M   0        31  10
 3  66  35  51   1  14   0 0.00    M    M  8.7 23 320   M    M   2        29 340
 4  73  29  51   1  14   0 0.00    M    M  9.8 24 150   M    M   1        32 160
 5  82  49  66  15   0   1 0.00    M    M 11.9 25 160   M    M   0        34 140
 6  63  51  57   6   8   0 0.69    M    M 12.6 26 340   M    M   7 1      32 350
 7  57  40  49  -2  16   0 0.00    M    M 18.7 29 330   M    M   5        39 320
 8  49  37  43  -9  22   0 0.00    M    M  9.6 16  10   M    M   6        22  20
 9  55  32  44  -8  21   0 0.00    M    M  6.8 16  90   M    M   3        22  70
10  56  29  43  -9  22   0 0.00    M    M  7.4 18  30   M    M   0        23  20
11  63  28  46  -7  19   0 0.00    M    M  4.9 15 100   M    M   2        20  90
12  67  42  55   2  10   0 0.00    M    M 13.2 25  90   M    M   6        34 110
13  55  44  50  -3  15   0 0.00    M    M 12.9 20  70   M    M   7        24  70
14  58  34  46  -8  19   0 0.00    M    M 10.3 20  30   M    M   M 18     23  20
15  67  30  49  -5  16   0 0.00    M    M  9.0 20 100   M    M   M 18     25 140
16  56  49  53  -1  12   0 0.44    M    M 13.3 24  80   M    M   M        31  80
17  50  35  43 -11  22   0 0.31    M    M 24.1 37 360   M    M   M        46 360
18  56  29  43 -12  22   0 0.00    M    M  9.1 16  10   M    M   0        21  10
19  63  25  44 -11  21   0 0.00    M    M  4.6 13  60   0    0   0        19  60
20  71  29  50  -5  15   0 0.00    M    M  4.6 13 280   M    M   0        18 240
21  76  35  56   0   9   0 0.00    M    M  4.8 14 200   M    M   0        17 210
22  78  38  58   2   7   0 0.00    M    M  6.9 22 130   M    M   0 8      29 160
23  75  39  57   1   8   0 0.00    M    M  7.1 21 100   M    M   1        27 100
24  78  44  61   4   4   0 0.00    M    M  6.2 22 120   M    M   1        27 130
25  78  43  61   4   4   0 0.00    M    M  4.3 17 280   M    M   5        21 280
================================================================================
SM 1645  922       335   1  1.44    M    238.3            0     46
================================================================================
AV 65.8 36.9                               9.5 FASTST    0   0   2    MAX(MPH)
                                 MISC ---->  # 37 360               # 46  360
================================================================================
NOTES:
# LAST OF SEVERAL OCCURRENCES

COLUMN 17 PEAK WIND IN M.P.H.

PRELIMINARY LOCAL CLIMATOLOGICAL DATA (WS FORM: F-6) , PAGE 2

                                          STATION:  WILLISTON ND
                                          MONTH:    MAY
                                          YEAR:     2015
                                          LATITUDE:   48 10 N
                                          LONGITUDE: 103 38 W

[TEMPERATURE DATA]      [PRECIPITATION DATA]       SYMBOLS USED IN COLUMN 16

AVERAGE MONTHLY: 51.3   TOTAL FOR MONTH:   1.44    1 = FOG OR MIST
DPTR FM NORMAL:  -1.9   DPTR FM NORMAL:   -0.03    2 = FOG REDUCING VISIBILITY
HIGHEST:    82 ON  5    GRTST 24HR  0.69 ON  6- 6      TO 1/4 MILE OR LESS
LOWEST:     25 ON 19                               3 = THUNDER
                        SNOW, ICE PELLETS, HAIL    4 = ICE PELLETS
                        TOTAL MONTH:    M          5 = HAIL
                        GRTST 24HR    M  ON   M    6 = FREEZING RAIN OR DRIZZLE
                        GRTST DEPTH:  M  ON   M    7 = DUSTSTORM OR SANDSTORM:
                                                       VSBY 1/2 MILE OR LESS
                                                   8 = SMOKE OR HAZE
[NO. OF DAYS WITH]      [WEATHER - DAYS WITH]      9 = BLOWING SNOW
                                                   X = TORNADO
MAX 32 OR BELOW:   0    0.01 INCH OR MORE:   3
MAX 90 OR ABOVE:   0    0.10 INCH OR MORE:   3
MIN 32 OR BELOW:   8    0.50 INCH OR MORE:   1
MIN  0 OR BELOW:   0    1.00 INCH OR MORE:   0

[HDD (BASE 65) ]
TOTAL THIS MO.   335    CLEAR  (SCALE 0-3)  15
DPTR FM NORMAL    32    PTCLDY (SCALE 4-7)   6
TOTAL FM JUL 1  8323    CLOUDY (SCALE 8-10)  0
DPTR FM NORMAL  -505

[CDD (BASE 65) ]
TOTAL THIS MO.     1
DPTR FM NORMAL     0    [PRESSURE DATA]
TOTAL FM JAN 1     1    HIGHEST SLP M ON M
DPTR FM NORMAL    -1    LOWEST  SLP 29.56 ON 16

[REMARKS]
