643
CXUS53 KBIS 230830
CF6ISN
PRELIMINARY LOCAL CLIMATOLOGICAL DATA (WS FORM: F-6)

                                          STATION:   WILLISTON ND
                                          MONTH:     FEBRUARY
                                          YEAR:      2018
                                          LATITUDE:   48 10 N
                                          LONGITUDE: 103 38 W

  TEMPERATURE IN F:       :PCPN:    SNOW:  WIND      :SUNSHINE: SKY     :PK WND
================================================================================
1   2   3   4   5  6A  6B    7    8   9   10  11  12  13   14  15   16   17  18
                                     12Z  AVG MX 2MIN
DY MAX MIN AVG DEP HDD CDD  WTR  SNW DPTH SPD SPD DIR MIN PSBL S-S WX    SPD DR
================================================================================

 1   5 -10  -2 -15  67   0 0.00    M    M  5.8 15 340   M    M   2        19 330
 2  15  -5   5  -8  60   0 0.03    M    M  5.4 14  40   M    M   9 1      18  50
 3  12 -11   1 -12  64   0 0.11    M    M 12.5 17 350   M    M  10 18     21 330
 4   2 -15  -6 -20  71   0 0.00    M    M  8.3 20 240   M    M   0        24 270
 5   4 -18  -7 -21  72   0 0.00    M    M  8.5 20 340   M    M   4        23 350
 6   8 -19  -5 -19  70   0    T    M    M  6.0 24 320   M    M   3        27 320
 7  14 -21  -3 -17  68   0    T    M    M  2.6  9 320   M    M   5 8      11 260
 8   6  -8  -1 -16  66   0 0.01    M    M  8.1 20  20   M    M   7 8      23  20
 9  -2 -16  -9 -24  74   0 0.00    M    M  8.2 18 240   M    M   1 8      22 240
10   8 -15  -3 -18  68   0 0.00    M    M 11.3 28 260   M    M   3 8      33 260
11  10 -19  -4 -20  69   0 0.01    M    M 10.1 23 340   M    M   4 1      28 350
12   4 -31 -13 -29  78   0 0.00    M    M  3.8 10 190   M    M   0 18     15 200
13  27  -7  10  -6  55   0 0.00    M    M 11.0 24 230   M    M   0        29 220
14  39  13  26  10  39   0 0.04    M    M 13.7 30 350   M    M   6 19     37 350
15  20  -4   8  -9  57   0    T    M    M 16.1 32  10   M    M   5 19     38 360
16  27  -6  11  -6  54   0 0.00    M    M  9.4 23 240   M    M   3        27 230
17  18   7  13  -5  52   0 0.00    M    M  9.6 23 280   M    M   3        27 280
18  13 -10   2 -16  63   0 0.17    M    M  9.3 17 360   M    M   7 18     20  60
19   6 -18  -6 -24  71   0    T    M    M  1.3  7 310   M    M   5 18      7 300
20   6  -7   0 -19  65   0 0.01    M    M 11.4 22 250   M    M   6 18     27 240
21  15 -13   1 -18  64   0 0.00    M    M   M  12 160   M    M   M        16 150
22   M   M   M   M   M   M    M    M    M   M   M   M   M    M   M         M  M
================================================================================
SM  257 -233      1347   0  0.38    M    172.4          M       83
================================================================================
AV 12.2-11.1                               8.6 FASTST   M    M   4    MAX(MPH)
                                 MISC ---->  # 32  10               # 38  360
================================================================================
NOTES:
# LAST OF SEVERAL OCCURRENCES

COLUMN 17 PEAK WIND IN M.P.H.

PRELIMINARY LOCAL CLIMATOLOGICAL DATA (WS FORM: F-6) , PAGE 2

                                          STATION:  WILLISTON ND
                                          MONTH:    FEBRUARY
                                          YEAR:     2018
                                          LATITUDE:   48 10 N
                                          LONGITUDE: 103 38 W

[TEMPERATURE DATA]      [PRECIPITATION DATA]       SYMBOLS USED IN COLUMN 16

AVERAGE MONTHLY:  0.6   TOTAL FOR MONTH:   0.38    1 = FOG OR MIST
DPTR FM NORMAL: -15.3   DPTR FM NORMAL:    0.09    2 = FOG REDUCING VISIBILITY
HIGHEST:    39 ON 14    GRTST 24HR  0.17 ON 18-18      TO 1/4 MILE OR LESS
LOWEST:    -31 ON 12                               3 = THUNDER
                        SNOW, ICE PELLETS, HAIL    4 = ICE PELLETS
                        TOTAL MONTH:    M          5 = HAIL
                        GRTST 24HR    M  ON   M    6 = FREEZING RAIN OR DRIZZLE
                        GRTST DEPTH:  M  ON   M    7 = DUSTSTORM OR SANDSTORM:
                                                       VSBY 1/2 MILE OR LESS
                                                   8 = SMOKE OR HAZE
[NO. OF DAYS WITH]      [WEATHER - DAYS WITH]      9 = BLOWING SNOW
                                                   X = TORNADO
MAX 32 OR BELOW:  20    0.01 INCH OR MORE:   7
MAX 90 OR ABOVE:   0    0.10 INCH OR MORE:   2
MIN 32 OR BELOW:  21    0.50 INCH OR MORE:   0
MIN  0 OR BELOW:  19    1.00 INCH OR MORE:   0

[HDD (BASE 65) ]
TOTAL THIS MO.  1347    CLEAR  (SCALE 0-3)   8
DPTR FM NORMAL   266    PTCLDY (SCALE 4-7)  10
TOTAL FM JUL 1  6484    CLOUDY (SCALE 8-10)  2
DPTR FM NORMAL   -18

[CDD (BASE 65) ]
TOTAL THIS MO.     0
DPTR FM NORMAL     0    [PRESSURE DATA]
TOTAL FM JAN 1     0    HIGHEST SLP  0.00 ON 21
DPTR FM NORMAL     0    LOWEST  SLP 29.63 ON 14

[REMARKS]
