000
CXUS51 KOKX 230702
CF6ISP
PRELIMINARY LOCAL CLIMATOLOGICAL DATA (WS FORM: F-6)

                                          STATION:   ISLIP NY
                                          MONTH:     AUGUST
                                          YEAR:      2017
                                          LATITUDE:   40 47 N
                                          LONGITUDE:  73  6 W

  TEMPERATURE IN F:       :PCPN:    SNOW:  WIND      :SUNSHINE: SKY     :PK WND
================================================================================
1   2   3   4   5  6A  6B    7    8   9   10  11  12  13   14  15   16   17  18
                                     12Z  AVG MX 2MIN
DY MAX MIN AVG DEP HDD CDD  WTR  SNW DPTH SPD SPD DIR MIN PSBL S-S WX    SPD DR
================================================================================

 1  88  67  78   4   0  13 0.00  0.0    0  5.6 13 220   M    M   1        16 210
 2  84  71  78   4   0  13 0.00  0.0    0  8.0 17 360   M    M   7 1      23 190
 3  84  70  77   3   0  12 0.00  0.0    0  6.5 14 170   M    M   5        19 170
 4  83  73  78   4   0  13    T  0.0    0 11.3 17 160   M    M   6 3      22 180
 5  82  65  74   0   0   9 0.14  0.0    0 10.7 20 160   M    M   7 1      25 160
 6  79  60  70  -4   0   5 0.00  0.0    0  8.4 18 290   M    M   6        23 330
 7  73  61  67  -7   0   2 0.28  0.0    0  5.4 15 150   M    M   8 1      19 160
 8  80  63  72  -2   0   7 0.00  0.0    0  6.9 16 310   M    M   8 1      21 320
 9  83  61  72  -2   0   7 0.00  0.0    0  4.6 14 190   M    M   1 1      19 190
10  83  63  73  -1   0   8 0.00  0.0    0  4.7 14 160   M    M   3        20 170
11  80  63  72  -2   0   7 0.00  0.0    0  6.1 15 160   M    M   5        17 160
12  78  63  71  -3   0   6 0.11  0.0    0  6.3 15 190   M    M  10 1      19 190
13  86  68  77   4   0  12 0.02  0.0    0  6.7 16 340   M    M   5 1      21 310
14  82  63  73   0   0   8 0.00  0.0    0  4.2  9 200   M    M   7        13 190
15  76  68  72  -1   0   7 0.30  0.0    0  4.9 12 150   M    M  10 1      15 130
16  87  65  76   3   0  11 0.00  0.0    0  6.7 16 340   M    M   3 1      21 360
17  80  66  73   0   0   8 0.00  0.0    0  7.2 13 140   M    M   6        17 130
18  81  74  78   5   0  13 1.91  0.0    0 11.1 21 200   M    M  10 13     26 230
19  87  72  80   7   0  15 0.00  0.0    0  6.4 16 220   M    M   5        19 180
20  83  66  75   2   0  10 0.00  0.0    0  7.7 15 300   M    M   2        20 310
21  87  64  76   4   0  11 0.00  0.0    0  7.6 18 220   M    M   4        24 210
22  85  75  80   8   0  15 0.11  0.0    0 13.2 23 210   M    M   7 1      33 210
================================================================================
SM 1811 1461         0 212  2.87     0.0 160.2          M      126
================================================================================
AV 82.3 66.4                               7.3 FASTST   M    M   6    MAX(MPH)
                                 MISC ---->  # 23 210               # 33  210
================================================================================
NOTES:
# LAST OF SEVERAL OCCURRENCES

COLUMN 17 PEAK WIND IN M.P.H.

PRELIMINARY LOCAL CLIMATOLOGICAL DATA (WS FORM: F-6) , PAGE 2

                                          STATION:  ISLIP NY
                                          MONTH:    AUGUST
                                          YEAR:     2017
                                          LATITUDE:   40 47 N
                                          LONGITUDE:  73  6 W

[TEMPERATURE DATA]      [PRECIPITATION DATA]       SYMBOLS USED IN COLUMN 16

AVERAGE MONTHLY: 74.4   TOTAL FOR MONTH:   2.87    1 = FOG OR MIST
DPTR FM NORMAL:   0.9   DPTR FM NORMAL:   -0.01    2 = FOG REDUCING VISIBILITY
HIGHEST:    88 ON  1    GRTST 24HR  1.91 ON 18-18      TO 1/4 MILE OR LESS
LOWEST:     60 ON  6                               3 = THUNDER
                        SNOW, ICE PELLETS, HAIL    4 = ICE PELLETS
                        TOTAL MONTH:   0.0 INCH    5 = HAIL
                        GRTST 24HR     0.0         6 = FREEZING RAIN OR DRIZZLE
                        GRTST DEPTH:   0           7 = DUSTSTORM OR SANDSTORM:
                                                       VSBY 1/2 MILE OR LESS
                                                   8 = SMOKE OR HAZE
[NO. OF DAYS WITH]      [WEATHER - DAYS WITH]      9 = BLOWING SNOW
                                                   X = TORNADO
MAX 32 OR BELOW:   0    0.01 INCH OR MORE:   7
MAX 90 OR ABOVE:   0    0.10 INCH OR MORE:   6
MIN 32 OR BELOW:   0    0.50 INCH OR MORE:   1
MIN  0 OR BELOW:   0    1.00 INCH OR MORE:   1

[HDD (BASE 65) ]
TOTAL THIS MO.     0    CLEAR  (SCALE 0-3)   3
DPTR FM NORMAL     0    PTCLDY (SCALE 4-7)  15
TOTAL FM JUL 1     0    CLOUDY (SCALE 8-10)  4
DPTR FM NORMAL    -2

[CDD (BASE 65) ]
TOTAL THIS MO.   212
DPTR FM NORMAL    25    [PRESSURE DATA]
TOTAL FM JAN 1   729    HIGHEST SLP 30.17 ON 10
DPTR FM NORMAL   102    LOWEST  SLP 29.75 ON 22

[REMARKS]
