000
CXUS51 KOKX 290703
CF6ISP
PRELIMINARY LOCAL CLIMATOLOGICAL DATA (WS FORM: F-6)

                                          STATION:   ISLIP NY
                                          MONTH:     MAY
                                          YEAR:      2015
                                          LATITUDE:   40 47 N
                                          LONGITUDE:  73  6 W

  TEMPERATURE IN F:       :PCPN:    SNOW:  WIND      :SUNSHINE: SKY     :PK WND
================================================================================
1   2   3   4   5  6A  6B    7    8   9   10  11  12  13   14  15   16   17  18
                                     12Z  AVG MX 2MIN
DY MAX MIN AVG DEP HDD CDD  WTR  SNW DPTH SPD SPD DIR MIN PSBL S-S WX    SPD DR
================================================================================

 1  55  46  51  -3  14   0 0.00  0.0    0  8.6 17  40   M    M   9        26  40
 2  63  39  51  -3  14   0 0.00  0.0    0  5.6 15 140   M    M   3        19 140
 3  65  44  55   0  10   0 0.00  0.0    0  6.7 15 180   M    M   4        18 170
 4  74  49  62   7   3   0 0.00  0.0    0  9.8 21 220   M    M   2 8      30 230
 5  79  55  67  12   0   2 0.00  0.0    0  7.0 17 220   M    M   6        22 230
 6  69  49  59   3   6   0    T  0.0    0  6.7 16 120   M    M   6        21 110
 7  73  46  60   4   5   0 0.00  0.0    0  6.8 14 190   M    M   3 12     18 200
 8  74  53  64   8   1   0 0.00  0.0    0  7.1 16 160   M    M   7 128    19 180
 9  66  55  61   5   4   0 0.02  0.0    0  5.6 14 110   M    M  10 128    16  90
10  77  59  68  11   0   3 0.00  0.0    0 10.3 18 220   M    M   8 12     25 210
11  77  63  70  13   0   5 0.00  0.0    0 10.0 23 220   M    M   9 12     33 230
12  82  62  72  15   0   7 0.00  0.0    0 11.4 25 340   M    M   7 18     30 340
13  70  53  62   4   3   0 0.00  0.0    0 14.8 23 320   M    M   5        31 310
14  70  47  59   1   6   0 0.00  0.0    0  9.2 17 230   M    M   3        23  10
15  72  48  60   2   5   0 0.00  0.0    0  8.8 17 200   M    M   7        23 220
16  69  57  63   4   2   0 0.26  0.0    0  5.8 13 190   M    M  10 1      15 200
17  84  62  73  14   0   8 0.02  0.0    0  6.0 13 210   M    M   7 18     16 190
18  67  54  61   2   4   0    T  0.0    0  8.9 18 120   M    M   9 12     23 100
19  73  54  64   4   1   0 0.04  0.0    0  5.0 18 360   M    M   8 18     26 340
20  64  48  56  -4   9   0 0.00  0.0    0 11.2 25 330   M    M   7        31 340
21  63  47  55  -5  10   0 0.06  0.0    0  6.6 15 230   M    M   8        19 220
22  74  50  62   2   3   0 0.02  0.0    0 10.1 22 290   M    M   6        31 270
23  66  48  57  -4   8   0 0.00  0.0    0 11.6 20 320   M    M   1        26 320
24  71  50  61   0   4   0 0.00  0.0    0 11.4 21 220   M    M   6        27 230
25  75  56  66   5   0   1 0.00  0.0    0 11.7 24 220   M    M   5        33 220
26  76  60  68   6   0   3 0.00  0.0    0 14.3 23 220   M    M   5        32 220
27  74  63  69   7   0   4 0.00  0.0    0 13.8 28 200   M    M   6        38 200
28  74  63  69   7   0   4    T  0.0    0  9.2 21 210   M    M   8 138    26 210
================================================================================
SM 1996 1480       112  37  0.42     0.0 254.0          M      175
================================================================================
AV 71.3 52.9                               9.1 FASTST   M    M   6    MAX(MPH)
                                 MISC ---->  # 28 200               # 38  200
================================================================================
NOTES:
# LAST OF SEVERAL OCCURRENCES

COLUMN 17 PEAK WIND IN M.P.H.

PRELIMINARY LOCAL CLIMATOLOGICAL DATA (WS FORM: F-6) , PAGE 2

                                          STATION:  ISLIP NY
                                          MONTH:    MAY
                                          YEAR:     2015
                                          LATITUDE:   40 47 N
                                          LONGITUDE:  73  6 W

[TEMPERATURE DATA]      [PRECIPITATION DATA]       SYMBOLS USED IN COLUMN 16

AVERAGE MONTHLY: 62.1   TOTAL FOR MONTH:   0.42    1 = FOG OR MIST
DPTR FM NORMAL:   3.9   DPTR FM NORMAL:   -2.94    2 = FOG REDUCING VISIBILITY
HIGHEST:    84 ON 17    GRTST 24HR  0.28 ON 16-17      TO 1/4 MILE OR LESS
LOWEST:     39 ON  2                               3 = THUNDER
                        SNOW, ICE PELLETS, HAIL    4 = ICE PELLETS
                        TOTAL MONTH:   0.0 INCH    5 = HAIL
                        GRTST 24HR     0.0         6 = FREEZING RAIN OR DRIZZLE
                        GRTST DEPTH:   0           7 = DUSTSTORM OR SANDSTORM:
                                                       VSBY 1/2 MILE OR LESS
                                                   8 = SMOKE OR HAZE
[NO. OF DAYS WITH]      [WEATHER - DAYS WITH]      9 = BLOWING SNOW
                                                   X = TORNADO
MAX 32 OR BELOW:   0    0.01 INCH OR MORE:   6
MAX 90 OR ABOVE:   0    0.10 INCH OR MORE:   1
MIN 32 OR BELOW:   0    0.50 INCH OR MORE:   0
MIN  0 OR BELOW:   0    1.00 INCH OR MORE:   0

[HDD (BASE 65) ]
TOTAL THIS MO.   112    CLEAR  (SCALE 0-3)   5
DPTR FM NORMAL   -96    PTCLDY (SCALE 4-7)  17
TOTAL FM JUL 1  5511    CLOUDY (SCALE 8-10)  6
DPTR FM NORMAL   132

[CDD (BASE 65) ]
TOTAL THIS MO.    37
DPTR FM NORMAL    24    [PRESSURE DATA]
TOTAL FM JAN 1    37    HIGHEST SLP M ON M
DPTR FM NORMAL    22    LOWEST  SLP 29.75 ON M

[REMARKS]
