000
CXUS51 KOKX 210701
CF6ISP
PRELIMINARY LOCAL CLIMATOLOGICAL DATA (WS FORM: F-6)

                                          STATION:   ISLIP NY
                                          MONTH:     AUGUST
                                          YEAR:      2014
                                          LATITUDE:   40 47 N
                                          LONGITUDE:  73  6 W

  TEMPERATURE IN F:       :PCPN:    SNOW:  WIND      :SUNSHINE: SKY     :PK WND
================================================================================
1   2   3   4   5  6A  6B    7    8   9   10  11  12  13   14  15   16   17  18
                                     12Z  AVG MX 2MIN
DY MAX MIN AVG DEP HDD CDD  WTR  SNW DPTH SPD SPD DIR MIN PSBL S-S WX    SPD DR
================================================================================

 1  84  72  78   4   0  13    T  0.0    0  6.7 17 180   M    M   7        21 170
 2  73  65  69  -5   0   4 0.42  0.0    0  7.2 17  50   M    M   8 1      22  60
 3  77  66  72  -2   0   7 0.04  0.0    0  3.8 12 100   M    M   8 1      13 360
 4  81  68  75   1   0  10 0.00  0.0    0  6.0 15 220   M    M   7        20 190
 5  85  67  76   2   0  11    T  0.0    0  4.2 13 330   M    M   3 12     16 330
 6  84  67  76   2   0  11    T  0.0    0  6.9 13 320   M    M   5        20 310
 7  83  63  73  -1   0   8    T  0.0    0  8.0 22 320   M    M   3        30 320
 8  82  61  72  -2   0   7 0.00  0.0    0  7.3 16 340   M    M   3        21 350
 9  86  63  75   1   0  10 0.00  0.0    0  5.4 17 230   M    M   2        21 220
10  88  64  76   2   0  11 0.00  0.0    0  5.5 14 150   M    M   3        20 350
11  83  65  74   0   0   9 0.00  0.0    0  5.8 15 170   M    M   5 12     20 140
12  80  67  74   0   0   9 0.06  0.0    0 13.4 23 140   M    M   7        31 150
13  81  66  74   1   0   913.51  0.0    0 12.2 33 140   M    M   8 13     44  20
14  77  60  69  -4   0   4 0.00  0.0    0  8.8 20 310   M    M   3        24 300
15  74  58  66  -7   0   1 0.00  0.0    0  7.1 16 290   M    M   6        22 310
16  78  58  68  -5   0   3 0.00  0.0    0  7.1 18 210   M    M   7        23 210
17  83  64  74   1   0   9    T  0.0    0  7.5 15 330   M    M   5        21 320
18  79  57  68  -5   0   3 0.00  0.0    0  5.7 12 310   M    M   3         M  M
19  77  60  69  -4   0   4 0.00  0.0    0  5.8 13 150   M    M   4        17 130
20  80  62  71  -2   0   6 0.00  0.0    0  3.5 12 170   M    M   3        15 170
================================================================================
SM 1615 1273         0 149 14.03     0.0 137.9          M      100
================================================================================
AV 80.8 63.7                               6.9 FASTST   M    M   5    MAX(MPH)
                                 MISC ---->  # 33 140               # 44   20
================================================================================
NOTES:
# LAST OF SEVERAL OCCURRENCES

COLUMN 17 PEAK WIND IN M.P.H.

PRELIMINARY LOCAL CLIMATOLOGICAL DATA (WS FORM: F-6) , PAGE 2

                                          STATION:  ISLIP NY
                                          MONTH:    AUGUST
                                          YEAR:     2014
                                          LATITUDE:   40 47 N
                                          LONGITUDE:  73  6 W

[TEMPERATURE DATA]      [PRECIPITATION DATA]       SYMBOLS USED IN COLUMN 16

AVERAGE MONTHLY: 72.2   TOTAL FOR MONTH:  14.03    1 = FOG OR MIST
DPTR FM NORMAL:  -1.4   DPTR FM NORMAL:   11.42    2 = FOG REDUCING VISIBILITY
HIGHEST:    88 ON 10    GRTST 24HR 13.57 ON 12-13      TO 1/4 MILE OR LESS
LOWEST:     57 ON 18                               3 = THUNDER
                        SNOW, ICE PELLETS, HAIL    4 = ICE PELLETS
                        TOTAL MONTH:   0.0 INCH    5 = HAIL
                        GRTST 24HR     0.0         6 = FREEZING RAIN OR DRIZZLE
                        GRTST DEPTH:   0           7 = DUSTSTORM OR SANDSTORM:
                                                       VSBY 1/2 MILE OR LESS
                                                   8 = SMOKE OR HAZE
[NO. OF DAYS WITH]      [WEATHER - DAYS WITH]      9 = BLOWING SNOW
                                                   X = TORNADO
MAX 32 OR BELOW:   0    0.01 INCH OR MORE:   4
MAX 90 OR ABOVE:   0    0.10 INCH OR MORE:   2
MIN 32 OR BELOW:   0    0.50 INCH OR MORE:   1
MIN  0 OR BELOW:   0    1.00 INCH OR MORE:   1

[HDD (BASE 65) ]
TOTAL THIS MO.     0    CLEAR  (SCALE 0-3)   5
DPTR FM NORMAL     0    PTCLDY (SCALE 4-7)  13
TOTAL FM JUL 1     0    CLOUDY (SCALE 8-10)  2
DPTR FM NORMAL    -2

[CDD (BASE 65) ]
TOTAL THIS MO.   149
DPTR FM NORMAL   -23    [PRESSURE DATA]
TOTAL FM JAN 1   673    HIGHEST SLP M ON M
DPTR FM NORMAL    61    LOWEST  SLP 29.65 ON 13

[REMARKS]
