000
CXUS52 TJSJ 280426
CF6ISX
PRELIMINARY LOCAL CLIMATOLOGICAL DATA (WS FORM: F-6)

                                          STATION:   HENRY E. ROHLSEN AIRPORT/USVI
                                          MONTH:     AUGUST
                                          YEAR:      2014
                                          LATITUDE:   17 42 N
                                          LONGITUDE:  64 48 W

  TEMPERATURE IN F:       :PCPN:    SNOW:  WIND      :SUNSHINE: SKY     :PK WND
================================================================================
1   2   3   4   5  6A  6B    7    8   9   10  11  12  13   14  15   16   17  18
                                     12Z  AVG MX 2MIN
DY MAX MIN AVG DEP HDD CDD  WTR  SNW DPTH SPD SPD DIR MIN PSBL S-S WX    SPD DR
================================================================================

 1  91  77  84   0   0  19    T  0.0    0 12.5 22 100   M    M   3        26 100
 2  84  75  80  -4   0  15 0.58  0.0    M 14.0 20 100   M    M   6 18     25 100
 3  91  81  86   2   0  21    T  0.0    0 14.4 17  60   M    M   3        23  70
 4  91  77  84   0   0  19 0.12  0.0    0 12.1 21  70   M    M   3 1      30  70
 5  91  79  85   1   0  20 0.06  0.0    0 11.5 24 110   M    M   4 1      30 100
 6  90  79  85   1   0  20    T  0.0    0 11.9 23  90   M    M   2        28  90
 7  90  79  85   1   0  20 0.00  0.0    0 11.7 21  90   M    M   3        28 120
 8  87  76  82  -2   0  17 0.18  0.0    0 12.4 29 100   M    M   4 18     43 100
 9  90  77  84   0   0  19 0.13  0.0    0 10.9 21  90   M    M   4 1      25  90
10  90  77  84   0   0  19    T  0.0    M 10.2 23 100   M    M   3 1      41 100
11  89  79  84   0   0  19 0.03  0.0    0 11.9 20 100   M    M   2        33 100
12  88  80  84   0   0  19 0.10  0.0    0 12.8 20  90   M    M   4 8      24  90
13  90  79  85   1   0  20    T  0.0    0 13.6 16  70   M    M   3        24  70
14  91  79  85   1   0  20    T  0.0    0 11.8 22  90   M    M   2        44  90
15  90  78  84   0   0  19    T  0.0    M 11.5 21  70   M    M   2        26  70
16  88  77  83  -1   0  18 0.28  0.0    M 12.4 18  90   M    M   4 1      23  80
17  90  79  85   1   0  20 0.06  0.0    0 10.4 17  80   M    M   4        24 100
18  89  79  84   0   0  19    T  0.0    M  9.7 16  70   M    M   4        22  60
19  91  79  85   1   0  20 0.11  0.0    0  8.1 17  30   M    M   3 1      23  20
20  91  77  84   0   0  19 0.10  0.0    M  9.9 20 110   M    M   3 1      25  90
21  91  79  85   1   0  20 0.02    M    0 10.9 20  50   M    M   3 1      31  70
22  83  76  80  -4   0  15 1.86    M    0 10.1 17 120   M    M   5 1      22 140
23  89  75  82  -2   0  17 0.16  0.0    0 11.2 16 120   M    M   3 1      25 140
24  89  79  84   0   0  19 0.00  0.0    0 10.0 18 110   M    M   2        25 110
25  89  79  84   0   0  19    T  0.0    0 10.2 14 120   M    M   3        20 140
26  89  81  85   1   0  20 0.15  0.0    0 11.3 18  90   M    M   4 18     44 150
27  91  80  86   2   0  21 0.03  0.0    0 14.2 25  80   M    M   3 1      32  80
================================================================================
SM 2413 2112         0 513  3.97     0.0 311.6          M       89
================================================================================
AV 89.4 78.2                              11.5 FASTST   M    M   3    MAX(MPH)
                                 MISC ---->  # 29 100               # 44   90
================================================================================
NOTES:
# LAST OF SEVERAL OCCURRENCES

COLUMN 17 PEAK WIND IN M.P.H.

PRELIMINARY LOCAL CLIMATOLOGICAL DATA (WS FORM: F-6) , PAGE 2

                                          STATION:  HENRY E. ROHLSEN AIRPORT/USVI
                                          MONTH:    AUGUST
                                          YEAR:     2014
                                          LATITUDE:   17 42 N
                                          LONGITUDE:  64 48 W

[TEMPERATURE DATA]      [PRECIPITATION DATA]       SYMBOLS USED IN COLUMN 16

AVERAGE MONTHLY: 83.8   TOTAL FOR MONTH:   3.97    1 = FOG OR MIST
DPTR FM NORMAL:  -0.2   DPTR FM NORMAL:    1.28    2 = FOG REDUCING VISIBILITY
HIGHEST:    91 ON 27,21 GRTST 24HR  2.26 ON 22-23      TO 1/4 MILE OR LESS
LOWEST:     75 ON 23, 2                            3 = THUNDER
                        SNOW, ICE PELLETS, HAIL    4 = ICE PELLETS
                        TOTAL MONTH:   0.0 INCH    5 = HAIL
                        GRTST 24HR     0.0         6 = FREEZING RAIN OR DRIZZLE
                        GRTST DEPTH:   0           7 = DUSTSTORM OR SANDSTORM:
                                                       VSBY 1/2 MILE OR LESS
                                                   8 = SMOKE OR HAZE
[NO. OF DAYS WITH]      [WEATHER - DAYS WITH]      9 = BLOWING SNOW
                                                   X = TORNADO
MAX 32 OR BELOW:   0    0.01 INCH OR MORE:  16
MAX 90 OR ABOVE:  16    0.10 INCH OR MORE:  11
MIN 32 OR BELOW:   0    0.50 INCH OR MORE:   2
MIN  0 OR BELOW:   0    1.00 INCH OR MORE:   1

[HDD (BASE 65) ]
TOTAL THIS MO.     0    CLEAR  (SCALE 0-3)  13
DPTR FM NORMAL     0    PTCLDY (SCALE 4-7)  14
TOTAL FM JUL 1     0    CLOUDY (SCALE 8-10)  0
DPTR FM NORMAL     0

[CDD (BASE 65) ]
TOTAL THIS MO.   513
DPTR FM NORMAL     0    [PRESSURE DATA]
TOTAL FM JAN 1  3943    HIGHEST SLP M ON M
DPTR FM NORMAL   160    LOWEST  SLP 29.82 ON M

[REMARKS]
