000
CXUS52 TJSJ 010426
CF6ISX
PRELIMINARY LOCAL CLIMATOLOGICAL DATA (WS FORM: F-6)

                                          STATION:   HENRY E. ROHLSEN AP/ST CROIX
                                          MONTH:     JUNE
                                          YEAR:      2016
                                          LATITUDE:   17 42 N
                                          LONGITUDE:  64 48 W

  TEMPERATURE IN F:       :PCPN:    SNOW:  WIND      :SUNSHINE: SKY     :PK WND
================================================================================
1   2   3   4   5  6A  6B    7    8   9   10  11  12  13   14  15   16   17  18
                                     12Z  AVG MX 2MIN
DY MAX MIN AVG DEP HDD CDD  WTR  SNW DPTH SPD SPD DIR MIN PSBL S-S WX    SPD DR
================================================================================

 1  88  81  85   3   0  20    T  0.0    0 14.8 23 100   M    M   6        28 100
 2  88  79  84   2   0  19 0.04  0.0    0 12.9 21  90   M    M   6 1      24 100
 3  88  81  85   3   0  20 0.00  0.0    0 12.6 21 100   M    M   7        25 100
 4  88  78  83   1   0  18    T  0.0    0 12.1 23  90   M    M   6        26  90
 5  88  80  84   2   0  19 0.00  0.0    0 11.2 18 110   M    M   4        23 110
 6  89  80  85   2   0  20    T  0.0    0 13.8 21 100   M    M   5        26  90
 7  90  80  85   2   0  20    T  0.0    0 12.8 22 100   M    M   4        27 100
 8  89  76  83   0   0  18 0.31  0.0    0 13.0 22 100   M    M   6 1      27  90
 9  89  81  85   2   0  20    T  0.0    0 13.0 18 110   M    M   6        33 100
10  88  78  83   0   0  18 0.00  0.0    0  9.6 17 100   M    M   5        22 100
11  89  76  83   0   0  18    T  0.0    0  8.7 14 110   M    M   3        20 110
12  88  77  83   0   0  18    T  0.0    0  9.9 17 110   M    M   3        21 110
13  90  82  86   3   0  21    T  0.0    0 12.1 17 110   M    M   5        23 100
14  90  82  86   3   0  21 0.00  0.0    0 12.4 18 100   M    M   5        22 130
15  89  81  85   2   0  20 0.00  0.0    0 10.5 17 100   M    M   4        21 100
16  89  79  84   1   0  19 0.00  0.0    0 10.4 20  60   M    M   3        24 100
17  90  76  83   0   0  18 0.00  0.0    0 10.0 18 100   M    M   3        25 100
18  90  78  84   1   0  19 0.00  0.0    0 11.8 18 110   M    M   2        24  90
19  90  78  84   1   0  19 0.22  0.0    0 13.5 24 100   M    M   5 1      29 110
20  89  77  83   0   0  18 0.01  0.0    0 14.7 23  90   M    M   5        28  90
21  87  79  83   0   0  18 0.13  0.0    0 14.0 28  80   M    M   5        32 100
22  90  78  84   1   0  19 0.10  0.0    0 14.3 23  90   M    M   4        30  90
23  90  78  84   1   0  19    T  0.0    0 12.1 22 110   M    M   3        27  90
24  91  79  85   2   0  20 0.00  0.0    0 12.9 22 100   M    M   3        26 100
25  90  80  85   2   0  20 0.00  0.0    0 11.9 21 110   M    M   3        25 100
26  89  77  83   0   0  18 0.00  0.0    0  8.3 15 100   M    M   2        20 100
27  89  75  82  -2   0  17 0.00  0.0    0  9.3 17 100   M    M   3        24 100
28  90  77  84   0   0  19 0.05  0.0    0 10.4 20  80   M    M   3        24  80
29  91  78  85   1   0  20    T  0.0    0 13.4 23 100   M    M   5        28  90
30  91  79  85   1   0  20    T  0.0    0 13.5 20 100   M    M   5        25 100
================================================================================
SM 2677 2360         0 573  0.86     0.0 359.9          M      129
================================================================================
AV 89.2 78.7                              12.0 FASTST   M    M   4    MAX(MPH)
                                 MISC ---->  # 28  80               # 33  100
================================================================================
NOTES:
# LAST OF SEVERAL OCCURRENCES

COLUMN 17 PEAK WIND IN M.P.H.

PRELIMINARY LOCAL CLIMATOLOGICAL DATA (WS FORM: F-6) , PAGE 2

                                          STATION:  HENRY E. ROHLSEN AP/ST CROIX
                                          MONTH:    JUNE
                                          YEAR:     2016
                                          LATITUDE:   17 42 N
                                          LONGITUDE:  64 48 W

[TEMPERATURE DATA]      [PRECIPITATION DATA]       SYMBOLS USED IN COLUMN 16

AVERAGE MONTHLY: 83.9   TOTAL FOR MONTH:   0.86    1 = FOG OR MIST
DPTR FM NORMAL:   0.9   DPTR FM NORMAL:   -1.45    2 = FOG REDUCING VISIBILITY
HIGHEST:    91 ON 30,29 GRTST 24HR  0.31 ON  8- 8      TO 1/4 MILE OR LESS
LOWEST:     75 ON 27                               3 = THUNDER
                        SNOW, ICE PELLETS, HAIL    4 = ICE PELLETS
                        TOTAL MONTH:   0.0 INCH    5 = HAIL
                        GRTST 24HR     0.0         6 = FREEZING RAIN OR DRIZZLE
                        GRTST DEPTH:   0           7 = DUSTSTORM OR SANDSTORM:
                                                       VSBY 1/2 MILE OR LESS
                                                   8 = SMOKE OR HAZE
[NO. OF DAYS WITH]      [WEATHER - DAYS WITH]      9 = BLOWING SNOW
                                                   X = TORNADO
MAX 32 OR BELOW:   0    0.01 INCH OR MORE:   7
MAX 90 OR ABOVE:  13    0.10 INCH OR MORE:   4
MIN 32 OR BELOW:   0    0.50 INCH OR MORE:   0
MIN  0 OR BELOW:   0    1.00 INCH OR MORE:   0

[HDD (BASE 65) ]
TOTAL THIS MO.     0    CLEAR  (SCALE 0-3)   9
DPTR FM NORMAL     0    PTCLDY (SCALE 4-7)  21
TOTAL FM JUL 1     0    CLOUDY (SCALE 8-10)  0
DPTR FM NORMAL     0

[CDD (BASE 65) ]
TOTAL THIS MO.   573
DPTR FM NORMAL    33    [PRESSURE DATA]
TOTAL FM JAN 1  2909    HIGHEST SLP M ON M
DPTR FM NORMAL   216    LOWEST  SLP 29.94 ON M

[REMARKS]
#FINAL-06-16#
