000
CXUS52 TJSJ 290521
CF6ISX
PRELIMINARY LOCAL CLIMATOLOGICAL DATA (WS FORM: F-6)

                                          STATION:   HENRY E. ROHLSEN AIRPORT/USVI
                                          MONTH:     NOVEMBER
                                          YEAR:      2014
                                          LATITUDE:   17 42 N
                                          LONGITUDE:  64 48 W

  TEMPERATURE IN F:       :PCPN:    SNOW:  WIND      :SUNSHINE: SKY     :PK WND
================================================================================
1   2   3   4   5  6A  6B    7    8   9   10  11  12  13   14  15   16   17  18
                                     12Z  AVG MX 2MIN
DY MAX MIN AVG DEP HDD CDD  WTR  SNW DPTH SPD SPD DIR MIN PSBL S-S WX    SPD DR
================================================================================

 1  89  76  83   1   0  18    T  0.0    0  6.6 15  90   M    M   4        19 100
 2  90  78  84   3   0  19 0.05  0.0    0  8.3 20  90   M    M   3        25  90
 3  89  75  82   1   0  17 0.44  0.0    0  7.8 17 100   M    M   5 1      24  90
 4  82  71  77  -4   0  12 1.02  0.0    0  7.4 13 220   M    M   7 1      27 220
 5  86  71  79  -2   0  14 0.32  0.0    0  5.2  7 310   M    M   3 1       M  M
 6  87  75  81   0   0  16    T  0.0    0 11.2 16  90   M    M   3        21  90
 7   M   M   M   M   M   M 4.80  0.0    0  8.5 20 120   M    M   9 1      29 120
 8  85  73  79  -2   0  14    T  0.0    M 12.7 23 100   M    M   3        22  40
 9   M   M   M   M   M   M    T  0.0    M 10.3 18 100   M    M   3        22 110
10   M   M   M   M   M   M    T  0.0    0 11.2 18 110   M    M   2        24 110
11  88  77  83   2   0  18 0.00  0.0    M  8.9 20 100   M    M   3        24  90
12  87  75  81   0   0  16    T  0.0    0  8.3 18 100   M    M   1        23 100
13  86  75  81   0   0  16    T  0.0    0  7.0 12 130   M    M   2         M  M
14  87  75  81   0   0  16 0.00  0.0    0  6.6 12 100   M    M   2         M  M
15  88  74  81   0   0  16    T  0.0    M  8.4 16  90   M    M   2         M  M
16  88  77  83   2   0  18    T  0.0    0 13.8 20  70   M    M   3        27  70
17  87  77  82   1   0  17 0.08  0.0    0 12.6 17  70   M    M   4        25  70
18  87  77  82   2   0  17 0.01  0.0    M 12.0 15  80   M    M   4         M  M
19  88  77  83   3   0  18    T  0.0    M 14.8 21 100   M    M   3        27  90
20  88  78  83   3   0  18    T  0.0    M 13.5 18 100   M    M   2        25 110
21   M   M   M   M   M   M 0.90  0.0    0  8.1 14  70   M    M   6         M  M
22   M   M   M   M   M   M 0.49  0.0    0 10.0 20 100   M    M   3         M  M
23  86  77  82   2   0  17    T  0.0    M 13.7 26  90   M    M   4        32 100
24   M   M   M   M   M   M 0.09  0.0    0 16.1 26  80   M    M   4        35  90
25  88  78  83   3   0  18 0.02  0.0    M 13.8 31  90   M    M   4        38  90
26  89  77  83   3   0  18 0.01  0.0    0 12.1 22 100   M    M   2        28  90
27  87  71  79  -1   0  14    T  0.0    0  9.1 13 110   M    M   3         M  M
28  86  70  78  -2   0  13 0.00  0.0    M  7.7 12 110   M    M   3         M  M
================================================================================
SM 1918 1654         0 360  8.23     0.0 285.7          M       97
================================================================================
AV 87.2 75.2                              10.2 FASTST   M    M   3    MAX(MPH)
                                 MISC ---->  # 31  90               # 38   90
================================================================================
NOTES:
# LAST OF SEVERAL OCCURRENCES

COLUMN 17 PEAK WIND IN M.P.H.

PRELIMINARY LOCAL CLIMATOLOGICAL DATA (WS FORM: F-6) , PAGE 2

                                          STATION:  HENRY E. ROHLSEN AIRPORT/USVI
                                          MONTH:    NOVEMBER
                                          YEAR:     2014
                                          LATITUDE:   17 42 N
                                          LONGITUDE:  64 48 W

[TEMPERATURE DATA]      [PRECIPITATION DATA]       SYMBOLS USED IN COLUMN 16

AVERAGE MONTHLY: 81.2   TOTAL FOR MONTH:   8.23    1 = FOG OR MIST
DPTR FM NORMAL:   0.5   DPTR FM NORMAL:    3.01    2 = FOG REDUCING VISIBILITY
HIGHEST:    90 ON  2    GRTST 24HR  4.80 ON  7- 7      TO 1/4 MILE OR LESS
LOWEST:     70 ON 28                               3 = THUNDER
                        SNOW, ICE PELLETS, HAIL    4 = ICE PELLETS
                        TOTAL MONTH:   0.0 INCH    5 = HAIL
                        GRTST 24HR     0.0         6 = FREEZING RAIN OR DRIZZLE
                        GRTST DEPTH:   0           7 = DUSTSTORM OR SANDSTORM:
                                                       VSBY 1/2 MILE OR LESS
                                                   8 = SMOKE OR HAZE
[NO. OF DAYS WITH]      [WEATHER - DAYS WITH]      9 = BLOWING SNOW
                                                   X = TORNADO
MAX 32 OR BELOW:   0    0.01 INCH OR MORE:  12
MAX 90 OR ABOVE:   1    0.10 INCH OR MORE:   6
MIN 32 OR BELOW:   0    0.50 INCH OR MORE:   3
MIN  0 OR BELOW:   0    1.00 INCH OR MORE:   2

[HDD (BASE 65) ]
TOTAL THIS MO.     0    CLEAR  (SCALE 0-3)  11
DPTR FM NORMAL     0    PTCLDY (SCALE 4-7)  16
TOTAL FM JUL 1     0    CLOUDY (SCALE 8-10)  1
DPTR FM NORMAL     0

[CDD (BASE 65) ]
TOTAL THIS MO.   360
DPTR FM NORMAL   -77    [PRESSURE DATA]
TOTAL FM JAN 1  5465    HIGHEST SLP M ON M
DPTR FM NORMAL   101    LOWEST  SLP 29.83 ON  8

[REMARKS]
