000
CXHW53 PHFO 191250
CF6ITO
PRELIMINARY LOCAL CLIMATOLOGICAL DATA (WS FORM: F-6)

                                          STATION:   HILO HI
                                          MONTH:     AUGUST
                                          YEAR:      2017
                                          LATITUDE:   19 43 N
                                          LONGITUDE: 155  4 W

  TEMPERATURE IN F:       :PCPN:    SNOW:  WIND      :SUNSHINE: SKY     :PK WND
================================================================================
1   2   3   4   5  6A  6B    7    8   9   10  11  12  13   14  15   16   17  18
                                     12Z  AVG MX 2MIN
DY MAX MIN AVG DEP HDD CDD  WTR  SNW DPTH SPD SPD DIR MIN PSBL S-S WX    SPD DR
================================================================================

 1  84  68  76   0   0  11 0.15  0.0    M  8.0 15 120   M    M   M 1      20 100
 2  86  71  79   3   0  14 0.01  0.0    M  6.4 14  60   M    M   M 1      17  60
 3  85  69  77   1   0  12 0.25  0.0    M  6.7 14  90   M    M   M 1      22 100
 4  84  70  77   0   0  12 0.12  0.0    M  6.0 14 110   M    M   M 1      18 130
 5  85  72  79   2   0  14 0.01  0.0    M  6.1 17  70   M    M   M        20  70
 6  86  73  80   3   0  15 0.01  0.0    M  6.4 15  70   M    M   M        18  50
 7  83  71  77   0   0  12 0.29  0.0    M  5.9 14  80   M    M   M 1      23  80
 8  85  68  77   0   0  12 0.02  0.0    M  7.6 16  60   M    M   M 1      21  60
 9  84  70  77   0   0  12 0.03  0.0    M  6.6 14  90   M    M   M 1      18 110
10  85  69  77   0   0  12 0.05  0.0    M  8.2 17  70   M    M   M 1      22  60
11  81  71  76  -1   0  11 0.69  0.0    M  6.3 17  70   M    M   M 1      20  60
12  84  71  78   1   0  13 0.23  0.0    M  6.2 20  60   M    M   M 1      25  60
13  84  70  77   0   0  12 0.07  0.0    M  5.9 16  80   M    M   M 1      20  60
14  82  70  76  -1   0  11 0.14  0.0    M  6.0 14  80   M    M   M 18     17  70
15  85  69  77   0   0  12 0.14  0.0    M  6.3 20  90   M    M   M 1      24  90
16  84  70  77   0   0  12 0.14  0.0    M  5.8 15 330   M    M   M 1      17 330
17  85  70  78   1   0  13    T  0.0    M  5.4 13  40   M    M   M        19  40
18  85  70  78   1   0  13 0.31  0.0    M  5.6 13  20   M    M   M 1      17  40
================================================================================
SM 1517 1262         0 223  2.66     0.0 115.4          M        M
================================================================================
AV 84.3 70.1                               6.4 FASTST   M    M -nan   MAX(MPH)
                                 MISC ---->  # 20  60               # 25   60
================================================================================
NOTES:
# LAST OF SEVERAL OCCURRENCES

COLUMN 17 PEAK WIND IN M.P.H.

PRELIMINARY LOCAL CLIMATOLOGICAL DATA (WS FORM: F-6) , PAGE 2

                                          STATION:  HILO HI
                                          MONTH:    AUGUST
                                          YEAR:     2017
                                          LATITUDE:   19 43 N
                                          LONGITUDE: 155  4 W

[TEMPERATURE DATA]      [PRECIPITATION DATA]       SYMBOLS USED IN COLUMN 16

AVERAGE MONTHLY: 77.2   TOTAL FOR MONTH:   2.66    1 = FOG OR MIST
DPTR FM NORMAL:   0.4   DPTR FM NORMAL:   -3.32    2 = FOG REDUCING VISIBILITY
HIGHEST:    86 ON  6, 2 GRTST 24HR  0.69 ON 11-11      TO 1/4 MILE OR LESS
LOWEST:     68 ON  8, 1                            3 = THUNDER
                        SNOW, ICE PELLETS, HAIL    4 = ICE PELLETS
                        TOTAL MONTH:   0.0 INCH    5 = HAIL
                        GRTST 24HR     0.0         6 = FREEZING RAIN OR DRIZZLE
                        GRTST DEPTH:  M  ON   M    7 = DUSTSTORM OR SANDSTORM:
                                                       VSBY 1/2 MILE OR LESS
                                                   8 = SMOKE OR HAZE
[NO. OF DAYS WITH]      [WEATHER - DAYS WITH]      9 = BLOWING SNOW
                                                   X = TORNADO
MAX 32 OR BELOW:   0    0.01 INCH OR MORE:  17
MAX 90 OR ABOVE:   0    0.10 INCH OR MORE:  10
MIN 32 OR BELOW:   0    0.50 INCH OR MORE:   1
MIN  0 OR BELOW:   0    1.00 INCH OR MORE:   0

[HDD (BASE 65) ]
TOTAL THIS MO.     0    CLEAR  (SCALE 0-3)   0
DPTR FM NORMAL     0    PTCLDY (SCALE 4-7)   0
TOTAL FM JUL 1     0    CLOUDY (SCALE 8-10)  0
DPTR FM NORMAL     0

[CDD (BASE 65) ]
TOTAL THIS MO.   223
DPTR FM NORMAL    25    [PRESSURE DATA]
TOTAL FM JAN 1  2256    HIGHEST SLP M ON M
DPTR FM NORMAL   341    LOWEST  SLP 29.93 ON 18

[REMARKS]
