000
CXHW53 PHFO 171250
CF6ITO
PRELIMINARY LOCAL CLIMATOLOGICAL DATA (WS FORM: F-6)

                                          STATION:   HILO HI
                                          MONTH:     OCTOBER
                                          YEAR:      2017
                                          LATITUDE:   19 43 N
                                          LONGITUDE: 155  4 W

  TEMPERATURE IN F:       :PCPN:    SNOW:  WIND      :SUNSHINE: SKY     :PK WND
================================================================================
1   2   3   4   5  6A  6B    7    8   9   10  11  12  13   14  15   16   17  18
                                     12Z  AVG MX 2MIN
DY MAX MIN AVG DEP HDD CDD  WTR  SNW DPTH SPD SPD DIR MIN PSBL S-S WX    SPD DR
================================================================================

 1  85  68  77   1   0  12 0.00  0.0    M  5.4 13  90   M    M   M        18  90
 2  85  68  77   1   0  12 0.07  0.0    M  6.9 15  90   M    M   M 1      19 100
 3  85  69  77   1   0  12 1.21  0.0    M  5.2 18 120   M    M   M 1      23 120
 4  84  71  78   2   0  13 0.37  0.0    M  6.3 15  80   M    M   M 1      20  60
 5  84  71  78   2   0  13 0.39  0.0    M  6.7 14  30   M    M   M 18     17  30
 6  84  69  77   1   0  12    T  0.0    M  6.3 14  50   M    M   M        17  50
 7  84  67  76   0   0  11 0.00  0.0    M  5.9 12  80   M    M   M        16  90
 8  85  69  77   1   0  12 0.00  0.0    M  5.4 14 100   M    M   M        18  90
 9  85  70  78   2   0  13 0.01  0.0    M  5.9 13  40   M    M   M        17  50
10  85  69  77   1   0  12    T  0.0    M  5.4 15  60   M    M   M        18  60
11  86  69  78   2   0  13    T  0.0    M  6.0 17 100   M    M   M        22 100
12  85  71  78   2   0  13 2.80  0.0    M  5.8 20 130   M    M   M 138    25 140
13  79  71  75  -1   0  10 0.33  0.0    M  6.2 24  60   M    M   M 18     30  50
14  84  71  78   2   0  13 1.05  0.0    M  8.0 21  70   M    M   M 1      25  80
15  82  70  76   0   0  11 1.73  0.0    M  7.3 21 110   M    M   M 1      28 100
16  83  69  76   0   0  11 0.45  0.0    M  7.3 23  70   M    M   M 18     33  60
================================================================================
SM 1345 1112         0 193  8.41     0.0 100.0          M        M
================================================================================
AV 84.1 69.5                               6.3 FASTST   M    M -nan   MAX(MPH)
                                 MISC ---->  # 24  60               # 33   60
================================================================================
NOTES:
# LAST OF SEVERAL OCCURRENCES

COLUMN 17 PEAK WIND IN M.P.H.

PRELIMINARY LOCAL CLIMATOLOGICAL DATA (WS FORM: F-6) , PAGE 2

                                          STATION:  HILO HI
                                          MONTH:    OCTOBER
                                          YEAR:     2017
                                          LATITUDE:   19 43 N
                                          LONGITUDE: 155  4 W

[TEMPERATURE DATA]      [PRECIPITATION DATA]       SYMBOLS USED IN COLUMN 16

AVERAGE MONTHLY: 76.8   TOTAL FOR MONTH:   8.41    1 = FOG OR MIST
DPTR FM NORMAL:   0.8   DPTR FM NORMAL:    3.72    2 = FOG REDUCING VISIBILITY
HIGHEST:    86 ON 11    GRTST 24HR  2.80 ON 12-12      TO 1/4 MILE OR LESS
LOWEST:     67 ON  7                               3 = THUNDER
                        SNOW, ICE PELLETS, HAIL    4 = ICE PELLETS
                        TOTAL MONTH:   0.0 INCH    5 = HAIL
                        GRTST 24HR     0.0         6 = FREEZING RAIN OR DRIZZLE
                        GRTST DEPTH:  M  ON   M    7 = DUSTSTORM OR SANDSTORM:
                                                       VSBY 1/2 MILE OR LESS
                                                   8 = SMOKE OR HAZE
[NO. OF DAYS WITH]      [WEATHER - DAYS WITH]      9 = BLOWING SNOW
                                                   X = TORNADO
MAX 32 OR BELOW:   0    0.01 INCH OR MORE:  10
MAX 90 OR ABOVE:   0    0.10 INCH OR MORE:   8
MIN 32 OR BELOW:   0    0.50 INCH OR MORE:   4
MIN  0 OR BELOW:   0    1.00 INCH OR MORE:   4

[HDD (BASE 65) ]
TOTAL THIS MO.     0    CLEAR  (SCALE 0-3)   0
DPTR FM NORMAL     0    PTCLDY (SCALE 4-7)   0
TOTAL FM JUL 1     0    CLOUDY (SCALE 8-10)  0
DPTR FM NORMAL     0

[CDD (BASE 65) ]
TOTAL THIS MO.   193
DPTR FM NORMAL    17    [PRESSURE DATA]
TOTAL FM JAN 1  2971    HIGHEST SLP M ON M
DPTR FM NORMAL   387    LOWEST  SLP 29.83 ON 12

[REMARKS]
