000
CXUS53 KIWX 240800
CF6IWX
PRELIMINARY LOCAL CLIMATOLOGICAL DATA (WS FORM: F-6)

                                          STATION:   NORTH WEBSTER WFO
                                          MONTH:     OCTOBER
                                          YEAR:      2017
                                          LATITUDE:   41 21 N
                                          LONGITUDE:  85 42 W

  TEMPERATURE IN F:       :PCPN:    SNOW:  WIND      :SUNSHINE: SKY     :PK WND
================================================================================
1   2   3   4   5  6A  6B    7    8   9   10  11  12  13   14  15   16   17  18
                                     12Z  AVG MX 2MIN
DY MAX MIN AVG DEP HDD CDD  WTR  SNW DPTH SPD SPD DIR MIN PSBL S-S WX    SPD DR
================================================================================

 1  68  44  56  -2   9   0 0.00  0.0    0   M   M   M   M    M   M         M  M
 2  78  54  66   9   0   1 0.00  0.0    0   M   M   M   M    M   M         M  M
 3  80  59  70  13   0   5 0.00  0.0    0   M   M   M   M    M   M         M  M
 4  77  62  70  13   0   5 0.10  0.0    0   M   M   M   M    M   M         M  M
 5  79  60  70  14   0   5    T  0.0    0   M   M   M   M    M   M         M  M
 6  69  63  66  10   0   1 0.18  0.0    0   M   M   M   M    M   M         M  M
 7  82  58  70  15   0   5 0.47  0.0    0   M   M   M   M    M   M         M  M
 8  74  54  64   9   1   0 0.02  0.0    0   M   M   M   M    M   M         M  M
 9  78  59  69  14   0   4    T  0.0    0   M   M   M   M    M   M         M  M
10  72  57  65  11   0   0    T  0.0    0   M   M   M   M    M   M         M  M
11  63  51  57   3   8   0 0.84  0.0    0   M   M   M   M    M   M         M  M
12  57  51  54   0  11   0    T  0.0    0   M   M   M   M    M   M         M  M
13  71  57  64  11   1   0 0.00  0.0    0   M   M   M   M    M   M         M  M
14  77  60  69  16   0   4    T  0.0    0   M   M   M   M    M   M         M  M
15  72  44  58   5   7   0 0.11  0.0    0   M   M   M   M    M   M 1       M  M
16  61  41  51  -1  14   0 0.04  0.0    0   M   M   M   M    M   M 1       M  M
17  67  44  56   4   9   0 0.00  0.0    0   M   M   M   M    M   M         M  M
18  68  45  57   5   8   0 0.00  0.0    0   M   M   M   M    M   M         M  M
19  72  46  59   8   6   0 0.00  0.0    0   M   M   M   M    M   M         M  M
20  76  46  61  10   4   0 0.00  0.0    0   M   M   M   M    M   M         M  M
21  74  54  64  13   1   0 0.00  0.0    0   M   M   M   M    M   M         M  M
22  76  57  67  17   0   2 0.00  0.0    0   M   M   M   M    M   M         M  M
23  66  48  57   7   8   0 0.75  0.0    0   M   M   M   M    M   M 16      M  M
================================================================================
SM 1657 1214        87  32  2.51     0.0     M          M        M
================================================================================
AV 72.0 52.8                                 M FASTST   M    M   5    MAX(MPH)
                                 MISC ---->     M   M                  M    M
================================================================================
NOTES:
# LAST OF SEVERAL OCCURRENCES

COLUMN 17 PEAK WIND IN M.P.H.

PRELIMINARY LOCAL CLIMATOLOGICAL DATA (WS FORM: F-6) , PAGE 2

                                          STATION:  NORTH WEBSTER WFO
                                          MONTH:    OCTOBER
                                          YEAR:     2017
                                          LATITUDE:   41 21 N
                                          LONGITUDE:  85 42 W

[TEMPERATURE DATA]      [PRECIPITATION DATA]       SYMBOLS USED IN COLUMN 16

AVERAGE MONTHLY: 62.4   TOTAL FOR MONTH:   2.51    1 = FOG OR MIST
DPTR FM NORMAL:   8.7   DPTR FM NORMAL:    0.11    2 = FOG REDUCING VISIBILITY
HIGHEST:    82 ON  7    GRTST 24HR  0.84 ON 11-11      TO 1/4 MILE OR LESS
LOWEST:     41 ON 16                               3 = THUNDER
                        SNOW, ICE PELLETS, HAIL    4 = ICE PELLETS
                        TOTAL MONTH:   0.0 INCH    5 = HAIL
                        GRTST 24HR     0.0         6 = FREEZING RAIN OR DRIZZLE
                        GRTST DEPTH:   0           7 = DUSTSTORM OR SANDSTORM:
                                                       VSBY 1/2 MILE OR LESS
                                                   8 = SMOKE OR HAZE
[NO. OF DAYS WITH]      [WEATHER - DAYS WITH]      9 = BLOWING SNOW
                                                   X = TORNADO
MAX 32 OR BELOW:   0    0.01 INCH OR MORE:   8
MAX 90 OR ABOVE:   0    0.10 INCH OR MORE:   6
MIN 32 OR BELOW:   0    0.50 INCH OR MORE:   2
MIN  0 OR BELOW:   0    1.00 INCH OR MORE:   0

[HDD (BASE 65) ]
TOTAL THIS MO.    87    CLEAR  (SCALE 0-3)   0
DPTR FM NORMAL  -172    PTCLDY (SCALE 4-7)   0
TOTAL FM JUL 1   200    CLOUDY (SCALE 8-10)  0
DPTR FM NORMAL  -142

[CDD (BASE 65) ]
TOTAL THIS MO.    32
DPTR FM NORMAL    32    [PRESSURE DATA]
TOTAL FM JAN 1   725    HIGHEST SLP M ON M
DPTR FM NORMAL    13    LOWEST  SLP M ON M

[REMARKS]
