000
CXUS53 KIWX 230800
CF6IWX
PRELIMINARY LOCAL CLIMATOLOGICAL DATA (WS FORM: F-6)

                                          STATION:   NORTH WEBSTER WFO
                                          MONTH:     AUGUST
                                          YEAR:      2017
                                          LATITUDE:   41 21 N
                                          LONGITUDE:  85 42 W

  TEMPERATURE IN F:       :PCPN:    SNOW:  WIND      :SUNSHINE: SKY     :PK WND
================================================================================
1   2   3   4   5  6A  6B    7    8   9   10  11  12  13   14  15   16   17  18
                                     12Z  AVG MX 2MIN
DY MAX MIN AVG DEP HDD CDD  WTR  SNW DPTH SPD SPD DIR MIN PSBL S-S WX    SPD DR
================================================================================

 1  81  60  71  -1   0   6 0.00  0.0    0   M   M   M   M    M   M         M  M
 2  85  62  74   2   0   9 0.00  0.0    0   M   M   M   M    M   M         M  M
 3  82  63  73   1   0   8 0.68  0.0    0   M   M   M   M    M   M 3       M  M
 4  67  55  61 -11   4   0 0.35  0.0    0   M   M   M   M    M   M         M  M
 5  77  54  66  -6   0   1 0.00  0.0    0   M   M   M   M    M   M         M  M
 6  72  60  66  -6   0   1 0.00  0.0    0   M   M   M   M    M   M         M  M
 7  76  55  66  -6   0   1 0.00  0.0    0   M   M   M   M    M   M         M  M
 8  80  52  66  -6   0   1 0.00  0.0    0   M   M   M   M    M   M         M  M
 9  80  56  68  -4   0   3 0.00  0.0    0   M   M   M   M    M   M         M  M
10  81  56  69  -3   0   4 0.00  0.0    0   M   M   M   M    M   M         M  M
11  80  60  70  -2   0   5 0.08  0.0    0   M   M   M   M    M   M         M  M
12  78  57  68  -4   0   3 0.00  0.0    0   M   M   M   M    M   M         M  M
13  78  54  66  -6   0   1 0.00  0.0    0   M   M   M   M    M   M         M  M
14  81  61  71  -1   0   6 0.00  0.0    0   M   M   M   M    M   M         M  M
15  85  64  75   3   0  10    T  0.0    0   M   M   M   M    M   M         M  M
16  87  64  76   4   0  11 0.00  0.0    0   M   M   M   M    M   M         M  M
17  82  71  77   5   0  12 0.46  0.0    0   M   M   M   M    M   M         M  M
18  78  64  71  -1   0   6 0.00  0.0    0   M   M   M   M    M   M         M  M
19  80  61  71  -1   0   6 0.36  0.0    0   M   M   M   M    M   M 13      M  M
20  85  61  73   1   0   8 0.00  0.0    0   M   M   M   M    M   M         M  M
21  85  68  77   5   0  12 0.38  0.0    0   M   M   M   M    M   M         M  M
22  78  59  69  -3   0   4 0.68  0.0    0   M   M   M   M    M   M         M  M
================================================================================
SM 1758 1317         4 118  2.99     0.0     M          M        M
================================================================================
AV 79.9 59.9                                 M FASTST   M    M   3    MAX(MPH)
                                 MISC ---->     M   M                  M    M
================================================================================
NOTES:
# LAST OF SEVERAL OCCURRENCES

COLUMN 17 PEAK WIND IN M.P.H.

PRELIMINARY LOCAL CLIMATOLOGICAL DATA (WS FORM: F-6) , PAGE 2

                                          STATION:  NORTH WEBSTER WFO
                                          MONTH:    AUGUST
                                          YEAR:     2017
                                          LATITUDE:   41 21 N
                                          LONGITUDE:  85 42 W

[TEMPERATURE DATA]      [PRECIPITATION DATA]       SYMBOLS USED IN COLUMN 16

AVERAGE MONTHLY: 69.9   TOTAL FOR MONTH:   2.99    1 = FOG OR MIST
DPTR FM NORMAL:  -2.1   DPTR FM NORMAL:    0.02    2 = FOG REDUCING VISIBILITY
HIGHEST:    87 ON 16    GRTST 24HR  0.68 ON 22-22      TO 1/4 MILE OR LESS
LOWEST:     52 ON  8                               3 = THUNDER
                        SNOW, ICE PELLETS, HAIL    4 = ICE PELLETS
                        TOTAL MONTH:   0.0 INCH    5 = HAIL
                        GRTST 24HR     0.0         6 = FREEZING RAIN OR DRIZZLE
                        GRTST DEPTH:   0           7 = DUSTSTORM OR SANDSTORM:
                                                       VSBY 1/2 MILE OR LESS
                                                   8 = SMOKE OR HAZE
[NO. OF DAYS WITH]      [WEATHER - DAYS WITH]      9 = BLOWING SNOW
                                                   X = TORNADO
MAX 32 OR BELOW:   0    0.01 INCH OR MORE:   7
MAX 90 OR ABOVE:   0    0.10 INCH OR MORE:   6
MIN 32 OR BELOW:   0    0.50 INCH OR MORE:   2
MIN  0 OR BELOW:   0    1.00 INCH OR MORE:   0

[HDD (BASE 65) ]
TOTAL THIS MO.     4    CLEAR  (SCALE 0-3)   0
DPTR FM NORMAL     4    PTCLDY (SCALE 4-7)   0
TOTAL FM JUL 1     4    CLOUDY (SCALE 8-10)  0
DPTR FM NORMAL     4

[CDD (BASE 65) ]
TOTAL THIS MO.   118
DPTR FM NORMAL   -40    [PRESSURE DATA]
TOTAL FM JAN 1   565    HIGHEST SLP M ON M
DPTR FM NORMAL   -30    LOWEST  SLP M ON M

[REMARKS]
