000
CXUS53 KIWX 220800
CF6IWX
PRELIMINARY LOCAL CLIMATOLOGICAL DATA (WS FORM: F-6)

                                          STATION:   NORTH WEBSTER WFO
                                          MONTH:     DECEMBER
                                          YEAR:      2014
                                          LATITUDE:   41 21 N
                                          LONGITUDE:  85 42 W

  TEMPERATURE IN F:       :PCPN:    SNOW:  WIND      :SUNSHINE: SKY     :PK WND
================================================================================
1   2   3   4   5  6A  6B    7    8   9   10  11  12  13   14  15   16   17  18
                                     12Z  AVG MX 2MIN
DY MAX MIN AVG DEP HDD CDD  WTR  SNW DPTH SPD SPD DIR MIN PSBL S-S WX    SPD DR
================================================================================

 1  36  18  27  -7  38   0 0.00  0.0    0   M   M   M   M    M   M         M  M
 2  30  18  24 -10  41   0    T  0.0    0   M   M   M   M    M   M         M  M
 3  39  26  33   0  32   0    T    T    T   M   M   M   M    M   M         M  M
 4  32  23  28  -5  37   0 0.00  0.0    0   M   M   M   M    M   M         M  M
 5  38  30  34   2  31   0    T    M    0   M   M   M   M    M   M         M  M
 6  38  25  32   0  33   0 0.00  0.0    0   M   M   M   M    M   M         M  M
 7  35  21  28  -3  37   0 0.00  0.0    0   M   M   M   M    M   M         M  M
 8  38  29  34   3  31   0 0.12    T    0   M   M   M   M    M   M         M  M
 9  37  32  35   5  30   0 0.03  0.0    0   M   M   M   M    M   M 1       M  M
10  34  21  28  -2  37   0 0.00  0.0    0   M   M   M   M    M   M         M  M
11  35  19  27  -3  38   0 0.00  0.0    0   M   M   M   M    M   M         M  M
12  31  21  26  -3  39   0    T    T    M   M   M   M   M    M   M 168     M  M
13  46  31  39  10  26   0    T  0.0    0   M   M   M   M    M   M 1       M  M
14  53  42  48  19  17   0 0.00  0.0    0   M   M   M   M    M   M 18      M  M
15  48  41  45  17  20   0 0.09  0.0    0   M   M   M   M    M   M 18      M  M
16  44  32  38  10  27   0 0.27    T    0   M   M   M   M    M   M         M  M
17  32  25  29   1  36   0    T  0.3    0   M   M   M   M    M   M         M  M
18  27  25  26  -2  39   0    T    T    T   M   M   M   M    M   M         M  M
19  35  24  30   3  35   0    T    T    T   M   M   M   M    M   M         M  M
20  32  26  29   2  36   0    T    T    0   M   M   M   M    M   M         M  M
21  36  28  32   5  33   0 0.00  0.0    0   M   M   M   M    M   M         M  M
================================================================================
SM  776  557       693   0  0.51     0.3     M          M        M
================================================================================
AV 37.0 26.5                                 M FASTST   M    M   7    MAX(MPH)
                                 MISC ---->     M   M                  M    M
================================================================================
NOTES:
# LAST OF SEVERAL OCCURRENCES

COLUMN 17 PEAK WIND IN M.P.H.

PRELIMINARY LOCAL CLIMATOLOGICAL DATA (WS FORM: F-6) , PAGE 2

                                          STATION:  NORTH WEBSTER WFO
                                          MONTH:    DECEMBER
                                          YEAR:     2014
                                          LATITUDE:   41 21 N
                                          LONGITUDE:  85 42 W

[TEMPERATURE DATA]      [PRECIPITATION DATA]       SYMBOLS USED IN COLUMN 16

AVERAGE MONTHLY: 31.7   TOTAL FOR MONTH:   0.51    1 = FOG OR MIST
DPTR FM NORMAL:   1.7   DPTR FM NORMAL:   -1.42    2 = FOG REDUCING VISIBILITY
HIGHEST:    53 ON 14    GRTST 24HR  0.27 ON 16-16      TO 1/4 MILE OR LESS
LOWEST:     18 ON  2, 1                            3 = THUNDER
                        SNOW, ICE PELLETS, HAIL    4 = ICE PELLETS
                        TOTAL MONTH:   0.3 INCH    5 = HAIL
                        GRTST 24HR   0.3 ON   M    6 = FREEZING RAIN OR DRIZZLE
                        GRTST DEPTH:   0           7 = DUSTSTORM OR SANDSTORM:
                                                       VSBY 1/2 MILE OR LESS
                                                   8 = SMOKE OR HAZE
[NO. OF DAYS WITH]      [WEATHER - DAYS WITH]      9 = BLOWING SNOW
                                                   X = TORNADO
MAX 32 OR BELOW:   6    0.01 INCH OR MORE:   4
MAX 90 OR ABOVE:   0    0.10 INCH OR MORE:   2
MIN 32 OR BELOW:  19    0.50 INCH OR MORE:   0
MIN  0 OR BELOW:   0    1.00 INCH OR MORE:   0

[HDD (BASE 65) ]
TOTAL THIS MO.   693    CLEAR  (SCALE 0-3)   0
DPTR FM NORMAL   -42    PTCLDY (SCALE 4-7)   0
TOTAL FM JUL 1  2196    CLOUDY (SCALE 8-10)  0
DPTR FM NORMAL   272

[CDD (BASE 65) ]
TOTAL THIS MO.     0
DPTR FM NORMAL     0    [PRESSURE DATA]
TOTAL FM JAN 1   681    HIGHEST SLP M ON M
DPTR FM NORMAL   -32    LOWEST  SLP M ON M

[REMARKS]
