000
CXUS55 KRIW 010945
CF6JAC
PRELIMINARY LOCAL CLIMATOLOGICAL DATA (WS FORM: F-6)

                                          STATION:   JACKSON  WY
                                          MONTH:     JULY
                                          YEAR:      2015
                                          LATITUDE:   43 35 N
                                          LONGITUDE: 110 44 W

  TEMPERATURE IN F:       :PCPN:    SNOW:  WIND      :SUNSHINE: SKY     :PK WND
================================================================================
1   2   3   4   5  6A  6B    7    8   9   10  11  12  13   14  15   16   17  18
                                     12Z  AVG MX 2MIN
DY MAX MIN AVG DEP HDD CDD  WTR  SNW DPTH SPD SPD DIR MIN PSBL S-S WX    SPD DR
================================================================================

 1  86  48  67   8   0   2    M    M    M  4.0  8 240   M    M   2        17 240
 2  86  48  67   8   0   2 0.00  0.0    0  5.6 15 290   M    M   0        21 290
 3  86  45  66   6   0   1    M    M    M  3.5 13 210   M    M   2         M  M
 4  88  48  68   8   0   3    M    M    M  4.0  9 220   M    M   0         M  M
 5  70  54  62   2   3   0    M    M    M  5.1 13 210   M    M   6        18 180
 6  72  52  62   2   3   0    M    M    M  4.1 10  10   M    M   7         M  M
 7  75  45  60  -1   5   0    M    M    M  3.2 12  90   M    M   3 3       M  M
 8  63  52  58  -3   7   0    M    M    M  2.7 12  30   M    M   9         M  M
 9  66  52  59  -2   6   0    M    M    M  3.2 14  10   M    M   6 3       M  M
10  64  45  55  -6  10   0 0.33  0.0    0  3.8 12 180   M    M   5        12 220
11  73  39  56  -6   9   0 0.00  0.0    0  5.8 14 230   M    M   3        24 220
12  75  46  61  -1   4   0 0.00  0.0    0  6.8 17 200   M    M   4        24 200
13  79  45  62   0   3   0 0.00  0.0    0  5.0 12  10   M    M   2        23 260
14  77  39  58  -4   7   0 0.00  0.0    0  2.4  8 360   M    M   1         M  M
15  72  45  59  -3   6   0 0.03  0.0    0  5.2 12 160   M    M   6 3       M  M
16  75  41  58  -4   7   0    M    M    M  8.6 20 240   M    M   1        36 210
17  70  46  58  -4   7   0    M    M    M 10.8 17 200   M    M   3        24 170
18  63  46  55  -8  10   0    M    M    M  3.6 12 220   M    M   9 3      16 220
19  72  45  59  -4   6   0    M    M    M  1.2  8 360   M    M   6 1       M  M
20  70  39  55  -8  10   0    M    M    M  4.3 18 180   M    M   2        22 180
21  79  37  58  -5   7   0    M    M    M  3.3 12 240   M    M   2         M  M
22  79  43  61  -2   4   0    M    M    M  4.8 17 160   M    M   2 3      23 190
23  73  52  63   0   2   0    M    M    M  9.9 21 190   M    M   8        31 190
24  75  50  63   0   2   0    M    M    M  4.1 10  90   M    M   6 3      16 170
25  77  43  60  -3   5   0    M    M    M  3.0 12 180   M    M   2        20 180
26  82  43  63   0   2   0    M    M    M  5.0 14 200   M    M   1        17 200
27  70  41  56  -7   9   0 0.01  0.0    0  8.8 24 270   M    M   4        43 270
28  63  30  47 -16  18   0 0.00  0.0    0  2.2  9 280   M    M   2        20 330
29  75  32  54  -9  11   0 0.00  0.0    0  3.2  8 200   M    M   0         M  M
30  81  36  59  -4   6   0 0.00  0.0    0  2.7  8  10   M    M   0         M  M
31  82  43  63   0   2   0 0.00  0.0    0  3.3  9 270   M    M   0         M  M
================================================================================
SM 2318 1370       171   8  0.37     0.0 143.2          M      104
================================================================================
AV 74.8 44.2                               4.6 FASTST   M    M   3    MAX(MPH)
                                 MISC ---->    24   M                 43    M
================================================================================
NOTES:
# LAST OF SEVERAL OCCURRENCES

COLUMN 17 PEAK WIND IN M.P.H.

PRELIMINARY LOCAL CLIMATOLOGICAL DATA (WS FORM: F-6) , PAGE 2

                                          STATION:  JACKSON  WY
                                          MONTH:    JULY
                                          YEAR:     2015
                                          LATITUDE:   43 35 N
                                          LONGITUDE: 110 44 W

[TEMPERATURE DATA]      [PRECIPITATION DATA]       SYMBOLS USED IN COLUMN 16

AVERAGE MONTHLY: 59.5   TOTAL FOR MONTH:   0.37    1 = FOG OR MIST
DPTR FM NORMAL:  -2.3   DPTR FM NORMAL:   -0.92    2 = FOG REDUCING VISIBILITY
HIGHEST:    88 ON  4    GRTST 24HR  0.33 ON 10-10      TO 1/4 MILE OR LESS
LOWEST:     30 ON 28                               3 = THUNDER
                        SNOW, ICE PELLETS, HAIL    4 = ICE PELLETS
                        TOTAL MONTH:   0.0 INCH    5 = HAIL
                        GRTST 24HR     0.0         6 = FREEZING RAIN OR DRIZZLE
                        GRTST DEPTH:   0           7 = DUSTSTORM OR SANDSTORM:
                                                       VSBY 1/2 MILE OR LESS
                                                   8 = SMOKE OR HAZE
[NO. OF DAYS WITH]      [WEATHER - DAYS WITH]      9 = BLOWING SNOW
                                                   X = TORNADO
MAX 32 OR BELOW:   0    0.01 INCH OR MORE:   3
MAX 90 OR ABOVE:   0    0.10 INCH OR MORE:   1
MIN 32 OR BELOW:   2    0.50 INCH OR MORE:   0
MIN  0 OR BELOW:   0    1.00 INCH OR MORE:   0

[HDD (BASE 65) ]
TOTAL THIS MO.   171    CLEAR  (SCALE 0-3)  19
DPTR FM NORMAL    47    PTCLDY (SCALE 4-7)  10
TOTAL FM JUL 1   171    CLOUDY (SCALE 8-10)  2
DPTR FM NORMAL    47

[CDD (BASE 65) ]
TOTAL THIS MO.     8
DPTR FM NORMAL   -18    [PRESSURE DATA]
TOTAL FM JAN 1    20    HIGHEST SLP M ON M
DPTR FM NORMAL    -9    LOWEST  SLP M ON M

[REMARKS]
#FINAL-07-15#
