000
CXUS52 KJAX 290800
CF6JAX
PRELIMINARY LOCAL CLIMATOLOGICAL DATA (WS FORM: F-6)

                                          STATION:   JACKSONVILLE FL
                                          MONTH:     MARCH
                                          YEAR:      2017
                                          LATITUDE:   30 30 N
                                          LONGITUDE:  81 42 W

  TEMPERATURE IN F:       :PCPN:    SNOW:  WIND      :SUNSHINE: SKY     :PK WND
================================================================================
1   2   3   4   5  6A  6B    7    8   9   10  11  12  13   14  15   16   17  18
                                     12Z  AVG MX 2MIN
DY MAX MIN AVG DEP HDD CDD  WTR  SNW DPTH SPD SPD DIR MIN PSBL S-S WX    SPD DR
================================================================================

 1  88  65  77  18   0  12 0.00  0.0    0  9.7 20 260   M    M   6 1      26 250
 2  70  49  60   1   5   0 0.31  0.0    0  8.0 17 340   M    M   6 1      23 340
 3  67  42  55  -4  10   0 0.00  0.0    0  6.9 18  40   M    M   4        24  10
 4  69  39  54  -6  11   0 0.00  0.0    0  8.7 24  40   M    M   3        28  70
 5  72  42  57  -3   8   0 0.00  0.0    0  7.1 21 100   M    M   5        29  80
 6  74  50  62   2   3   0 0.00  0.0    0  9.0 21 130   M    M   7        28 120
 7  79  51  65   5   0   0 0.00  0.0    0  7.5 16 150   M    M   6        30 150
 8  81  61  71  11   0   6 0.00  0.0    0  6.3 17 310   M    M   8        24 250
 9  81  53  67   7   0   2 0.00  0.0    0  3.1 14  80   M    M   5 1      20  50
10  82  50  66   5   0   1 0.00  0.0    0  7.7 21 260   M    M   6        25 280
11  70  45  58  -3   7   0 0.00  0.0    0  7.9 22  30   M    M   5        26  30
12  66  53  60  -1   5   0 0.15  0.0    0 10.0 25  20   M    M  10 13     33  30
13  57  51  54  -7  11   0 0.60  0.0    0  7.5 20  40   M    M  10 1      26  20
14  58  42  50 -11  15   0    T    M    0 12.5 30 280   M    M   7 1      37 270
15  54  36  45 -17  20   0 0.00  0.0    0 10.4 18 280   M    M   0        25 360
16  60  28  44 -18  21   0 0.00  0.0    0  5.5 14 290   M    M   0        20 300
17  66  32  49 -13  16   0 0.00  0.0    0  4.5 13 130   M    M   1        18 100
18  79  39  59  -3   6   0 0.00  0.0    0  8.2 17 260   M    M   1        22 250
19  68  45  57  -5   8   0 0.00  0.0    0  8.5 21 350   M    M   1 1      26 330
20  74  39  57  -5   8   0 0.00  0.0    0  3.6 13 110   M    M   0        16 140
21  86  48  67   4   0   2 0.00  0.0    0  8.9 17 260   M    M   1 1      23 260
22  87  58  73  10   0   8 0.00  0.0    0 11.5 25  70   M    M   2 1      30  50
23  70  56  63   0   2   0    T  0.0    0 12.6 23  50   M    M   7        29  50
24  77  49  63   0   2   0 0.00  0.0    0  9.7 23 120   M    M   4 1       M  M
25  79  56  68   5   0   3 0.00  0.0    0  8.3 21 100   M    M   6        25 110
26  82  54  68   5   0   3 0.00  0.0    0  6.1 16 100   M    M   4        21 100
27  83  54  69   5   0   4 0.00  0.0    0  5.7 17 110   M    M   3 1      20 110
28  87  58  73   9   0   8 0.00  0.0    0  4.5 15 260   M    M   4        20 270
================================================================================
SM 2066 1345       158  49  1.06     0.0 219.9          M      122
================================================================================
AV 73.8 48.0                               7.9 FASTST   M    M   4    MAX(MPH)
                                 MISC ---->  # 30 280               # 37  270
================================================================================
NOTES:
# LAST OF SEVERAL OCCURRENCES

COLUMN 17 PEAK WIND IN M.P.H.

PRELIMINARY LOCAL CLIMATOLOGICAL DATA (WS FORM: F-6) , PAGE 2

                                          STATION:  JACKSONVILLE FL
                                          MONTH:    MARCH
                                          YEAR:     2017
                                          LATITUDE:   30 30 N
                                          LONGITUDE:  81 42 W

[TEMPERATURE DATA]      [PRECIPITATION DATA]       SYMBOLS USED IN COLUMN 16

AVERAGE MONTHLY: 60.9   TOTAL FOR MONTH:   1.06    1 = FOG OR MIST
DPTR FM NORMAL:  -0.5   DPTR FM NORMAL:   -2.53    2 = FOG REDUCING VISIBILITY
HIGHEST:    88 ON  1    GRTST 24HR  0.60 ON 13-13      TO 1/4 MILE OR LESS
LOWEST:     28 ON 16                               3 = THUNDER
                        SNOW, ICE PELLETS, HAIL    4 = ICE PELLETS
                        TOTAL MONTH:   0.0 INCH    5 = HAIL
                        GRTST 24HR     0.0         6 = FREEZING RAIN OR DRIZZLE
                        GRTST DEPTH:   0           7 = DUSTSTORM OR SANDSTORM:
                                                       VSBY 1/2 MILE OR LESS
                                                   8 = SMOKE OR HAZE
[NO. OF DAYS WITH]      [WEATHER - DAYS WITH]      9 = BLOWING SNOW
                                                   X = TORNADO
MAX 32 OR BELOW:   0    0.01 INCH OR MORE:   3
MAX 90 OR ABOVE:   0    0.10 INCH OR MORE:   3
MIN 32 OR BELOW:   2    0.50 INCH OR MORE:   1
MIN  0 OR BELOW:   0    1.00 INCH OR MORE:   0

[HDD (BASE 65) ]
TOTAL THIS MO.   158    CLEAR  (SCALE 0-3)   9
DPTR FM NORMAL    11    PTCLDY (SCALE 4-7)  17
TOTAL FM JUL 1   761    CLOUDY (SCALE 8-10)  2
DPTR FM NORMAL  -519

[CDD (BASE 65) ]
TOTAL THIS MO.    49
DPTR FM NORMAL     1    [PRESSURE DATA]
TOTAL FM JAN 1   121    HIGHEST SLP M ON M
DPTR FM NORMAL    44    LOWEST  SLP 29.74 ON 14

[REMARKS]
