000
CXUS52 KJAX 250800
CF6JAX
PRELIMINARY LOCAL CLIMATOLOGICAL DATA (WS FORM: F-6)

                                          STATION:   JACKSONVILLE FL
                                          MONTH:     MAY
                                          YEAR:      2015
                                          LATITUDE:   30 30 N
                                          LONGITUDE:  81 42 W

  TEMPERATURE IN F:       :PCPN:    SNOW:  WIND      :SUNSHINE: SKY     :PK WND
================================================================================
1   2   3   4   5  6A  6B    7    8   9   10  11  12  13   14  15   16   17  18
                                     12Z  AVG MX 2MIN
DY MAX MIN AVG DEP HDD CDD  WTR  SNW DPTH SPD SPD DIR MIN PSBL S-S WX    SPD DR
================================================================================

 1  78  53  66  -4   0   1 0.00  0.0    0  8.1 21 290   M    M   0        27 280
 2  77  49  63  -7   2   0 0.00  0.0    0  5.2 15  50   M    M   1        19  50
 3  81  51  66  -5   0   1 0.00  0.0    0  5.1 16  90   M    M   2        21 130
 4  80  54  67  -4   0   2 0.00  0.0    0  7.0 20  80   M    M   4        25  70
 5  80  59  70  -1   0   5 0.00  0.0    0 10.4 23  60   M    M   6        30  60
 6  80  61  71  -1   0   6    T  0.0    0 10.0 22  50   M    M   7 1      26  60
 7  86  59  73   1   0   8    T  0.0    0  8.4 18  40   M    M   3 18     23  40
 8  87  64  76   4   0  11    T  0.0    0  7.4 15 340   M    M   5        21 330
 9  89  62  76   4   0  11 0.00  0.0    0  4.2 12  70   M    M   4        19 330
10  92  63  78   5   0  13 0.00  0.0    0  5.3 15 120   M    M   3        19 120
11  92  67  80   7   0  15 0.00  0.0    0  6.9 20 140   M    M   4 3      24 140
12  92  67  80   7   0  15 0.00  0.0    0  3.7 18 180   M    M   5 13     23 170
13  92  67  80   7   0  15 0.00  0.0    0  4.7 16 100   M    M   6 3      21  70
14  85  67  76   2   0  11 0.00  0.0    0 10.2 22  70   M    M   8 12     28  80
15  81  70  76   2   0  11 0.00  0.0    0 10.9 20  70   M    M   8        23  70
16  82  60  71  -3   0   6 0.00  0.0    0  6.7 17  80   M    M   3        25  70
17  86  63  75   1   0  10 0.00  0.0    0  7.0 18 120   M    M   4        23 120
18  87  65  76   1   0  11 0.00  0.0    0  4.9 15 120   M    M   3 1      20 120
19  93  69  81   6   0  16 0.14  0.0    0  4.6 24 350   M    M   6 13     31 350
20  92  67  80   5   0  15 0.00  0.0    0  5.6 20 180   M    M   5 1      24 170
21  94  69  82   7   0  17 0.00  0.0    0  7.5 20 260   M    M   4 1      23 250
22  86  64  75  -1   0  10 0.00  0.0    0  8.0 16  80   M    M   3 1       M  M
23  83  63  73  -3   0   8 0.00  0.0    0 10.4 20  50   M    M   4 8      24  80
24  84  70  77   1   0  12    T  0.0    0 12.2 21  70   M    M   4        25  80
================================================================================
SM 2059 1503         2 230  0.14     0.0 174.4          M      102
================================================================================
AV 85.8 62.6                               7.3 FASTST   M    M   4    MAX(MPH)
                                 MISC ---->  # 24 350               # 31  350
================================================================================
NOTES:
# LAST OF SEVERAL OCCURRENCES

COLUMN 17 PEAK WIND IN M.P.H.

PRELIMINARY LOCAL CLIMATOLOGICAL DATA (WS FORM: F-6) , PAGE 2

                                          STATION:  JACKSONVILLE FL
                                          MONTH:    MAY
                                          YEAR:     2015
                                          LATITUDE:   30 30 N
                                          LONGITUDE:  81 42 W

[TEMPERATURE DATA]      [PRECIPITATION DATA]       SYMBOLS USED IN COLUMN 16

AVERAGE MONTHLY: 74.2   TOTAL FOR MONTH:   0.14    1 = FOG OR MIST
DPTR FM NORMAL:   1.0   DPTR FM NORMAL:   -1.57    2 = FOG REDUCING VISIBILITY
HIGHEST:    94 ON 21    GRTST 24HR  0.14 ON 19-19      TO 1/4 MILE OR LESS
LOWEST:     49 ON  2                               3 = THUNDER
                        SNOW, ICE PELLETS, HAIL    4 = ICE PELLETS
                        TOTAL MONTH:   0.0 INCH    5 = HAIL
                        GRTST 24HR     0.0         6 = FREEZING RAIN OR DRIZZLE
                        GRTST DEPTH:   0           7 = DUSTSTORM OR SANDSTORM:
                                                       VSBY 1/2 MILE OR LESS
                                                   8 = SMOKE OR HAZE
[NO. OF DAYS WITH]      [WEATHER - DAYS WITH]      9 = BLOWING SNOW
                                                   X = TORNADO
MAX 32 OR BELOW:   0    0.01 INCH OR MORE:   1
MAX 90 OR ABOVE:   7    0.10 INCH OR MORE:   1
MIN 32 OR BELOW:   0    0.50 INCH OR MORE:   0
MIN  0 OR BELOW:   0    1.00 INCH OR MORE:   0

[HDD (BASE 65) ]
TOTAL THIS MO.     2    CLEAR  (SCALE 0-3)   5
DPTR FM NORMAL    -1    PTCLDY (SCALE 4-7)  18
TOTAL FM JUL 1  1337    CLOUDY (SCALE 8-10)  1
DPTR FM NORMAL   -10

[CDD (BASE 65) ]
TOTAL THIS MO.   230
DPTR FM NORMAL    26    [PRESSURE DATA]
TOTAL FM JAN 1   566    HIGHEST SLP M ON M
DPTR FM NORMAL   166    LOWEST  SLP 29.84 ON  1

[REMARKS]
