000
CXUS52 KJAX 250800
CF6JAX
PRELIMINARY LOCAL CLIMATOLOGICAL DATA (WS FORM: F-6)

                                          STATION:   JACKSONVILLE FL
                                          MONTH:     JULY
                                          YEAR:      2016
                                          LATITUDE:   30 30 N
                                          LONGITUDE:  81 42 W

  TEMPERATURE IN F:       :PCPN:    SNOW:  WIND      :SUNSHINE: SKY     :PK WND
================================================================================
1   2   3   4   5  6A  6B    7    8   9   10  11  12  13   14  15   16   17  18
                                     12Z  AVG MX 2MIN
DY MAX MIN AVG DEP HDD CDD  WTR  SNW DPTH SPD SPD DIR MIN PSBL S-S WX    SPD DR
================================================================================

 1  91  73  82   0   0  17 0.06  0.0    0  7.1 25 250   M    M   7 13     36 260
 2  88  74  81  -1   0  16 0.99  0.0    0  6.4 22 220   M    M   6 13     27 210
 3  94  76  85   3   0  20 0.03  0.0    0  5.7 29 200   M    M   5 13     42 190
 4  97  73  85   3   0  20 0.00  0.0    0  7.0 16 220   M    M   3 13     22 230
 5  96  74  85   3   0  20 0.00  0.0    0  6.8 15 240   M    M   3 13     21 250
 6  97  75  86   4   0  21 0.00  0.0    0  6.9 16 240   M    M   2 1      21 240
 7  98  72  85   3   0  20 0.00  0.0    0  6.4 18 240   M    M   2        23 260
 8  99  74  87   5   0  22 0.00  0.0    0  8.2 17 240   M    M   3        24 250
 9 100  76  88   6   0  23 0.00  0.0    0  7.8 18 150   M    M   3 3      23 150
10  99  75  87   5   0  22 0.00  0.0    0  7.1 15 220   M    M   4        20 220
11  99  74  87   5   0  22 0.49  0.0    0  6.1 18 140   M    M   4 13     22 120
12  95  73  84   2   0  19    T  0.0    0  5.1 24  90   M    M   6 3      33 100
13  95  70  83   1   0  18 0.00  0.0    0  4.5 15 130   M    M   6 13     19 130
14  97  74  86   4   0  21 0.03  0.0    0  3.2 13 360   M    M   6 3      15  60
15  94  71  83   1   0  18 0.04  0.0    0  4.1 26 280   M    M   7 3      32 270
16  93  71  82   0   0  17 0.00  0.0    0  3.5 17 150   M    M   7 13     21 140
17  95  73  84   2   0  19 0.00  0.0    0  5.2 18 120   M    M   7 3      23 110
18  91  72  82   0   0  17    T  0.0    0  3.5 14  40   M    M   7 3      19  20
19  94  72  83   1   0  18 0.00  0.0    0  5.2 16 140   M    M   4 1      21  80
20  96  72  84   2   0  19 0.00  0.0    0  4.1 14 110   M    M   7        19 110
21  95  72  84   2   0  19 0.00  0.0    0  5.1 16 120   M    M   4        22  90
22  94  72  83   0   0  18 0.00  0.0    0  5.1 16 100   M    M   6        21  90
23  96  69  83   0   0  18 0.00  0.0    0  5.1 16 100   M    M   4 3      23 100
24  97  71  84   1   0  19 0.00  0.0    0  6.2 17 140   M    M   4        22 150
================================================================================
SM 2290 1748         0 463  1.64     0.0 135.4          M      117
================================================================================
AV 95.4 72.8                               5.6 FASTST   M    M   5    MAX(MPH)
                                 MISC ---->  # 29 200               # 42  190
================================================================================
NOTES:
# LAST OF SEVERAL OCCURRENCES

COLUMN 17 PEAK WIND IN M.P.H.

PRELIMINARY LOCAL CLIMATOLOGICAL DATA (WS FORM: F-6) , PAGE 2

                                          STATION:  JACKSONVILLE FL
                                          MONTH:    JULY
                                          YEAR:     2016
                                          LATITUDE:   30 30 N
                                          LONGITUDE:  81 42 W

[TEMPERATURE DATA]      [PRECIPITATION DATA]       SYMBOLS USED IN COLUMN 16

AVERAGE MONTHLY: 84.1   TOTAL FOR MONTH:   1.64    1 = FOG OR MIST
DPTR FM NORMAL:   2.0   DPTR FM NORMAL:   -3.46    2 = FOG REDUCING VISIBILITY
HIGHEST:   100 ON  9    GRTST 24HR  1.05 ON  1- 2      TO 1/4 MILE OR LESS
LOWEST:     69 ON 23                               3 = THUNDER
                        SNOW, ICE PELLETS, HAIL    4 = ICE PELLETS
                        TOTAL MONTH:   0.0 INCH    5 = HAIL
                        GRTST 24HR     0.0         6 = FREEZING RAIN OR DRIZZLE
                        GRTST DEPTH:   0           7 = DUSTSTORM OR SANDSTORM:
                                                       VSBY 1/2 MILE OR LESS
                                                   8 = SMOKE OR HAZE
[NO. OF DAYS WITH]      [WEATHER - DAYS WITH]      9 = BLOWING SNOW
                                                   X = TORNADO
MAX 32 OR BELOW:   0    0.01 INCH OR MORE:   6
MAX 90 OR ABOVE:  23    0.10 INCH OR MORE:   2
MIN 32 OR BELOW:   0    0.50 INCH OR MORE:   1
MIN  0 OR BELOW:   0    1.00 INCH OR MORE:   0

[HDD (BASE 65) ]
TOTAL THIS MO.     0    CLEAR  (SCALE 0-3)   4
DPTR FM NORMAL     0    PTCLDY (SCALE 4-7)  20
TOTAL FM JUL 1     0    CLOUDY (SCALE 8-10)  0
DPTR FM NORMAL     0

[CDD (BASE 65) ]
TOTAL THIS MO.   463
DPTR FM NORMAL    49    [PRESSURE DATA]
TOTAL FM JAN 1  1529    HIGHEST SLP M ON M
DPTR FM NORMAL   182    LOWEST  SLP 29.96 ON M

[REMARKS]
