000
CXUS54 KMEG 250640
CF6JBR
PRELIMINARY LOCAL CLIMATOLOGICAL DATA (WS FORM: F-6)

                                          STATION:   JONESBORO
                                          MONTH:     MAY
                                          YEAR:      2016
                                          LATITUDE:   35 49 N
                                          LONGITUDE:  90 39 W

  TEMPERATURE IN F:       :PCPN:    SNOW:  WIND      :SUNSHINE: SKY     :PK WND
================================================================================
1   2   3   4   5  6A  6B    7    8   9   10  11  12  13   14  15   16   17  18
                                     12Z  AVG MX 2MIN
DY MAX MIN AVG DEP HDD CDD  WTR  SNW DPTH SPD SPD DIR MIN PSBL S-S WX    SPD DR
================================================================================

 1  79  61  70   5   0   5 0.00  0.0    0  5.6 13 300   M    M   3 3      17 270
 2  69  57  63  -2   2   0 0.02  0.0    0  7.5 20  90   M    M   7 3      23  80
 3  68  52  60  -5   5   0 0.00  0.0    0  5.0 13 310   M    M   6        16 330
 4  78  50  64  -2   1   0 0.00  0.0    0  9.7 22 330   M    M   1        31 280
 5  73  50  62  -4   3   0 0.00  0.0    0  9.1 18 350   M    M   0        26 320
 6  76  48  62  -4   3   0 0.00  0.0    0  4.9 12 260   M    M   0        16 320
 7  86  58  72   6   0   7 0.00  0.0    0 11.1 22 230   M    M   0        28 230
 8  82  62  72   5   0   7 0.00  0.0    0 11.1 23 210   M    M   1        30 180
 9  76  67  72   5   0   7 0.03  0.0    0 14.0 25 190   M    M   7        31 170
10  83  62  73   6   0   8 0.18  0.0    0 10.3 30 200   M    M   6 13     52 240
11  89  72  81  13   0  16 0.00  0.0    0 11.5 24 210   M    M   1        29 220
12  78  61  70   2   0   5 1.12  0.0    0  5.6 20 270   M    M   4 13     25 280
13  78  51  65  -3   0   0 0.00  0.0    0  5.1 14 240   M    M   0        18 260
14  66  54  60  -8   5   0 0.00  0.0    0  8.1 20 360   M    M   2        30  10
15  69  50  60  -9   5   0 0.00  0.0    0  5.8 15  70   M    M   2        22  40
16  70  59  65  -4   0   0 0.01  0.0    0  9.2 17 140   M    M  10        28 170
17  76  55  66  -3   0   1 0.04  0.0    0  9.6 16  20   M    M   9 1      23  10
18  69  53  61  -9   4   0 0.00  0.0    0 10.4 21  60   M    M   8        25  50
19  77  53  65  -5   0   0 0.09  0.0    0 10.6 21  60   M    M   1 8      25  60
20  73  56  65  -5   0   0 0.29  0.0    0  5.8 13  40   M    M   7 1      17  10
21  78  58  68  -3   0   3 0.00  0.0    0  6.0 14 330   M    M   1        17 330
22  83  56  70  -1   0   5 0.00  0.0    0  4.5 15  60   M    M   0        20  80
23  85  53  69  -2   0   4 0.00  0.0    0  5.0 15 200   M    M   0        20 200
24  85  64  75   3   0  10 6.19  0.0    0  7.2 29 320   M    M   5 138    37 320
================================================================================
SM 1846 1362        28  78  7.97     0.0 192.7          M       81
================================================================================
AV 76.9 56.8                               8.0 FASTST   M    M   3    MAX(MPH)
                                 MISC ---->  # 30 200               # 52  240
================================================================================
NOTES:
# LAST OF SEVERAL OCCURRENCES

COLUMN 17 PEAK WIND IN M.P.H.

PRELIMINARY LOCAL CLIMATOLOGICAL DATA (WS FORM: F-6) , PAGE 2

                                          STATION:  JONESBORO
                                          MONTH:    MAY
                                          YEAR:     2016
                                          LATITUDE:   35 49 N
                                          LONGITUDE:  90 39 W

[TEMPERATURE DATA]      [PRECIPITATION DATA]       SYMBOLS USED IN COLUMN 16

AVERAGE MONTHLY: 66.8   TOTAL FOR MONTH:   7.97    1 = FOG OR MIST
DPTR FM NORMAL:  -1.3   DPTR FM NORMAL:    4.08    2 = FOG REDUCING VISIBILITY
HIGHEST:    89 ON 11    GRTST 24HR  6.19 ON 23-24      TO 1/4 MILE OR LESS
LOWEST:     48 ON  6                               3 = THUNDER
                        SNOW, ICE PELLETS, HAIL    4 = ICE PELLETS
                        TOTAL MONTH:   0.0 INCH    5 = HAIL
                        GRTST 24HR     0.0         6 = FREEZING RAIN OR DRIZZLE
                        GRTST DEPTH:   0           7 = DUSTSTORM OR SANDSTORM:
                                                       VSBY 1/2 MILE OR LESS
                                                   8 = SMOKE OR HAZE
[NO. OF DAYS WITH]      [WEATHER - DAYS WITH]      9 = BLOWING SNOW
                                                   X = TORNADO
MAX 32 OR BELOW:   0    0.01 INCH OR MORE:   9
MAX 90 OR ABOVE:   0    0.10 INCH OR MORE:   4
MIN 32 OR BELOW:   0    0.50 INCH OR MORE:   2
MIN  0 OR BELOW:   0    1.00 INCH OR MORE:   2

[HDD (BASE 65) ]
TOTAL THIS MO.    28    CLEAR  (SCALE 0-3)  14
DPTR FM NORMAL    -7    PTCLDY (SCALE 4-7)   8
TOTAL FM JUL 1  2983    CLOUDY (SCALE 8-10)  2
DPTR FM NORMAL  -667

[CDD (BASE 65) ]
TOTAL THIS MO.    78
DPTR FM NORMAL   -30    [PRESSURE DATA]
TOTAL FM JAN 1   128    HIGHEST SLP M ON M
DPTR FM NORMAL   -27    LOWEST  SLP 29.75 ON  4

[REMARKS]
