000
CXUS54 KMEG 270635
CF6JBR
PRELIMINARY LOCAL CLIMATOLOGICAL DATA (WS FORM: F-6)

                                          STATION:   JONESBORO
                                          MONTH:     AUGUST
                                          YEAR:      2016
                                          LATITUDE:   35 49 N
                                          LONGITUDE:  90 39 W

  TEMPERATURE IN F:       :PCPN:    SNOW:  WIND      :SUNSHINE: SKY     :PK WND
================================================================================
1   2   3   4   5  6A  6B    7    8   9   10  11  12  13   14  15   16   17  18
                                     12Z  AVG MX 2MIN
DY MAX MIN AVG DEP HDD CDD  WTR  SNW DPTH SPD SPD DIR MIN PSBL S-S WX    SPD DR
================================================================================

 1  94  73  84   3   0  19 0.43  0.0    0  4.3 18 160   M    M   1 13     25  90
 2  95  76  86   5   0  21    T  0.0    0  3.9 10 340   M    M   1        18  60
 3  92  76  84   3   0  19    T  0.0    0  3.9 14  30   M    M   1        23  30
 4  97  75  86   5   0  21 0.00  0.0    0  4.2 18 230   M    M   0 3      22 230
 5  94  75  85   4   0  20 0.00  0.0    0  3.3 12  50   M    M   0        17 210
 6  89  73  81   0   0  16    T  0.0    0  5.1 17 310   M    M   3        25 310
 7  89  73  81   0   0  16    T  0.0    0  5.5 13  50   M    M   5        16  30
 8  90  73  82   1   0  17 0.00  0.0    0  5.1 15 230   M    M   2        22 350
 9  93  72  83   2   0  18 0.00  0.0    0  4.0 10  70   M    M   1        17  70
10  96  74  85   4   0  20    T  0.0    0  4.6 13  90   M    M   1        15  90
11  95  76  86   5   0  21 0.00  0.0    0  5.5 13 110   M    M   1        17 100
12  93  75  84   4   0  19    T  0.0    0  5.4 15 120   M    M   4        20 180
13  89  75  82   2   0  17 0.22  0.0    0  8.4 18 190   M    M   9 1      27 240
14  82  73  78  -2   0  13 0.94  0.0    0  7.9 20 150   M    M   8 1      23 160
15  83  74  79  -1   0  14 0.31  0.0    0  9.8 20 240   M    M   9 1      25 230
16  76  70  73  -7   0   8 0.99  0.0    0  4.3 12 210   M    M  10 1      15 220
17  80  74  77  -3   0  12 0.03  0.0    0  7.8 17 200   M    M   7 1       M 190
18  77  73  75  -5   0  10 0.46  0.0    0  4.4 12 210   M    M   7 1      14 200
19  85  73  79  -1   0  14 0.95  0.0    0  8.9 15 200   M    M   8 13     19 230
20  82  74  78  -2   0  13 0.63  0.0    0 10.6 21 230   M    M   6 1      27 240
21  82  64  73  -7   0   8 0.01  0.0    0  4.5 12 360   M    M   4        16 320
22  84  61  73  -6   0   8 0.00  0.0    0  3.5 14 110   M    M   1        17 110
23  88  69  79   0   0  14 0.22  0.0    0  4.8 16 230   M    M   4 1      19 230
24  91  72  82   3   0  17 0.00  0.0    0  8.9 20 200   M    M   0        25 220
25  93  73  83   4   0  18    T  0.0    0  4.1 12 130   M    M   0        16 270
26  91  72  82   3   0  17 0.01  0.0    0  5.0 20 110   M    M   2 13     25 110
================================================================================
SM 2300 1888         0 410  5.20     0.0 147.7          M       95
================================================================================
AV 88.5 72.6                               5.7 FASTST   M    M   4    MAX(MPH)
                                 MISC ---->  # 21 230               # 27  240
================================================================================
NOTES:
# LAST OF SEVERAL OCCURRENCES

COLUMN 17 PEAK WIND IN M.P.H.

PRELIMINARY LOCAL CLIMATOLOGICAL DATA (WS FORM: F-6) , PAGE 2

                                          STATION:  JONESBORO
                                          MONTH:    AUGUST
                                          YEAR:     2016
                                          LATITUDE:   35 49 N
                                          LONGITUDE:  90 39 W

[TEMPERATURE DATA]      [PRECIPITATION DATA]       SYMBOLS USED IN COLUMN 16

AVERAGE MONTHLY: 80.5   TOTAL FOR MONTH:   5.20    1 = FOG OR MIST
DPTR FM NORMAL:   0.3   DPTR FM NORMAL:    3.09    2 = FOG REDUCING VISIBILITY
HIGHEST:    97 ON  4    GRTST 24HR  1.39 ON 18-19      TO 1/4 MILE OR LESS
LOWEST:     61 ON 22                               3 = THUNDER
                        SNOW, ICE PELLETS, HAIL    4 = ICE PELLETS
                        TOTAL MONTH:   0.0 INCH    5 = HAIL
                        GRTST 24HR     0.0         6 = FREEZING RAIN OR DRIZZLE
                        GRTST DEPTH:   0           7 = DUSTSTORM OR SANDSTORM:
                                                       VSBY 1/2 MILE OR LESS
                                                   8 = SMOKE OR HAZE
[NO. OF DAYS WITH]      [WEATHER - DAYS WITH]      9 = BLOWING SNOW
                                                   X = TORNADO
MAX 32 OR BELOW:   0    0.01 INCH OR MORE:  12
MAX 90 OR ABOVE:  13    0.10 INCH OR MORE:   9
MIN 32 OR BELOW:   0    0.50 INCH OR MORE:   4
MIN  0 OR BELOW:   0    1.00 INCH OR MORE:   0

[HDD (BASE 65) ]
TOTAL THIS MO.     0    CLEAR  (SCALE 0-3)  14
DPTR FM NORMAL     0    PTCLDY (SCALE 4-7)   9
TOTAL FM JUL 1     0    CLOUDY (SCALE 8-10)  3
DPTR FM NORMAL     0

[CDD (BASE 65) ]
TOTAL THIS MO.   410
DPTR FM NORMAL    14    [PRESSURE DATA]
TOTAL FM JAN 1  1662    HIGHEST SLP M ON M
DPTR FM NORMAL   179    LOWEST  SLP 29.76 ON 12

[REMARKS]
