000
CXUS54 KMEG 250623
CF6JBR
PRELIMINARY LOCAL CLIMATOLOGICAL DATA (WS FORM: F-6)

                                          STATION:   JONESBORO
                                          MONTH:     OCTOBER
                                          YEAR:      2014
                                          LATITUDE:   35 49 N
                                          LONGITUDE:  90 39 W

  TEMPERATURE IN F:       :PCPN:    SNOW:  WIND      :SUNSHINE: SKY     :PK WND
================================================================================
1   2   3   4   5  6A  6B    7    8   9   10  11  12  13   14  15   16   17  18
                                     12Z  AVG MX 2MIN
DY MAX MIN AVG DEP HDD CDD  WTR  SNW DPTH SPD SPD DIR MIN PSBL S-S WX    SPD DR
================================================================================

 1  91  60  76  10   0  11 0.00  0.0    0  6.5 25 180   M    M   2        31 180
 2  88  64  76  10   0  11 0.77  0.0    0  9.3 31 170   M    M   5 3      38 160
 3  74  49  62  -3   3   0 0.01  0.0    0 10.4 23 290   M    M   4        32 280
 4  65  43  54 -11  11   0 0.00  0.0    0  8.5 21 280   M    M   0        29 280
 5  80  42  61  -4   4   0 0.00  0.0    0  9.7 23 230   M    M   2        29 230
 6  80  60  70   6   0   5 0.01  0.0    0 12.3 28 220   M    M   3 3      33 220
 7  84  63  74  10   0   9 1.11  0.0    0  9.1 25 260   M    M   4 3      30 270
 8  82  64  73   9   0   8 0.00  0.0    0  4.7 14 230   M    M   1         M  M
 9  85  65  75  12   0  10 0.09  0.0    0  6.1 18 240   M    M   2 3      23 340
10  68  57  63   0   2   0 0.26  0.0    0  6.6 20  60   M    M   8 3      22  60
11  57  53  55  -8  10   0 0.11  0.0    0  8.2 15  70   M    M  10        18  60
12  71  56  64   2   1   0 0.27  0.0    0  5.6 13 170   M    M  10        17 160
13  74  61  68   6   0   3 0.85  0.0    0 14.5 29 230   M    M   8 3      41 180
14  62  57  60  -2   5   0 0.09  0.0    0 11.9 23 260   M    M  10        31 210
15  69  55  62   0   3   0 0.00  0.0    0  9.4 21 290   M    M   5        26 240
16  74  48  61   0   4   0 0.00  0.0    0  5.4 15 210   M    M   0        22 210
17  80  53  67   6   0   2 0.00  0.0    0  6.3 15 260   M    M   0        17 270
18  68  48  58  -3   7   0 0.00  0.0    0  5.6 14 340   M    M   0        20  40
19  66  45  56  -4   9   0 0.00  0.0    0  2.8  9  50   M    M   0        14  50
20  75  48  62   2   3   0 0.00  0.0    0  5.9 15 230   M    M   2        20 230
21  76  50  63   3   2   0 0.00  0.0    0  3.5 10  50   M    M   0        17  60
22  67  46  57  -2   8   0 0.00  0.0    0  6.9 15  60   M    M   0        18  70
23  60  42  51  -8  14   0 0.00  0.0    0  1.7  5 330   M    M   1         7 340
24  74  43  59   0   6   0 0.00  0.0    0  2.8 15 350   M    M   2        23  30
================================================================================
SM 1770 1272        92  59  3.57     0.0 173.7          M       79
================================================================================
AV 73.8 53.0                               7.2 FASTST   M    M   3    MAX(MPH)
                                 MISC ---->  # 31 170               # 41  180
================================================================================
NOTES:
# LAST OF SEVERAL OCCURRENCES

COLUMN 17 PEAK WIND IN M.P.H.

PRELIMINARY LOCAL CLIMATOLOGICAL DATA (WS FORM: F-6) , PAGE 2

                                          STATION:  JONESBORO
                                          MONTH:    OCTOBER
                                          YEAR:     2014
                                          LATITUDE:   35 49 N
                                          LONGITUDE:  90 39 W

[TEMPERATURE DATA]      [PRECIPITATION DATA]       SYMBOLS USED IN COLUMN 16

AVERAGE MONTHLY: 63.4   TOTAL FOR MONTH:   3.57    1 = FOG OR MIST
DPTR FM NORMAL:   1.0   DPTR FM NORMAL:    0.17    2 = FOG REDUCING VISIBILITY
HIGHEST:    91 ON  1    GRTST 24HR  1.11 ON  7- 7      TO 1/4 MILE OR LESS
LOWEST:     42 ON 23, 5                            3 = THUNDER
                        SNOW, ICE PELLETS, HAIL    4 = ICE PELLETS
                        TOTAL MONTH:   0.0 INCH    5 = HAIL
                        GRTST 24HR     0.0         6 = FREEZING RAIN OR DRIZZLE
                        GRTST DEPTH:   0           7 = DUSTSTORM OR SANDSTORM:
                                                       VSBY 1/2 MILE OR LESS
                                                   8 = SMOKE OR HAZE
[NO. OF DAYS WITH]      [WEATHER - DAYS WITH]      9 = BLOWING SNOW
                                                   X = TORNADO
MAX 32 OR BELOW:   0    0.01 INCH OR MORE:  10
MAX 90 OR ABOVE:   1    0.10 INCH OR MORE:   6
MIN 32 OR BELOW:   0    0.50 INCH OR MORE:   3
MIN  0 OR BELOW:   0    1.00 INCH OR MORE:   1

[HDD (BASE 65) ]
TOTAL THIS MO.    92    CLEAR  (SCALE 0-3)  14
DPTR FM NORMAL   -19    PTCLDY (SCALE 4-7)   6
TOTAL FM JUL 1   101    CLOUDY (SCALE 8-10)  4
DPTR FM NORMAL   -28

[CDD (BASE 65) ]
TOTAL THIS MO.    59
DPTR FM NORMAL    13    [PRESSURE DATA]
TOTAL FM JAN 1  1779    HIGHEST SLP M ON M
DPTR FM NORMAL   -38    LOWEST  SLP 29.62 ON M

[REMARKS]
