000
CXUS54 KSJT 271210
CF6JCT
PRELIMINARY LOCAL CLIMATOLOGICAL DATA (WS FORM: F-6)

                                          STATION:   JUNCTION
                                          MONTH:     JULY
                                          YEAR:      2017
                                          LATITUDE:   30 18 N
                                          LONGITUDE:  99 28 W

  TEMPERATURE IN F:       :PCPN:    SNOW:  WIND      :SUNSHINE: SKY     :PK WND
================================================================================
1   2   3   4   5  6A  6B    7    8   9   10  11  12  13   14  15   16   17  18
                                     12Z  AVG MX 2MIN
DY MAX MIN AVG DEP HDD CDD  WTR  SNW DPTH SPD SPD DIR MIN PSBL S-S WX    SPD DR
================================================================================

 1  95  70  83   2   0  18 0.06  0.0    0 12.2 28  10   M    M   5 13     34 360
 2  96  74  85   3   0  20 0.00  0.0    0  8.6 21 170   M    M   2        27 160
 3  98  75  87   5   0  22 0.00  0.0    0  8.8 18 170   M    M   0        25 140
 4  98  77  88   6   0  23 0.00  0.0    0  8.7 20 170   M    M   4        24 170
 5  96  72  84   2   0  19 0.18  0.0    0  8.0 24 140   M    M   3 13     31 170
 6  92  69  81  -1   0  16 0.00  0.0    0  4.7 16 100   M    M   3        19 100
 7  96  71  84   2   0  19 0.55  0.0    0  2.9 37 100   M    M   2 3      46 110
 8  96  66  81  -1   0  16 0.00  0.0    0  2.9 13 100   M    M   1 13     17 100
 9  94  70  82   0   0  17 0.01  0.0    0  4.7 24  70   M    M   2 13     29  70
10  96  66  81  -1   0  16 0.00  0.0    0  7.0 18 160   M    M   0        24 140
11  96  73  85   3   0  20 0.00  0.0    0 10.9 20 150   M    M   0        26 170
12  92  75  84   2   0  19 0.00  0.0    0 10.4 24 170   M    M   0        30 170
13  94  76  85   3   0  20 0.31  0.0    0  7.1 41 150   M    M   1 38     54 140
14  97  71  84   2   0  19 0.00  0.0    0  3.5 15 120   M    M   0        18 100
15 100  68  84   2   0  19 0.47  0.0    0  3.9 28 110   M    M   2 1      39 110
16  97  70  84   2   0  19 0.01  0.0    0  3.6 15 330   M    M   2        22  70
17  96  70  83   1   0  18 0.94  0.0    0  2.5 24  20   M    M   2 128    29  20
18  94  71  83   1   0  18 0.00  0.0    0  5.5 17 160   M    M   1        23 160
19  95  73  84   1   0  19 0.00  0.0    0  6.3 16 160   M    M   1        23 160
20  98  75  87   4   0  22 0.00  0.0    0  5.4 16 150   M    M   0        23 130
21  99  76  88   5   0  23 0.00  0.0    0  6.2 16 150   M    M   1        24 150
22 101  76  89   6   0  24 0.00  0.0    0  6.5 16 100   M    M   2        20 140
23 101  72  87   4   0  22 0.03  0.0    0  5.2 25 100   M    M   2        34  40
24  96  69  83   0   0  18 0.02  0.0    0  3.4 18 100   M    M   2 8      24 110
25  96  72  84   1   0  19 0.00  0.0    0  8.1 20 160   M    M   1 8      27 160
26  98  75  87   4   0  22 0.00  0.0    0  9.0 21 160   M    M   0        28 150
================================================================================
SM 2507 1872         0 507  2.58     0.0 166.0          M       39
================================================================================
AV 96.4 72.0                               6.4 FASTST   M    M   2    MAX(MPH)
                                 MISC ---->  # 41 150               # 54  140
================================================================================
NOTES:
# LAST OF SEVERAL OCCURRENCES

COLUMN 17 PEAK WIND IN M.P.H.

PRELIMINARY LOCAL CLIMATOLOGICAL DATA (WS FORM: F-6) , PAGE 2

                                          STATION:  JUNCTION
                                          MONTH:    JULY
                                          YEAR:     2017
                                          LATITUDE:   30 18 N
                                          LONGITUDE:  99 28 W

[TEMPERATURE DATA]      [PRECIPITATION DATA]       SYMBOLS USED IN COLUMN 16

AVERAGE MONTHLY: 84.2   TOTAL FOR MONTH:   2.58    1 = FOG OR MIST
DPTR FM NORMAL:   1.9   DPTR FM NORMAL:    0.88    2 = FOG REDUCING VISIBILITY
HIGHEST:   101 ON 23,22 GRTST 24HR  0.94 ON 16-17      TO 1/4 MILE OR LESS
LOWEST:     66 ON 10, 8                            3 = THUNDER
                        SNOW, ICE PELLETS, HAIL    4 = ICE PELLETS
                        TOTAL MONTH:   0.0 INCH    5 = HAIL
                        GRTST 24HR     0.0         6 = FREEZING RAIN OR DRIZZLE
                        GRTST DEPTH:   0           7 = DUSTSTORM OR SANDSTORM:
                                                       VSBY 1/2 MILE OR LESS
                                                   8 = SMOKE OR HAZE
[NO. OF DAYS WITH]      [WEATHER - DAYS WITH]      9 = BLOWING SNOW
                                                   X = TORNADO
MAX 32 OR BELOW:   0    0.01 INCH OR MORE:  10
MAX 90 OR ABOVE:  26    0.10 INCH OR MORE:   5
MIN 32 OR BELOW:   0    0.50 INCH OR MORE:   2
MIN  0 OR BELOW:   0    1.00 INCH OR MORE:   0

[HDD (BASE 65) ]
TOTAL THIS MO.     0    CLEAR  (SCALE 0-3)  22
DPTR FM NORMAL     0    PTCLDY (SCALE 4-7)   4
TOTAL FM JUL 1     0    CLOUDY (SCALE 8-10)  0
DPTR FM NORMAL     0

[CDD (BASE 65) ]
TOTAL THIS MO.   507
DPTR FM NORMAL    58    [PRESSURE DATA]
TOTAL FM JAN 1  1576    HIGHEST SLP M ON M
DPTR FM NORMAL   248    LOWEST  SLP 29.76 ON 22

[REMARKS]
