000
CXUS54 KSJT 300900
CF6JCT
PRELIMINARY LOCAL CLIMATOLOGICAL DATA (WS FORM: F-6)

                                          STATION:   JUNCTION
                                          MONTH:     JUNE
                                          YEAR:      2015
                                          LATITUDE:   30 18 N
                                          LONGITUDE:  99 28 W

  TEMPERATURE IN F:       :PCPN:    SNOW:  WIND      :SUNSHINE: SKY     :PK WND
================================================================================
1   2   3   4   5  6A  6B    7    8   9   10  11  12  13   14  15   16   17  18
                                     12Z  AVG MX 2MIN
DY MAX MIN AVG DEP HDD CDD  WTR  SNW DPTH SPD SPD DIR MIN PSBL S-S WX    SPD DR
================================================================================

 1  88  59  74  -4   0   9 0.00  0.0    0  4.0 14 130   M    M   0        17 130
 2  89  66  78   0   0  13 0.00  0.0    0  6.0 16 130   M    M   2        20 170
 3  89  68  79   1   0  14 0.00  0.0    0  8.2 17 170   M    M   3        24 200
 4  89  70  80   2   0  15 0.00  0.0    0  8.7 17 140   M    M   4        22 140
 5  89  68  79   0   0  14 0.00  0.0    0  6.5 17 130   M    M   1        24 120
 6  90  67  79   0   0  14 0.00  0.0    0  5.2 15 140   M    M   1        18 140
 7  90  65  78  -1   0  13 0.00  0.0    0  6.5 15 130   M    M   0        20 150
 8  93  68  81   2   0  16 0.00  0.0    0  2.9 13 220   M    M   3        17 220
 9  95  66  81   2   0  16 0.00  0.0    0  3.0 12 110   M    M   0        17 110
10  94  65  80   1   0  15 0.00  0.0    0  4.5 16 140   M    M   0        20 150
11  93  73  83   3   0  18 0.00  0.0    0 10.0 21 140   M    M   0        26 190
12  93  74  84   4   0  19 0.00  0.0    0 12.2 22 140   M    M   4        28 140
13  94  75  85   5   0  20 0.00  0.0    0 10.3 20 140   M    M   5        24 150
14  93  68  81   1   0  16 0.03  0.0    0  7.7 23 220   M    M   2        30 230
15  89  69  79  -1   0  14 0.23  0.0    0  5.5 21 340   M    M   5 13     28 300
16  82  72  77  -3   0  12 0.10  0.0    0  7.0 15  80   M    M   9 3      21  20
17  88  71  80   0   0  15 0.11  0.0    0  3.6 16 330   M    M   4        22 330
18  94  68  81   1   0  16 2.02  0.0    0  4.9 28 130   M    M   4 13     36 130
19  84  66  75  -5   0  10 0.01  0.0    0  4.6 15 200   M    M   2        18 200
20  85  71  78  -2   0  13    T  0.0    0  7.8 22 150   M    M   6        26 150
21  89  70  80  -1   0  15    T  0.0    0 10.6 26 150   M    M   7        34 150
22  89  69  79  -2   0  14 0.01  0.0    0  9.2 24 170   M    M   3        31 150
23  90  72  81   0   0  16 0.00  0.0    0  9.0 17 130   M    M   3        23 150
24  91  72  82   1   0  17 0.00  0.0    0  7.5 18 160   M    M   3        23 160
25  92  71  82   1   0  17 0.00  0.0    0  7.1 16 160   M    M   2        20 150
26  94  75  85   4   0  20 0.00  0.0    0  6.2 14 160   M    M   2        19 180
27  87  69  78  -3   0  13 1.27  0.0    0  3.9 15 170   M    M   6 3      21 210
28  89  67  78  -3   0  13 0.00  0.0    0  2.5 20 200   M    M   4        27 210
29  91  72  82   1   0  17 0.01  0.0    0  2.9 12 160   M    M   3        16 180
================================================================================
SM 2613 2006         0 434  3.79     0.0 188.0          M       88
================================================================================
AV 90.1 69.2                               6.5 FASTST   M    M   3    MAX(MPH)
                                 MISC ---->  # 28 130               # 36  130
================================================================================
NOTES:
# LAST OF SEVERAL OCCURRENCES

COLUMN 17 PEAK WIND IN M.P.H.

PRELIMINARY LOCAL CLIMATOLOGICAL DATA (WS FORM: F-6) , PAGE 2

                                          STATION:  JUNCTION
                                          MONTH:    JUNE
                                          YEAR:     2015
                                          LATITUDE:   30 18 N
                                          LONGITUDE:  99 28 W

[TEMPERATURE DATA]      [PRECIPITATION DATA]       SYMBOLS USED IN COLUMN 16

AVERAGE MONTHLY: 79.6   TOTAL FOR MONTH:   3.79    1 = FOG OR MIST
DPTR FM NORMAL:  -0.2   DPTR FM NORMAL:    0.29    2 = FOG REDUCING VISIBILITY
HIGHEST:    95 ON  9    GRTST 24HR  2.03 ON 18-19      TO 1/4 MILE OR LESS
LOWEST:     59 ON  1                               3 = THUNDER
                        SNOW, ICE PELLETS, HAIL    4 = ICE PELLETS
                        TOTAL MONTH:   0.0 INCH    5 = HAIL
                        GRTST 24HR     0.0         6 = FREEZING RAIN OR DRIZZLE
                        GRTST DEPTH:   0           7 = DUSTSTORM OR SANDSTORM:
                                                       VSBY 1/2 MILE OR LESS
                                                   8 = SMOKE OR HAZE
[NO. OF DAYS WITH]      [WEATHER - DAYS WITH]      9 = BLOWING SNOW
                                                   X = TORNADO
MAX 32 OR BELOW:   0    0.01 INCH OR MORE:   9
MAX 90 OR ABOVE:  15    0.10 INCH OR MORE:   5
MIN 32 OR BELOW:   0    0.50 INCH OR MORE:   2
MIN  0 OR BELOW:   0    1.00 INCH OR MORE:   2

[HDD (BASE 65) ]
TOTAL THIS MO.     0    CLEAR  (SCALE 0-3)  18
DPTR FM NORMAL     0    PTCLDY (SCALE 4-7)  10
TOTAL FM JUL 1  2180    CLOUDY (SCALE 8-10)  1
DPTR FM NORMAL   -37

[CDD (BASE 65) ]
TOTAL THIS MO.   434
DPTR FM NORMAL     5    [PRESSURE DATA]
TOTAL FM JAN 1   887    HIGHEST SLP M ON M
DPTR FM NORMAL    24    LOWEST  SLP 29.64 ON 11

[REMARKS]
