000
CXUS55 KGGW 290800
CF6JDN
PRELIMINARY LOCAL CLIMATOLOGICAL DATA (WS FORM: F-6)

                                          STATION:   JORDAN  ASOS MT
                                          MONTH:     SEPTEMBER
                                          YEAR:      2016
                                          LATITUDE:   47 19 N
                                          LONGITUDE: 106 50 W

  TEMPERATURE IN F:       :PCPN:    SNOW:  WIND      :SUNSHINE: SKY     :PK WND
================================================================================
1   2   3   4   5  6A  6B    7    8   9   10  11  12  13   14  15   16   17  18
                                     12Z  AVG MX 2MIN
DY MAX MIN AVG DEP HDD CDD  WTR  SNW DPTH SPD SPD DIR MIN PSBL S-S WX    SPD DR
================================================================================

 1  99  66  83  19   0  18 0.00  0.0    0  6.6 26 290   M    M   0        31 280
 2  96  60  78  15   0  13 0.00  0.0    0  9.4 26 300   M    M   0        33 310
 3  76  54  65   2   0   0 0.00  0.0    0  4.6 14 330   M    M   0        17 320
 4  63  53  58  -4   7   0 0.04  0.0    0  7.6 16  50   M    M   0        22  50
 5  53  41  47 -15  18   0 0.67    M    0  8.9 18  40   M    M   0        23  50
 6  74  38  56  -6   9   0 0.00  0.0    0  7.1 18 220   M    M   0        22 220
 7  73  47  60  -1   5   0 0.04    M    0 11.4 25 280   M    M   0        33 300
 8  76  46  61   0   4   0 0.00  0.0    0 12.4 35 310   M    M   0        41 320
 9  67  39  53  -7  12   0 0.02    M    0 10.8 25 310   M    M   0        31 320
10  79  38  59  -1   6   0 0.00  0.0    0  7.7 22 280   M    M   0        27 280
11  81  43  62   3   3   0 0.04    M    0 11.5 28 340   M    M   0        33 340
12  52  35  44 -15  21   0 0.00  0.0    0 10.1 20 330   M    M   0        24 330
13  60  27  44 -14  21   0 0.00  0.0    0  5.7 18 190   M    M   0        24 140
14  70  41  56  -2   9   0 0.00  0.0    0  3.4  9 290   M    M   0        12 120
15  70  44  57   0   8   0 0.00  0.0    0  8.1 17 290   M    M   0        22 300
16  82  42  62   5   3   0 0.00  0.0    0  4.6 15 290   M    M   0        23 250
17  83  42  63   7   2   0 0.00  0.0    0  7.5 23 280   M    M   0        31 270
18  77  47  62   6   3   0 0.00  0.0    0 13.6 39 290   M    M   0        53 310
19  76  40  58   2   7   0 0.00  0.0    0  7.3 17 270   M    M   0        24 260
20  76  43  60   5   5   0 0.08    M    0  7.0 21  40   M    M   0        24  40
21  53  50  52  -3  13   0 0.09  0.0    0 10.0 13  50   M    M   0        20  30
22  53  50  52  -2  13   0 0.34  0.0    M 14.4 24 100   M    M   0        31 100
23  56  47  52  -2  13   0 0.23    M    0  7.0 22  70   M    M   0        26  60
24  52  43  48  -5  17   0 0.41    M    0 10.0 25 340   M    M   0        30 340
25  68  37  53   0  12   0 0.00  0.0    0  8.4 20 270   M    M   0        25 270
26  74  39  57   5   8   0 0.00  0.0    0  5.8 15 310   M    M   0        18 260
27  86  39  63  11   2   0 0.00  0.0    0  7.3 17 300   M    M   0        22 270
28  73  47  60   8   5   0 0.00  0.0    0  7.0 17 350   M    M   0        22 350
================================================================================
SM 1998 1238       226  31  1.96     0.0 235.2          M        0
================================================================================
AV 71.4 44.2                               8.4 FASTST   M    M   0    MAX(MPH)
                                 MISC ---->  # 39 290               # 53  310
================================================================================
NOTES:
# LAST OF SEVERAL OCCURRENCES

COLUMN 17 PEAK WIND IN M.P.H.

PRELIMINARY LOCAL CLIMATOLOGICAL DATA (WS FORM: F-6) , PAGE 2

                                          STATION:  JORDAN  ASOS MT
                                          MONTH:    SEPTEMBER
                                          YEAR:     2016
                                          LATITUDE:   47 19 N
                                          LONGITUDE: 106 50 W

[TEMPERATURE DATA]      [PRECIPITATION DATA]       SYMBOLS USED IN COLUMN 16

AVERAGE MONTHLY: 57.8   TOTAL FOR MONTH:   1.96    1 = FOG OR MIST
DPTR FM NORMAL:   0.1   DPTR FM NORMAL:    0.82    2 = FOG REDUCING VISIBILITY
HIGHEST:    99 ON  1    GRTST 24HR  0.69 ON  4- 5      TO 1/4 MILE OR LESS
LOWEST:     27 ON 13                               3 = THUNDER
                        SNOW, ICE PELLETS, HAIL    4 = ICE PELLETS
                        TOTAL MONTH:   0.0 INCH    5 = HAIL
                        GRTST 24HR     0.0         6 = FREEZING RAIN OR DRIZZLE
                        GRTST DEPTH:   0           7 = DUSTSTORM OR SANDSTORM:
                                                       VSBY 1/2 MILE OR LESS
                                                   8 = SMOKE OR HAZE
[NO. OF DAYS WITH]      [WEATHER - DAYS WITH]      9 = BLOWING SNOW
                                                   X = TORNADO
MAX 32 OR BELOW:   0    0.01 INCH OR MORE:  10
MAX 90 OR ABOVE:   2    0.10 INCH OR MORE:   4
MIN 32 OR BELOW:   1    0.50 INCH OR MORE:   1
MIN  0 OR BELOW:   0    1.00 INCH OR MORE:   0

[HDD (BASE 65) ]
TOTAL THIS MO.   226    CLEAR  (SCALE 0-3)  28
DPTR FM NORMAL    -8    PTCLDY (SCALE 4-7)   0
TOTAL FM JUL 1   272    CLOUDY (SCALE 8-10)  0
DPTR FM NORMAL   -27

[CDD (BASE 65) ]
TOTAL THIS MO.    31
DPTR FM NORMAL     7    [PRESSURE DATA]
TOTAL FM JAN 1   470    HIGHEST SLP M ON M
DPTR FM NORMAL    53    LOWEST  SLP 29.57 ON M

[REMARKS]
