000
CXUS55 KGGW 250800
CF6JDN
PRELIMINARY LOCAL CLIMATOLOGICAL DATA (WS FORM: F-6)

                                          STATION:   JORDAN  ASOS MT
                                          MONTH:     APRIL
                                          YEAR:      2017
                                          LATITUDE:   47 19 N
                                          LONGITUDE: 106 50 W

  TEMPERATURE IN F:       :PCPN:    SNOW:  WIND      :SUNSHINE: SKY     :PK WND
================================================================================
1   2   3   4   5  6A  6B    7    8   9   10  11  12  13   14  15   16   17  18
                                     12Z  AVG MX 2MIN
DY MAX MIN AVG DEP HDD CDD  WTR  SNW DPTH SPD SPD DIR MIN PSBL S-S WX    SPD DR
================================================================================

 1  61  35  48   8  17   0 0.00  0.0    0 11.3 24 210   M    M   0        30 220
 2  58  37  48   8  17   0 0.12    M    0  9.0 35 320   M    M   0        44 310
 3  51  31  41   1  24   0 0.00  0.0    0  9.9 18 260   M    M   0        23 300
 4  53  22  38  -2  27   0 0.02    M    0  8.9 22 310   M    M   0        28 330
 5  60  20  40  -1  25   0 0.00  0.0    0  6.5 20 140   M    M   0        25 140
 6  73  39  56  15   9   0 0.00  0.0    0 10.9 23 190   M    M   0        30 170
 7  74  36  55  13  10   0 0.00  0.0    0  9.0 28 320   M    M   0        33 330
 8  65  41  53  11  12   0 0.00  0.0    0  5.2 15 270   M    M   0        18 280
 9  49  36  43   1  22   0 0.00  0.0    0 13.3 26 360   M    M   0        33 350
10  54  33  44   2  21   0 0.00  0.0    0  8.4 20 200   M    M   0        24 200
11  58  28  43   0  22   0 0.00  0.0    0  9.8 24 270   M    M   0        33 270
12  59  32  46   3  19   0 0.00  0.0    0  6.9 20 160   M    M   0        26 140
13  77  42  60  17   5   0 0.00  0.0    0 16.2 29 140   M    M   0        39 130
14  62  33  48   4  17   0 0.00  0.0    0 15.3 29 280   M    M   0        35 300
15  55  30  43  -1  22   0 0.01    M    0 13.8 31 280   M    M   0        39 280
16  53  24  39  -5  26   0 0.00  0.0    0 10.4 24 300   M    M   0        31 320
17  61  21  41  -3  24   0 0.00  0.0    0 11.5 25 130   M    M   0        30 140
18  66  28  47   2  18   0 0.00  0.0    0  5.2 15 260   M    M   0        19 240
19  62  33  48   3  17   0 0.23    M    0 10.9 25 320   M    M   0        32 330
20  65  26  46   1  19   0 0.00  0.0    0  7.8 18 130   M    M   0        25 130
21  61  38  50   4  15   0 0.06    M    0  6.6 16 230   M    M   0        20 230
22  60  41  51   5  14   0 0.00  0.0    0  8.8 17 310   M    M   0        23  90
23  57  39  48   2  17   0 0.07    M    0 11.5 18  80   M    M   0        24  70
24  51  32  42  -4  23   0 0.00  0.0    0  8.2 21  70   M    M   0        26  60
================================================================================
SM 1445  777       442   0  0.51     0.0 235.3          M        0
================================================================================
AV 60.2 32.4                               9.8 FASTST   M    M   0    MAX(MPH)
                                 MISC ---->  # 35 320               # 44  310
================================================================================
NOTES:
# LAST OF SEVERAL OCCURRENCES

COLUMN 17 PEAK WIND IN M.P.H.

PRELIMINARY LOCAL CLIMATOLOGICAL DATA (WS FORM: F-6) , PAGE 2

                                          STATION:  JORDAN  ASOS MT
                                          MONTH:    APRIL
                                          YEAR:     2017
                                          LATITUDE:   47 19 N
                                          LONGITUDE: 106 50 W

[TEMPERATURE DATA]      [PRECIPITATION DATA]       SYMBOLS USED IN COLUMN 16

AVERAGE MONTHLY: 46.3   TOTAL FOR MONTH:   0.51    1 = FOG OR MIST
DPTR FM NORMAL:   3.2   DPTR FM NORMAL:   -0.24    2 = FOG REDUCING VISIBILITY
HIGHEST:    77 ON 13    GRTST 24HR  0.23 ON 19-19      TO 1/4 MILE OR LESS
LOWEST:     20 ON  5                               3 = THUNDER
                        SNOW, ICE PELLETS, HAIL    4 = ICE PELLETS
                        TOTAL MONTH:   0.0 INCH    5 = HAIL
                        GRTST 24HR     0.0         6 = FREEZING RAIN OR DRIZZLE
                        GRTST DEPTH:   0           7 = DUSTSTORM OR SANDSTORM:
                                                       VSBY 1/2 MILE OR LESS
                                                   8 = SMOKE OR HAZE
[NO. OF DAYS WITH]      [WEATHER - DAYS WITH]      9 = BLOWING SNOW
                                                   X = TORNADO
MAX 32 OR BELOW:   0    0.01 INCH OR MORE:   6
MAX 90 OR ABOVE:   0    0.10 INCH OR MORE:   2
MIN 32 OR BELOW:  11    0.50 INCH OR MORE:   0
MIN  0 OR BELOW:   0    1.00 INCH OR MORE:   0

[HDD (BASE 65) ]
TOTAL THIS MO.   442    CLEAR  (SCALE 0-3)  24
DPTR FM NORMAL   -83    PTCLDY (SCALE 4-7)   0
TOTAL FM JUL 1  7060    CLOUDY (SCALE 8-10)  0
DPTR FM NORMAL  -567

[CDD (BASE 65) ]
TOTAL THIS MO.     0
DPTR FM NORMAL     0    [PRESSURE DATA]
TOTAL FM JAN 1     0    HIGHEST SLP M ON M
DPTR FM NORMAL     0    LOWEST  SLP 29.38 ON 14

[REMARKS]
