000
CXUS55 KBOI 221002
CF6JER
PRELIMINARY LOCAL CLIMATOLOGICAL DATA (WS FORM: F-6)

                                          STATION:   JEROME ID
                                          MONTH:     JUNE
                                          YEAR:      2017
                                          LATITUDE:   42 43 N
                                          LONGITUDE: 114 27 W

  TEMPERATURE IN F:       :PCPN:    SNOW:  WIND      :SUNSHINE: SKY     :PK WND
================================================================================
1   2   3   4   5  6A  6B    7    8   9   10  11  12  13   14  15   16   17  18
                                     12Z  AVG MX 2MIN
DY MAX MIN AVG DEP HDD CDD  WTR  SNW DPTH SPD SPD DIR MIN PSBL S-S WX    SPD DR
================================================================================

 1  74  52  63   3   2   0 0.01    M    M 10.4 37 260   M    M   2        43 260
 2  77  50  64   4   1   0 0.00    M    M  5.6 14 250   M    M   0        23 260
 3  87  54  71  11   0   6 0.00    M    M 11.7 22  50   M    M   0        26  40
 4  89  56  73  13   0   8 0.02    M    M 10.7 35 250   M    M   1 38     42 240
 5  75  49  62   1   3   0 0.00    M    M  9.1 17 240   M    M   1        25 230
 6  90  46  68   7   0   3 0.00    M    M  6.1 12  30   M    M   0        16 290
 7  96  54  75  14   0  10 0.00    M    M  7.7 18 180   M    M   0        27 190
 8  83  55  69   7   0   4    T    M    M 11.6 30 260   M    M   0        37 260
 9  67  52  60  -2   5   0 0.03    M    M  9.8 28 230   M    M   7        35 230
10  65  43  54  -8  11   0 0.00    M    M  9.3 21 260   M    M   0        26 280
11  74  40  57  -5   8   0    T    M    M 11.1 43 200   M    M   4 3      54 200
12  55  45  50 -13  15   0 0.09    M    M  8.2 18 250   M    M  10        23 230
13  65  43  54  -9  11   0 0.21    M    M 17.1 33 240   M    M   5 1      42 240
14  75  43  59  -4   6   0 0.00    M    M  5.4 13 290   M    M   0        21 250
15  80  54  67   3   0   2 0.00    M    M  7.1 17 270   M    M   0        22 250
16  79  57  68   4   0   3    T    M    M 11.5 21 250   M    M   4        26 240
17  74  55  65   1   0   0 0.00    M    M 15.0 23 240   M    M   3        31 260
18  83  52  68   4   0   3 0.00    M    M 11.4 25 250   M    M   0        33 240
19  92  55  74   9   0   9 0.00    M    M  5.6 13  90   M    M   0        15  90
20  95  63  79  14   0  14 0.00    M    M  7.1 16  20   M    M   0        22  80
21  86  62  74   9   0   9 0.00    M    M 14.5 25 250   M    M   0        33 250
================================================================================
SM 1661 1080        62  71  0.36    M    206.0          M       37
================================================================================
AV 79.1 51.4                               9.8 FASTST   M    M   2    MAX(MPH)
                                 MISC ---->  # 43 200               # 54  200
================================================================================
NOTES:
# LAST OF SEVERAL OCCURRENCES

COLUMN 17 PEAK WIND IN M.P.H.

PRELIMINARY LOCAL CLIMATOLOGICAL DATA (WS FORM: F-6) , PAGE 2

                                          STATION:  JEROME ID
                                          MONTH:    JUNE
                                          YEAR:     2017
                                          LATITUDE:   42 43 N
                                          LONGITUDE: 114 27 W

[TEMPERATURE DATA]      [PRECIPITATION DATA]       SYMBOLS USED IN COLUMN 16

AVERAGE MONTHLY: 65.3   TOTAL FOR MONTH:   0.36    1 = FOG OR MIST
DPTR FM NORMAL:   2.8   DPTR FM NORMAL:   -0.34    2 = FOG REDUCING VISIBILITY
HIGHEST:    96 ON  7    GRTST 24HR  0.21 ON 13-13      TO 1/4 MILE OR LESS
LOWEST:     40 ON 11                               3 = THUNDER
                        SNOW, ICE PELLETS, HAIL    4 = ICE PELLETS
                        TOTAL MONTH:    M          5 = HAIL
                        GRTST 24HR    M  ON   M    6 = FREEZING RAIN OR DRIZZLE
                        GRTST DEPTH:  M  ON   M    7 = DUSTSTORM OR SANDSTORM:
                                                       VSBY 1/2 MILE OR LESS
                                                   8 = SMOKE OR HAZE
[NO. OF DAYS WITH]      [WEATHER - DAYS WITH]      9 = BLOWING SNOW
                                                   X = TORNADO
MAX 32 OR BELOW:   0    0.01 INCH OR MORE:   5
MAX 90 OR ABOVE:   4    0.10 INCH OR MORE:   1
MIN 32 OR BELOW:   0    0.50 INCH OR MORE:   0
MIN  0 OR BELOW:   0    1.00 INCH OR MORE:   0

[HDD (BASE 65) ]
TOTAL THIS MO.    62    CLEAR  (SCALE 0-3)  16
DPTR FM NORMAL   -30    PTCLDY (SCALE 4-7)   4
TOTAL FM JUL 1  5972    CLOUDY (SCALE 8-10)  1
DPTR FM NORMAL  -647

[CDD (BASE 65) ]
TOTAL THIS MO.    71
DPTR FM NORMAL    36    [PRESSURE DATA]
TOTAL FM JAN 1    87    HIGHEST SLP M ON M
DPTR FM NORMAL    39    LOWEST  SLP 29.56 ON  7

[REMARKS]
