000
CXUS55 KBOI 301002
CF6JER
PRELIMINARY LOCAL CLIMATOLOGICAL DATA (WS FORM: F-6)

                                          STATION:   JEROME ID
                                          MONTH:     JANUARY
                                          YEAR:      2015
                                          LATITUDE:   42 43 N
                                          LONGITUDE: 114 27 W

  TEMPERATURE IN F:       :PCPN:    SNOW:  WIND      :SUNSHINE: SKY     :PK WND
================================================================================
1   2   3   4   5  6A  6B    7    8   9   10  11  12  13   14  15   16   17  18
                                     12Z  AVG MX 2MIN
DY MAX MIN AVG DEP HDD CDD  WTR  SNW DPTH SPD SPD DIR MIN PSBL S-S WX    SPD DR
================================================================================

 1  14   6  10 -16  55   0    T    M    M  4.9 15  40   M    M   7 18     16  40
 2  16   0   8 -18  57   0 0.00    M    M  9.0 16  50   M    M   3        20  50
 3  19   9  14 -12  51   0 0.00    M    M  5.9 18  50   M    M   4        20  50
 4  34  15  25  -1  40   0    T    M    M  7.8 18  40   M    M   8 18     23  30
 5  41  32  37  11  28   0    T    M    M  7.9 15 220   M    M   7        18 230
 6  42  30  36  10  29   0 0.00    M    M 11.1 21  40   M    M   0        25  40
 7  47  30  39  13  26   0 0.00    M    M 12.9 28  50   M    M   0 12     32  50
 8  35  27  31   5  34   0 0.00    M    M  3.6  9 100   M    M   9 128    11 100
 9  38  27  33   7  32   0 0.00    M    M  3.9 15  70   M    M   3 128    20  70
10  31  27  29   3  36   0    T    M    M  2.3  7  60   M    M  10 12      8  50
11  38  30  34   8  31   0 0.02    M    M  3.7 12  30   M    M   9 126    13  40
12  33  30  32   6  33   0 0.60    M    M  7.3 15 240   M    M  10 126    19 250
13  33  27  30   4  35   0 0.00    M    M  6.6 16 240   M    M  10 12     20 230
14  28  24  26   0  39   0 0.00    M    M  7.6 16  60   M    M  10 1      19  50
15  29  20  25  -1  40   0 0.00    M    M 19.3 29  40   M    M   2        33  40
16  37  27  32   6  33   0 0.41    M    M 11.9 29  40   M    M   7 126    33  40
17  36  20  28   2  37   0 0.02    M    M 16.3 26  30   M    M   6 12     31  30
18  48  32  40  14  25   0 0.04    M    M  9.9 21  40   M    M   7 1      23  40
19  38  27  33   7  32   0 0.00    M    M  7.0 13 230   M    M   3 12     16 240
20  33  18  26  -1  39   0 0.00    M    M  5.1 13  30   M    M   2 12     14  30
21  31  16  24  -3  41   0    T    M    M  6.9 16  40   M    M   5 1      18  40
22  32  14  23  -4  42   0 0.00    M    M 12.8 20  50   M    M   0        23  50
23  29  18  24  -3  41   0 0.00    M    M  4.4 15  30   M    M   8 12     17  30
24  37  24  31   4  34   0 0.00    M    M  8.5 17  20   M    M   7 1      20  20
25  40  25  33   6  32   0 0.00    M    M 12.7 24  50   M    M   0        28  50
26  44  28  36   9  29   0 0.00    M    M 19.0 28  40   M    M   0        34  40
27  50  34  42  15  23   0 0.10    M    M 10.6 21  50   M    M   5 12     24  50
28  41  33  37  10  28   0    T    M    M  8.3 15  40   M    M  10 12     18  40
29  45  33  39  12  26   0 0.00    M    M 10.7 16  70   M    M   5        21  90
================================================================================
SM 1019  683      1028   0  1.19    M    257.9          M      157
================================================================================
AV 35.1 23.6                               8.9 FASTST   M    M   5    MAX(MPH)
                                 MISC ---->  # 29  40               # 34   40
================================================================================
NOTES:
# LAST OF SEVERAL OCCURRENCES

COLUMN 17 PEAK WIND IN M.P.H.

PRELIMINARY LOCAL CLIMATOLOGICAL DATA (WS FORM: F-6) , PAGE 2

                                          STATION:  JEROME ID
                                          MONTH:    JANUARY
                                          YEAR:     2015
                                          LATITUDE:   42 43 N
                                          LONGITUDE: 114 27 W

[TEMPERATURE DATA]      [PRECIPITATION DATA]       SYMBOLS USED IN COLUMN 16

AVERAGE MONTHLY: 29.3   TOTAL FOR MONTH:   1.19    1 = FOG OR MIST
DPTR FM NORMAL:   3.0   DPTR FM NORMAL:    0.18    2 = FOG REDUCING VISIBILITY
HIGHEST:    50 ON 27    GRTST 24HR  0.61 ON 11-12      TO 1/4 MILE OR LESS
LOWEST:      0 ON  2                               3 = THUNDER
                        SNOW, ICE PELLETS, HAIL    4 = ICE PELLETS
                        TOTAL MONTH:    M          5 = HAIL
                        GRTST 24HR    M  ON   M    6 = FREEZING RAIN OR DRIZZLE
                        GRTST DEPTH:  M  ON   M    7 = DUSTSTORM OR SANDSTORM:
                                                       VSBY 1/2 MILE OR LESS
                                                   8 = SMOKE OR HAZE
[NO. OF DAYS WITH]      [WEATHER - DAYS WITH]      9 = BLOWING SNOW
                                                   X = TORNADO
MAX 32 OR BELOW:   9    0.01 INCH OR MORE:   6
MAX 90 OR ABOVE:   0    0.10 INCH OR MORE:   3
MIN 32 OR BELOW:  26    0.50 INCH OR MORE:   1
MIN  0 OR BELOW:   1    1.00 INCH OR MORE:   0

[HDD (BASE 65) ]
TOTAL THIS MO.  1028    CLEAR  (SCALE 0-3)   9
DPTR FM NORMAL   -92    PTCLDY (SCALE 4-7)  13
TOTAL FM JUL 1  3313    CLOUDY (SCALE 8-10)  7
DPTR FM NORMAL  -537

[CDD (BASE 65) ]
TOTAL THIS MO.     0
DPTR FM NORMAL     0    [PRESSURE DATA]
TOTAL FM JAN 1     0    HIGHEST SLP M ON M
DPTR FM NORMAL     0    LOWEST  SLP 30.09 ON 18

[REMARKS]
