000
CXUS53 KSGF 210800
CF6JLN
PRELIMINARY LOCAL CLIMATOLOGICAL DATA (WS FORM: F-6)

                                          STATION:   JOPLIN MO
                                          MONTH:     DECEMBER
                                          YEAR:      2014
                                          LATITUDE:   37 10 N
                                          LONGITUDE:  94 30 W

  TEMPERATURE IN F:       :PCPN:    SNOW:  WIND      :SUNSHINE: SKY     :PK WND
================================================================================
1   2   3   4   5  6A  6B    7    8   9   10  11  12  13   14  15   16   17  18
                                     12Z  AVG MX 2MIN
DY MAX MIN AVG DEP HDD CDD  WTR  SNW DPTH SPD SPD DIR MIN PSBL S-S WX    SPD DR
================================================================================

 1  30  23  27 -14  38   0    T    M    0 12.1 21  30   M    M  10 6      30  30
 2  37  26  32  -9  33   0 0.00  0.0    0  5.4 14 230   M    M   6 1      18 200
 3  46  26  36  -5  29   0    T    M    0  5.3 14  80   M    M   3 18     17 120
 4  49  38  44   4  21   0 0.06    M    M  3.2 10 140   M    M  10 12     28  50
 5  59  46  53  13  12   0 0.38    M    M  7.7 16 350   M    M   9 1      21 340
 6  46  39  43   3  22   0 0.00    M    M  8.1 15 350   M    M  10 1      19 350
 7  48  38  43   4  22   0 0.00    M    M  5.1 12 140   M    M   8 18     16 100
 8  56  34  45   6  20   0 0.00  0.0    0  7.3 15 250   M    M   5 1      22 310
 9  44  28  36  -2  29   0 0.00  0.0    0  6.7 16  30   M    M   0        22  20
10  52  27  40   2  25   0 0.05    M    M  5.2 12 110   M    M   5 1      14  70
11  50  38  44   6  21   0 0.03    M    M  3.5  8 110   M    M  10 18     11 140
12  59  45  52  14  13   0 0.00    M    M  5.0 12 190   M    M   9 18     16 160
13  62  49  56  19   9   0 0.00    M    M  7.6 14 170   M    M   8 18     30 220
14  65  53  59  22   6   0 0.70    M    M 13.2 23 240   M    M   8 13     29 160
15  55  37  46   9  19   0 0.00    M    M 17.3 25 240   M    M   7        34 280
16  38  27  33  -4  32   0    T    M    M  9.6 25 300   M    M   7        32 290
17  34  27  31  -6  34   0 0.33    M    M  3.6 10  80   M    M   7 1468   13 100
18  39  33  36   0  29   0 0.05    M    M  4.2  7  10   M    M   9 1       9  70
19  39  35  37   1  28   0 0.00    M    M  3.1  8 360   M    M  10 12     10 350
20  45  36  41   5  24   0 0.00    M    M  6.6 16 200   M    M   9 1      19 180
================================================================================
SM  953  705       466   0  1.60     0.0 139.8          M      150
================================================================================
AV 47.7 35.2                               7.0 FASTST   M    M   8    MAX(MPH)
                                 MISC ---->  # 25 240               # 34  280
================================================================================
NOTES:
# LAST OF SEVERAL OCCURRENCES

COLUMN 17 PEAK WIND IN M.P.H.

PRELIMINARY LOCAL CLIMATOLOGICAL DATA (WS FORM: F-6) , PAGE 2

                                          STATION:  JOPLIN MO
                                          MONTH:    DECEMBER
                                          YEAR:     2014
                                          LATITUDE:   37 10 N
                                          LONGITUDE:  94 30 W

[TEMPERATURE DATA]      [PRECIPITATION DATA]       SYMBOLS USED IN COLUMN 16

AVERAGE MONTHLY: 41.5   TOTAL FOR MONTH:   1.60    1 = FOG OR MIST
DPTR FM NORMAL:   3.2   DPTR FM NORMAL:   -0.33    2 = FOG REDUCING VISIBILITY
HIGHEST:    65 ON 14    GRTST 24HR  0.70 ON 14-14      TO 1/4 MILE OR LESS
LOWEST:     23 ON  1                               3 = THUNDER
                        SNOW, ICE PELLETS, HAIL    4 = ICE PELLETS
                        TOTAL MONTH:   0.0 INCH    5 = HAIL
                        GRTST 24HR     0.0         6 = FREEZING RAIN OR DRIZZLE
                        GRTST DEPTH:   0           7 = DUSTSTORM OR SANDSTORM:
                                                       VSBY 1/2 MILE OR LESS
                                                   8 = SMOKE OR HAZE
[NO. OF DAYS WITH]      [WEATHER - DAYS WITH]      9 = BLOWING SNOW
                                                   X = TORNADO
MAX 32 OR BELOW:   1    0.01 INCH OR MORE:   7
MAX 90 OR ABOVE:   0    0.10 INCH OR MORE:   3
MIN 32 OR BELOW:   7    0.50 INCH OR MORE:   1
MIN  0 OR BELOW:   0    1.00 INCH OR MORE:   0

[HDD (BASE 65) ]
TOTAL THIS MO.   466    CLEAR  (SCALE 0-3)   2
DPTR FM NORMAL   -68    PTCLDY (SCALE 4-7)   8
TOTAL FM JUL 1  1379    CLOUDY (SCALE 8-10) 10
DPTR FM NORMAL    88

[CDD (BASE 65) ]
TOTAL THIS MO.     0
DPTR FM NORMAL     0    [PRESSURE DATA]
TOTAL FM JAN 1  1583    HIGHEST SLP M ON M
DPTR FM NORMAL  -115    LOWEST  SLP 29.65 ON 15

[REMARKS]
