000
CXUS53 KBIS 280745
CF6JMS
PRELIMINARY LOCAL CLIMATOLOGICAL DATA (WS FORM: F-6)

                                          STATION:   JAMESTOWN ND
                                          MONTH:     JULY
                                          YEAR:      2015
                                          LATITUDE:   46 55 N
                                          LONGITUDE:  98 40 W

  TEMPERATURE IN F:       :PCPN:    SNOW:  WIND      :SUNSHINE: SKY     :PK WND
================================================================================
1   2   3   4   5  6A  6B    7    8   9   10  11  12  13   14  15   16   17  18
                                     12Z  AVG MX 2MIN
DY MAX MIN AVG DEP HDD CDD  WTR  SNW DPTH SPD SPD DIR MIN PSBL S-S WX    SPD DR
================================================================================

 1  77  63  70   2   0   5 0.10    M    M  6.6 12 120   M    M   7 1      14 130
 2  78  61  70   2   0   5 0.00    M    M  6.4 14 170   M    M   3 1      17 200
 3  82  61  72   4   0   7 0.00    M    M  4.5 10 340   M    M  10 18     13 320
 4  87  64  76   7   0  11 0.88    M    M  9.8 22 270   M    M   3 138    34 200
 5  78  64  71   2   0   6    T    M    M  8.6 23 330   M    M   4 18     28 330
 6  68  52  60  -9   5   0 0.00    M    M 10.4 18 350   M    M   5 18     25 350
 7  73  48  61  -8   4   0 0.00    M    M  7.0 15 190   M    M   0        20 200
 8  77  56  67  -2   0   2 0.14    M    M  6.7 17 320   M    M   5 18     23 310
 9  83  51  67  -2   0   2 0.00    M    M  7.0 15 220   M    M   0 18     23 230
10  86  58  72   2   0   7    T    M    M 10.3 21 150   M    M   2 3      26 150
11  86  67  77   7   0  12 0.00    M    M 12.5 22 150   M    M   3 1      28 140
12  86  67  77   7   0  12    T    M    M  7.8 17 180   M    M   2 12     22 180
13  82  65  74   4   0   9 0.00    M    M 10.1 20 330   M    M   2        26 330
14  87  63  75   5   0  10 0.00    M    M  4.9 13  10   M    M   1        15 360
15  83  65  74   4   0   9    T    M    M  8.1 23 110   M    M   1 1      32 320
16  79  63  71   1   0   6 0.82    M    M  5.1 40 350   M    M   3 123    52 340
17  76  59  68  -2   0   3 0.19    M    M  6.6 24 340   M    M   5 123    30 350
18  72  57  65  -5   0   0 0.00    M    M 15.0 32 290   M    M   2        43 280
19  85  60  73   3   0   8 0.00    M    M 12.8 24 250   M    M   1        34 260
20  75  57  66  -4   0   1 0.00    M    M  9.5 20 330   M    M   1        24 340
21  79  51  65  -5   0   0    T    M    M  4.8 14 140   M    M   2        17 130
22  85  59  72   2   0   7 0.00    M    M 11.4 22 170   M    M   0        29 170
23  88  65  77   7   0  12 0.56    M    M 12.8 38 320   M    M   0 138    44 320
24  82  63  73   3   0   8 0.00    M    M  8.2 18 310   M    M   3        22 300
25  83  60  72   1   0   7 0.05    M    M  6.5 15 200   M    M   0        19 240
26  87  62  75   4   0  10 0.00    M    M  8.1 17 140   M    M   0 1      22 140
27  89  68  79   8   0  14    T    M    M 13.0 23 130   M    M   2 3      27 140
================================================================================
SM 2193 1629         9 173  2.74    M    234.5          M       67
================================================================================
AV 81.2 60.3                               8.7 FASTST   M    M   2    MAX(MPH)
                                 MISC ---->  # 40 350               # 52  340
================================================================================
NOTES:
# LAST OF SEVERAL OCCURRENCES

COLUMN 17 PEAK WIND IN M.P.H.

PRELIMINARY LOCAL CLIMATOLOGICAL DATA (WS FORM: F-6) , PAGE 2

                                          STATION:  JAMESTOWN ND
                                          MONTH:    JULY
                                          YEAR:     2015
                                          LATITUDE:   46 55 N
                                          LONGITUDE:  98 40 W

[TEMPERATURE DATA]      [PRECIPITATION DATA]       SYMBOLS USED IN COLUMN 16

AVERAGE MONTHLY: 70.8   TOTAL FOR MONTH:   2.74    1 = FOG OR MIST
DPTR FM NORMAL:   1.1   DPTR FM NORMAL:   -0.29    2 = FOG REDUCING VISIBILITY
HIGHEST:    89 ON 27    GRTST 24HR  0.88 ON  4- 4      TO 1/4 MILE OR LESS
LOWEST:     48 ON  7                               3 = THUNDER
                        SNOW, ICE PELLETS, HAIL    4 = ICE PELLETS
                        TOTAL MONTH:    M          5 = HAIL
                        GRTST 24HR    M  ON   M    6 = FREEZING RAIN OR DRIZZLE
                        GRTST DEPTH:  M  ON   M    7 = DUSTSTORM OR SANDSTORM:
                                                       VSBY 1/2 MILE OR LESS
                                                   8 = SMOKE OR HAZE
[NO. OF DAYS WITH]      [WEATHER - DAYS WITH]      9 = BLOWING SNOW
                                                   X = TORNADO
MAX 32 OR BELOW:   0    0.01 INCH OR MORE:   7
MAX 90 OR ABOVE:   0    0.10 INCH OR MORE:   6
MIN 32 OR BELOW:   0    0.50 INCH OR MORE:   3
MIN  0 OR BELOW:   0    1.00 INCH OR MORE:   0

[HDD (BASE 65) ]
TOTAL THIS MO.     9    CLEAR  (SCALE 0-3)  20
DPTR FM NORMAL   -10    PTCLDY (SCALE 4-7)   6
TOTAL FM JUL 1     9    CLOUDY (SCALE 8-10)  1
DPTR FM NORMAL   -10

[CDD (BASE 65) ]
TOTAL THIS MO.   173
DPTR FM NORMAL    22    [PRESSURE DATA]
TOTAL FM JAN 1   283    HIGHEST SLP M ON M
DPTR FM NORMAL    32    LOWEST  SLP 29.55 ON 27

[REMARKS]
