000
CXHW50 PHFO 281250
CF6JRF
PRELIMINARY LOCAL CLIMATOLOGICAL DATA (WS FORM: F-6)

                                          STATION:   KALAELOA ARPT/OAHU HI
                                          MONTH:     NOVEMBER
                                          YEAR:      2014
                                          LATITUDE:   21 19 N
                                          LONGITUDE: 158  4 W

  TEMPERATURE IN F:       :PCPN:    SNOW:  WIND      :SUNSHINE: SKY     :PK WND
================================================================================
1   2   3   4   5  6A  6B    7    8   9   10  11  12  13   14  15   16   17  18
                                     12Z  AVG MX 2MIN
DY MAX MIN AVG DEP HDD CDD  WTR  SNW DPTH SPD SPD DIR MIN PSBL S-S WX    SPD DR
================================================================================

 1  88  72  80   2   0  15 0.00  0.0    0  4.5 14  70   M    M   1        24  80
 2  87  72  80   2   0  15    T  0.0    0  4.6 15  70   M    M   3 1      24  60
 3  86  74  80   2   0  15 0.01  0.0    M  3.9 15 150   M    M   7 1      17 150
 4  85  71  78   0   0  13 0.00  0.0    0  1.7 10 150   M    M   3        14  60
 5  86  71  79   1   0  14 0.01  0.0    0  3.8 12  60   M    M   2 1      17  70
 6  83  68  76  -2   0  11 0.00  0.0    0  2.7 12 140   M    M   2        15 150
 7  84  67  76  -2   0  11 0.00  0.0    0  4.9 17 300   M    M   3        22 290
 8  82  70  76  -1   0  11 0.01  0.0    0  6.5 15  10   M    M   2 1      25  10
 9  82  66  74  -3   0   9 0.00  0.0    0  3.1  9 220   M    M   6        16  10
10  83  64  74  -3   0   9 0.00  0.0    0  4.4 15 280   M    M   2        21 270
11  82  63  73  -4   0   8 0.00  0.0    0  3.4 10 220   M    M   4        16  40
12  81  67  74  -3   0   9 0.00  0.0    0  3.1  3  50   M    M   3         5  60
13  82  66  74  -3   0   9 0.00  0.0    0  2.7 12 160   M    M   4        14 160
14  84  69  77   0   0  12 0.52  0.0    0  6.4 17 190   M    M   4 1      21 190
15  83  69  76   0   0  11 0.16  0.0    0  6.9 15 230   M    M   5 1      17 300
16  84  69  77   1   0  12 0.00  0.0    0  5.6 14  20   M    M   2        22  10
17  83  66  75  -1   0  10    T  0.0    0  4.2 13  80   M    M   1        23  80
18  84  68  76   0   0  11    T  0.0    0  5.1 14  80   M    M   4        22  60
19  85  71  78   2   0  13 0.00  0.0    0  7.2 16  70   M    M   0        24  70
20  86  70  78   2   0  13    T  0.0    0  3.8 13 110   M    M   3 1      23  70
21  87  69  78   2   0  13 0.00  0.0    0  3.8 13  70   M    M   4        21  70
22  85  67  76   0   0  11 0.00  0.0    0  3.5 13 160   M    M   1        17 140
23  83  65  74  -2   0   9 0.00  0.0    0  4.6 12 250   M    M   3        14 240
24  77  70  74  -2   0   9    T  0.0    0  8.5 23 300   M    M   8        28 300
25  81  67  74  -1   0   9 0.00  0.0    0  6.1 10  30   M    M   4        20  30
26  82  67  75   0   0  10 0.00  0.0    M  5.8 12  50   M    M   2        22  30
27  81  69  75   0   0  10 0.00  0.0    0  7.0 16  80   M    M   1        29  60
================================================================================
SM 2256 1847         0 302  0.71     0.0 127.8          M       84
================================================================================
AV 83.6 68.4                               4.7 FASTST   M    M   3    MAX(MPH)
                                 MISC ---->  # 23 300               # 29   60
================================================================================
NOTES:
# LAST OF SEVERAL OCCURRENCES

COLUMN 17 PEAK WIND IN M.P.H.

PRELIMINARY LOCAL CLIMATOLOGICAL DATA (WS FORM: F-6) , PAGE 2

                                          STATION:  KALAELOA ARPT/OAHU HI
                                          MONTH:    NOVEMBER
                                          YEAR:     2014
                                          LATITUDE:   21 19 N
                                          LONGITUDE: 158  4 W

[TEMPERATURE DATA]      [PRECIPITATION DATA]       SYMBOLS USED IN COLUMN 16

AVERAGE MONTHLY: 76.0   TOTAL FOR MONTH:   0.71    1 = FOG OR MIST
DPTR FM NORMAL:  -0.7   DPTR FM NORMAL:   -0.84    2 = FOG REDUCING VISIBILITY
HIGHEST:    88 ON  1    GRTST 24HR  0.68 ON 14-15      TO 1/4 MILE OR LESS
LOWEST:     63 ON 11                               3 = THUNDER
                        SNOW, ICE PELLETS, HAIL    4 = ICE PELLETS
                        TOTAL MONTH:   0.0 INCH    5 = HAIL
                        GRTST 24HR     0.0         6 = FREEZING RAIN OR DRIZZLE
                        GRTST DEPTH:   0           7 = DUSTSTORM OR SANDSTORM:
                                                       VSBY 1/2 MILE OR LESS
                                                   8 = SMOKE OR HAZE
[NO. OF DAYS WITH]      [WEATHER - DAYS WITH]      9 = BLOWING SNOW
                                                   X = TORNADO
MAX 32 OR BELOW:   0    0.01 INCH OR MORE:   5
MAX 90 OR ABOVE:   0    0.10 INCH OR MORE:   2
MIN 32 OR BELOW:   0    0.50 INCH OR MORE:   1
MIN  0 OR BELOW:   0    1.00 INCH OR MORE:   0

[HDD (BASE 65) ]
TOTAL THIS MO.     0    CLEAR  (SCALE 0-3)  13
DPTR FM NORMAL     0    PTCLDY (SCALE 4-7)  14
TOTAL FM JUL 1     2    CLOUDY (SCALE 8-10)  0
DPTR FM NORMAL     2

[CDD (BASE 65) ]
TOTAL THIS MO.   302
DPTR FM NORMAL   -13    [PRESSURE DATA]
TOTAL FM JAN 1  3939    HIGHEST SLP M ON M
DPTR FM NORMAL   -19    LOWEST  SLP 29.83 ON M

[REMARKS]
