000
CXHW50 PHFO 221250
CF6JRF
PRELIMINARY LOCAL CLIMATOLOGICAL DATA (WS FORM: F-6)

                                          STATION:   KALAELOA ARPT/OAHU HI
                                          MONTH:     APRIL
                                          YEAR:      2014
                                          LATITUDE:   21 19 N
                                          LONGITUDE: 158  4 W

  TEMPERATURE IN F:       :PCPN:    SNOW:  WIND      :SUNSHINE: SKY     :PK WND
================================================================================
1   2   3   4   5  6A  6B    7    8   9   10  11  12  13   14  15   16   17  18
                                     12Z  AVG MX 2MIN
DY MAX MIN AVG DEP HDD CDD  WTR  SNW DPTH SPD SPD DIR MIN PSBL S-S WX    SPD DR
================================================================================

 1  86  70  78   3   0  13    T  0.0    0  6.6 17  80   M    M   2        29  60
 2  86  73  80   5   0  15 0.00  0.0    0  7.8 16  90   M    M   3        26  80
 3  85  72  79   4   0  14 0.00  0.0    0  8.4 17  60   M    M   2        26  60
 4  85  69  77   2   0  12 0.00  0.0    0  6.7 16 120   M    M   1        24 110
 5  83  64  74  -1   0   9 0.00  0.0    0  5.2 16 290   M    M   0        22 270
 6  86  63  75   0   0  10    T  0.0    0  5.5 14  20   M    M   2        24  40
 7  81  68  75   0   0  10 0.00  0.0    0  9.7 16  30   M    M   4        29  40
 8  81  64  73  -2   0   8 0.00  0.0    0  7.0 17  70   M    M   1        28  80
 9  82  64  73  -2   0   8 0.00  0.0    0  4.8 12  70   M    M   3        24  70
10  82  63  73  -2   0   8 0.00  0.0    0  5.0 13 140   M    M   6        18 120
11  81  66  74  -1   0   9 0.00  0.0    0  4.0 13 210   M    M   5        17  40
12  83  66  75   0   0  10 0.04  0.0    0  6.1 14  70   M    M   5 18     24  60
13  83  71  77   2   0  12    T  0.0    0  9.8 18  70   M    M   2        31  80
14  83  70  77   2   0  12    T  0.0    0  7.5 15  70   M    M   3        25  60
15  83  68  76   1   0  11    T  0.0    0  5.7 16  80   M    M   5        26  70
16  85  65  75   0   0  10 0.00  0.0    0  5.7 16  60   M    M   1        28  60
17  86  68  77   2   0  12 0.00  0.0    0  5.5 15  80   M    M   4        25  70
18  86  70  78   3   0  13 0.00  0.0    0  4.8 14  80   M    M   2        22  60
19  86  67  77   2   0  12 0.00  0.0    0  5.8 14  60   M    M   0        24  70
20  84  70  77   2   0  12 0.01  0.0    0  6.1 15  90   M    M   4 1      23  70
21  83  70  77   2   0  12 0.02  0.0    0  7.2 16  70   M    M   5        25  60
================================================================================
SM 1760 1421         0 232  0.07     0.0 134.9          M       60
================================================================================
AV 83.8 67.7                               6.4 FASTST   M    M   3    MAX(MPH)
                                 MISC ---->  # 18  70               # 31   80
================================================================================
NOTES:
# LAST OF SEVERAL OCCURRENCES

COLUMN 17 PEAK WIND IN M.P.H.

PRELIMINARY LOCAL CLIMATOLOGICAL DATA (WS FORM: F-6) , PAGE 2

                                          STATION:  KALAELOA ARPT/OAHU HI
                                          MONTH:    APRIL
                                          YEAR:     2014
                                          LATITUDE:   21 19 N
                                          LONGITUDE: 158  4 W

[TEMPERATURE DATA]      [PRECIPITATION DATA]       SYMBOLS USED IN COLUMN 16

AVERAGE MONTHLY: 75.7   TOTAL FOR MONTH:   0.07    1 = FOG OR MIST
DPTR FM NORMAL:   0.7   DPTR FM NORMAL:   -0.67    2 = FOG REDUCING VISIBILITY
HIGHEST:    86 ON 19,18 GRTST 24HR  0.04 ON 12-12      TO 1/4 MILE OR LESS
LOWEST:     63 ON 10, 6                            3 = THUNDER
                        SNOW, ICE PELLETS, HAIL    4 = ICE PELLETS
                        TOTAL MONTH:   0.0 INCH    5 = HAIL
                        GRTST 24HR     0.0         6 = FREEZING RAIN OR DRIZZLE
                        GRTST DEPTH:   0           7 = DUSTSTORM OR SANDSTORM:
                                                       VSBY 1/2 MILE OR LESS
                                                   8 = SMOKE OR HAZE
[NO. OF DAYS WITH]      [WEATHER - DAYS WITH]      9 = BLOWING SNOW
                                                   X = TORNADO
MAX 32 OR BELOW:   0    0.01 INCH OR MORE:   3
MAX 90 OR ABOVE:   0    0.10 INCH OR MORE:   0
MIN 32 OR BELOW:   0    0.50 INCH OR MORE:   0
MIN  0 OR BELOW:   0    1.00 INCH OR MORE:   0

[HDD (BASE 65) ]
TOTAL THIS MO.     0    CLEAR  (SCALE 0-3)  13
DPTR FM NORMAL     0    PTCLDY (SCALE 4-7)   8
TOTAL FM JUL 1     2    CLOUDY (SCALE 8-10)  0
DPTR FM NORMAL     2

[CDD (BASE 65) ]
TOTAL THIS MO.   232
DPTR FM NORMAL    22    [PRESSURE DATA]
TOTAL FM JAN 1   877    HIGHEST SLP M ON M
DPTR FM NORMAL   -54    LOWEST  SLP 29.98 ON  5

[REMARKS]
