000
CXUS55 KCTP 011131
CF6JST
PRELIMINARY LOCAL CLIMATOLOGICAL DATA (WS FORM: F-6)

                                          STATION:   JOHNSTOWN
                                          MONTH:     AUGUST
                                          YEAR:      2015
                                          LATITUDE:   40 18 N
                                          LONGITUDE:  78 50 W

  TEMPERATURE IN F:       :PCPN:    SNOW:  WIND      :SUNSHINE: SKY     :PK WND
================================================================================
1   2   3   4   5  6A  6B    7    8   9   10  11  12  13   14  15   16   17  18
                                     12Z  AVG MX 2MIN
DY MAX MIN AVG DEP HDD CDD  WTR  SNW DPTH SPD SPD DIR MIN PSBL S-S WX    SPD DR
================================================================================

 1  78  64  71   2   0   6    T    M    M  8.4 16 260   M    M   7        21 230
 2  80  59  70   1   0   5 0.00    M    M  8.8 17 230   M    M   3        25 240
 3  78  62  70   1   0   5 0.96    M    M  9.7 21 220   M    M   3 13     26 240
 4  76  60  68  -1   0   3 0.20    M    M  8.5 18 290   M    M   3 13     25 240
 5  75  60  68  -1   0   3 0.00    M    M  9.5 20 260   M    M   1        26 260
 6  72  53  63  -6   2   0    T    M    M  2.4  9 180   M    M   3        12 170
 7  70  55  63  -6   2   0 0.00    M    M  4.1 10 150   M    M   7        15  60
 8  74  59  67  -2   0   2    T    M    M  4.3 13 170   M    M   7 12     16 160
 9  80  62  71   2   0   6 0.00    M    M  3.3 10 320   M    M   6        16 350
10  77  63  70   1   0   5 0.09    M    M  7.1 17 160   M    M   6 1      22 160
11  76  62  69   0   0   4 0.30    M    M 10.3 18 310   M    M   7 13     25 300
12  73  58  66  -3   0   1    T    M    M 11.1 21 300   M    M   6 1      27 310
13  73  50  62  -7   3   0 0.00    M    M  6.5 15 290   M    M   2        19 310
14  82  57  70   2   0   5    T    M    M  5.4 12 320   M    M   0        15 310
15  84  62  73   5   0   8 0.00    M    M  4.9 12 270   M    M   1        15 280
16  85  63  74   6   0   9 0.00    M    M  5.4 13 300   M    M   1        17 300
17  86  64  75   7   0  10 0.00    M    M  4.7  9 290   M    M   1         M  M
18  76  65  71   3   0   6 0.17    M    M  6.6 22 230   M    M   7 1      29 230
19  83  68  76   8   0  11 0.25    M    M  7.9 22 220   M    M   7 13     32 220
20  80  63  72   4   0   7 0.73    M    M  8.8 23 240   M    M   7 13     31 240
21  73  56  65  -3   0   0 0.00    M    M  6.0 12 290   M    M   0         M  M
22  75  53  64  -3   1   0 0.00    M    M  4.3  9 350   M    M   0 1      15 290
23  76  56  66  -1   0   1 0.00    M    M  5.1 10 170   M    M   1        14 190
24  77  60  69   2   0   4 0.00    M    M  7.9 17 250   M    M   2        23 270
25  70  54  62  -5   3   0 0.00    M    M  7.8 21 250   M    M   6        29 230
26  65  54  60  -7   5   0    T    M    M  7.6 14 300   M    M   8        19 300
27  65  54  60  -6   5   0 0.00    M    M  5.2 12 330   M    M   9        14 320
28  76  49  63  -3   2   0 0.00    M    M  2.9  9 290   M    M   1 128    12 330
29  80  59  70   4   0   5 0.00    M    M  5.8 14 310   M    M   1        19 230
30  81  64  73   7   0   8    T    M    M  6.9 14 290   M    M   4        19 280
31  84  67  76  11   0  11 0.00    M    M  6.4 15 300   M    M   1 1      20 300
================================================================================
SM 2380 1835        23 125  2.70    M    203.6          M      118
================================================================================
AV 76.8 59.2                               6.6 FASTST   M    M   4    MAX(MPH)
                                 MISC ---->  # 23 240               # 32  220
================================================================================
NOTES:
# LAST OF SEVERAL OCCURRENCES

COLUMN 17 PEAK WIND IN M.P.H.

PRELIMINARY LOCAL CLIMATOLOGICAL DATA (WS FORM: F-6) , PAGE 2

                                          STATION:  JOHNSTOWN
                                          MONTH:    AUGUST
                                          YEAR:     2015
                                          LATITUDE:   40 18 N
                                          LONGITUDE:  78 50 W

[TEMPERATURE DATA]      [PRECIPITATION DATA]       SYMBOLS USED IN COLUMN 16

AVERAGE MONTHLY: 68.0   TOTAL FOR MONTH:   2.70    1 = FOG OR MIST
DPTR FM NORMAL:   0.2   DPTR FM NORMAL:   -1.10    2 = FOG REDUCING VISIBILITY
HIGHEST:    86 ON 17    GRTST 24HR  1.16 ON  3- 4      TO 1/4 MILE OR LESS
LOWEST:     49 ON 28                               3 = THUNDER
                        SNOW, ICE PELLETS, HAIL    4 = ICE PELLETS
                        TOTAL MONTH:    M          5 = HAIL
                        GRTST 24HR    M  ON   M    6 = FREEZING RAIN OR DRIZZLE
                        GRTST DEPTH:  M  ON   M    7 = DUSTSTORM OR SANDSTORM:
                                                       VSBY 1/2 MILE OR LESS
                                                   8 = SMOKE OR HAZE
[NO. OF DAYS WITH]      [WEATHER - DAYS WITH]      9 = BLOWING SNOW
                                                   X = TORNADO
MAX 32 OR BELOW:   0    0.01 INCH OR MORE:   7
MAX 90 OR ABOVE:   0    0.10 INCH OR MORE:   6
MIN 32 OR BELOW:   0    0.50 INCH OR MORE:   2
MIN  0 OR BELOW:   0    1.00 INCH OR MORE:   0

[HDD (BASE 65) ]
TOTAL THIS MO.    23    CLEAR  (SCALE 0-3)  16
DPTR FM NORMAL    -6    PTCLDY (SCALE 4-7)  13
TOTAL FM JUL 1    30    CLOUDY (SCALE 8-10)  2
DPTR FM NORMAL   -12

[CDD (BASE 65) ]
TOTAL THIS MO.   125
DPTR FM NORMAL     7    [PRESSURE DATA]
TOTAL FM JAN 1   455    HIGHEST SLP 30.25 ON 28
DPTR FM NORMAL    95    LOWEST  SLP 29.77 ON 11

[REMARKS]
#FINAL-08-15#
