000
CXUS53 KGRR 191017
CF6JXN
PRELIMINARY LOCAL CLIMATOLOGICAL DATA (WS FORM: F-6)

                                          STATION:   JACKSON MI
                                          MONTH:     DECEMBER
                                          YEAR:      2014
                                          LATITUDE:   42 16 N
                                          LONGITUDE:  84 28 W

  TEMPERATURE IN F:       :PCPN:    SNOW:  WIND      :SUNSHINE: SKY     :PK WND
================================================================================
1   2   3   4   5  6A  6B    7    8   9   10  11  12  13   14  15   16   17  18
                                     12Z  AVG MX 2MIN
DY MAX MIN AVG DEP HDD CDD  WTR  SNW DPTH SPD SPD DIR MIN PSBL S-S WX    SPD DR
================================================================================

 1  35  16  26  -7  39   0 0.00    M    M  8.7 16 300   M    M   3        23 340
 2  33  14  24  -9  41   0 0.00    M    M  8.4 16 120   M    M   7        21 150
 3  40  25  33   1  32   0    T    M    M 11.2 22 290   M    M   7 1      30 240
 4  32  21  27  -5  38   0 0.00    M    M  3.9 12 130   M    M   5        14 120
 5  37  29  33   1  32   0 0.00    M    M  3.5  9 120   M    M  10        12 130
 6  39  25  32   1  33   0 0.00    M    M  7.2 17 360   M    M   6        23 360
 7  37  19  28  -3  37   0 0.00    M    M  8.0 16 110   M    M   0        24 110
 8  39  29  34   4  31   0 0.09    M    M  8.1 16 190   M    M   4 1      20 180
 9  36  32  34   4  31   0 0.02    M    M  6.2 14 340   M    M  10 1      19 350
10  32  21  27  -3  38   0 0.00    M    M  7.4 15  20   M    M   7        21  10
11  38  18  28  -1  37   0 0.00    M    M  9.9 16 290   M    M   0 1      24 310
12  35  26  31   2  34   0 0.00    M    M  8.6 15 270   M    M   9 1      20 290
13  44  33  39  10  26   0 0.00    M    M  9.4 16 280   M    M  10 1      22 270
14  53  44  49  21  16   0 0.00    M    M  7.5 18 290   M    M  10 1      28 280
15  52  41  47  19  18   0 0.11    M    M  8.8 16 130   M    M   9 1      20 160
16  45  36  41  13  24   0 0.17    M    M  7.7 21 280   M    M   8 1      30 280
17  36  26  31   4  34   0    T    M    M 11.7 22 290   M    M  10        35 290
18  32  27  30   3  35   0    T    M    M  6.9 13 280   M    M  10 16     18 270
================================================================================
SM  695  482       576   0  0.39    M    143.1          M      125
================================================================================
AV 38.6 26.8                               7.9 FASTST   M    M   7    MAX(MPH)
                                 MISC ---->  # 22 290               # 35  290
================================================================================
NOTES:
# LAST OF SEVERAL OCCURRENCES

COLUMN 17 PEAK WIND IN M.P.H.

PRELIMINARY LOCAL CLIMATOLOGICAL DATA (WS FORM: F-6) , PAGE 2

                                          STATION:  JACKSON MI
                                          MONTH:    DECEMBER
                                          YEAR:     2014
                                          LATITUDE:   42 16 N
                                          LONGITUDE:  84 28 W

[TEMPERATURE DATA]      [PRECIPITATION DATA]       SYMBOLS USED IN COLUMN 16

AVERAGE MONTHLY: 32.7   TOTAL FOR MONTH:   0.39    1 = FOG OR MIST
DPTR FM NORMAL:   2.7   DPTR FM NORMAL:   -0.72    2 = FOG REDUCING VISIBILITY
HIGHEST:    53 ON 14    GRTST 24HR  0.19 ON 15-16      TO 1/4 MILE OR LESS
LOWEST:     14 ON  2                               3 = THUNDER
                        SNOW, ICE PELLETS, HAIL    4 = ICE PELLETS
                        TOTAL MONTH:    M          5 = HAIL
                        GRTST 24HR    M  ON   M    6 = FREEZING RAIN OR DRIZZLE
                        GRTST DEPTH:  M  ON   M    7 = DUSTSTORM OR SANDSTORM:
                                                       VSBY 1/2 MILE OR LESS
                                                   8 = SMOKE OR HAZE
[NO. OF DAYS WITH]      [WEATHER - DAYS WITH]      9 = BLOWING SNOW
                                                   X = TORNADO
MAX 32 OR BELOW:   3    0.01 INCH OR MORE:   4
MAX 90 OR ABOVE:   0    0.10 INCH OR MORE:   2
MIN 32 OR BELOW:  14    0.50 INCH OR MORE:   0
MIN  0 OR BELOW:   0    1.00 INCH OR MORE:   0

[HDD (BASE 65) ]
TOTAL THIS MO.   576    CLEAR  (SCALE 0-3)   2
DPTR FM NORMAL   -55    PTCLDY (SCALE 4-7)   8
TOTAL FM JUL 1  2187    CLOUDY (SCALE 8-10)  8
DPTR FM NORMAL   152

[CDD (BASE 65) ]
TOTAL THIS MO.     0
DPTR FM NORMAL     0    [PRESSURE DATA]
TOTAL FM JAN 1   496    HIGHEST SLP M ON M
DPTR FM NORMAL   -96    LOWEST  SLP 29.66 ON 16

[REMARKS]
