000
CXUS53 KGRR 191017
CF6JXN
PRELIMINARY LOCAL CLIMATOLOGICAL DATA (WS FORM: F-6)

                                          STATION:   JACKSON MI
                                          MONTH:     APRIL
                                          YEAR:      2014
                                          LATITUDE:   42 16 N
                                          LONGITUDE:  84 28 W

  TEMPERATURE IN F:       :PCPN:    SNOW:  WIND      :SUNSHINE: SKY     :PK WND
================================================================================
1   2   3   4   5  6A  6B    7    8   9   10  11  12  13   14  15   16   17  18
                                     12Z  AVG MX 2MIN
DY MAX MIN AVG DEP HDD CDD  WTR  SNW DPTH SPD SPD DIR MIN PSBL S-S WX    SPD DR
================================================================================

 1  56  36  46   4  19   0 0.02    M    M 14.7 28 250   M    M   6        37 230
 2  55  29  42  -1  23   0 0.00    M    M  4.3 12  50   M    M   2        15  40
 3  43  32  38  -5  27   0 0.81    M    M 12.5 23 100   M    M  10 16     30 100
 4  46  33  40  -3  25   0 0.12    M    M 12.8 26 260   M    M  10 12     39 290
 5  48  27  38  -6  27   0 0.04    M    M 10.0 23 310   M    M   5 1      35 300
 6  54  23  39  -5  26   0 0.00    M    M  3.5 14 160   M    M   0        17 160
 7  54  32  43  -2  22   0 0.33    M    M  5.0 15  90   M    M   5 1      21  90
 8  61  37  49   4  16   0 0.00    M    M  7.3 15 290   M    M   6 1      20 280
 9  57  32  45  -1  20   0 0.00    M    M  7.9 17 260   M    M   1        30 260
10  68  44  56  10   9   0 0.01    M    M 13.8 32 220   M    M   2        42 200
11  67  31  49   3  16   0 0.00    M    M  3.3 18 250   M    M   1        26 220
12  70  39  55   8  10   0 0.00    M    M  8.1 28 180   M    M   4        36 190
13  75  50  63  16   2   0    T    M    M 12.5 25 230   M    M   7        33 230
14  68  28  48   1  17   0 0.12    M    M 15.1 31 210   M    M   9 1      41 220
15  36  22  29 -19  36   0 0.01    M    M 10.8 21 290   M    M   8 18     29 300
16  44  18  31 -17  34   0 0.00    M    M  8.8 20 140   M    M   0        27 120
17  65  31  48   0  17   0 0.00    M    M 10.2 21 190   M    M   0        27 170
18  65  42  54   5  11   0 0.04    M    M  5.7 15  20   M    M   5 18     20 310
================================================================================
SM 1032  586       357   0  1.50    M    166.3          M       81
================================================================================
AV 57.3 32.6                               9.2 FASTST   M    M   5    MAX(MPH)
                                 MISC ---->  # 32 220               # 42  200
================================================================================
NOTES:
# LAST OF SEVERAL OCCURRENCES

COLUMN 17 PEAK WIND IN M.P.H.

PRELIMINARY LOCAL CLIMATOLOGICAL DATA (WS FORM: F-6) , PAGE 2

                                          STATION:  JACKSON MI
                                          MONTH:    APRIL
                                          YEAR:     2014
                                          LATITUDE:   42 16 N
                                          LONGITUDE:  84 28 W

[TEMPERATURE DATA]      [PRECIPITATION DATA]       SYMBOLS USED IN COLUMN 16

AVERAGE MONTHLY: 44.9   TOTAL FOR MONTH:   1.50    1 = FOG OR MIST
DPTR FM NORMAL:  -0.7   DPTR FM NORMAL:   -0.06    2 = FOG REDUCING VISIBILITY
HIGHEST:    75 ON 13    GRTST 24HR  0.81 ON  3- 3      TO 1/4 MILE OR LESS
LOWEST:     18 ON 16                               3 = THUNDER
                        SNOW, ICE PELLETS, HAIL    4 = ICE PELLETS
                        TOTAL MONTH:    M          5 = HAIL
                        GRTST 24HR    M  ON   M    6 = FREEZING RAIN OR DRIZZLE
                        GRTST DEPTH:  M  ON   M    7 = DUSTSTORM OR SANDSTORM:
                                                       VSBY 1/2 MILE OR LESS
                                                   8 = SMOKE OR HAZE
[NO. OF DAYS WITH]      [WEATHER - DAYS WITH]      9 = BLOWING SNOW
                                                   X = TORNADO
MAX 32 OR BELOW:   0    0.01 INCH OR MORE:   9
MAX 90 OR ABOVE:   0    0.10 INCH OR MORE:   4
MIN 32 OR BELOW:  11    0.50 INCH OR MORE:   1
MIN  0 OR BELOW:   0    1.00 INCH OR MORE:   0

[HDD (BASE 65) ]
TOTAL THIS MO.   357    CLEAR  (SCALE 0-3)   7
DPTR FM NORMAL     6    PTCLDY (SCALE 4-7)   8
TOTAL FM JUL 1  7096    CLOUDY (SCALE 8-10)  3
DPTR FM NORMAL   921

[CDD (BASE 65) ]
TOTAL THIS MO.     0
DPTR FM NORMAL     0    [PRESSURE DATA]
TOTAL FM JAN 1     0    HIGHEST SLP M ON M
DPTR FM NORMAL     0    LOWEST  SLP 29.32 ON 14

[REMARKS]
