000
CXUS53 KGRR 011017
CF6JXN
PRELIMINARY LOCAL CLIMATOLOGICAL DATA (WS FORM: F-6)

                                          STATION:   JACKSON MI
                                          MONTH:     FEBRUARY
                                          YEAR:      2015
                                          LATITUDE:   42 16 N
                                          LONGITUDE:  84 28 W

  TEMPERATURE IN F:       :PCPN:    SNOW:  WIND      :SUNSHINE: SKY     :PK WND
================================================================================
1   2   3   4   5  6A  6B    7    8   9   10  11  12  13   14  15   16   17  18
                                     12Z  AVG MX 2MIN
DY MAX MIN AVG DEP HDD CDD  WTR  SNW DPTH SPD SPD DIR MIN PSBL S-S WX    SPD DR
================================================================================

 1  31  15  23  -1  42   0 0.86    M    M  9.0 22  20   M    M  10 12     29  10
 2  16   5  11 -13  54   0 0.03    M    M  9.8 21 360   M    M   3 128    31  10
 3  25   3  14 -10  51   0 0.04    M    M  9.2 16 210   M    M   6 18     20 210
 4  29   9  19  -5  46   0 0.03    M    M  7.3 15 310   M    M   9 128    23 300
 5  15 -11   2 -22  63   0 0.00    M    M  7.8 18 230   M    M   1 18     28 230
 6  27  10  19  -5  46   0 0.00    M    M 10.0 18 250   M    M   6 8      30 250
 7  42  23  33   8  32   0 0.00    M    M  5.6 13 160   M    M   1 18     15 160
 8  42  22  32   7  33   0    T    M    M  7.5 17 360   M    M   7 18     24 360
 9  23  11  17  -8  48   0 0.00    M    M  8.0 17  30   M    M   7        21  30
10  28   1  15 -10  50   0 0.00    M    M  4.4 14 140   M    M   0 18     19 140
11  32  15  24  -1  41   0    T    M    M  9.5 21 300   M    M  10 18     30 300
12  25   2  14 -12  51   0 0.01    M    M 10.7 23 350   M    M   3 18     34 350
13  21  -8   7 -19  58   0    T    M    M  9.9 20 210   M    M   7 8      28 230
14  24   0  12 -14  53   0 0.03    M    M 13.3 26 330   M    M   7 128    38 350
15   5 -12  -3 -29  68   0 0.00    M    M  5.8 16 340   M    M   0        23 330
16   7 -13  -3 -29  68   0 0.00    M    M  4.7 13 150   M    M   6        16 130
17  20  -8   6 -21  59   0    T    M    M  7.2 16 300   M    M   9 18     22 290
18  15   0   8 -19  57   0    T    M    M 10.8 21 300   M    M   6 18     33 300
19   5 -13  -4 -31  69   0    T    M    M  5.2 17 300   M    M   6 8      23 290
20  14 -19  -2 -29  67   0    T    M    M  9.4 22 170   M    M   3 18     27 180
21  30  13  22  -6  43   0 0.00    M    M  3.3 13 190   M    M   8 18     18 200
22  26   3  15 -13  50   0    T    M    M  8.1 17 300   M    M   9 18     24 300
23  10 -12  -1 -29  66   0 0.00    M    M  5.5 15 250   M    M   0 18     19 240
24  25   1  13 -15  52   0    T    M    M 15.5 28 240   M    M   5 18     41 250
25  24   3  14 -15  51   0    T    M    M  5.5 18 360   M    M   1 18     26 350
26  14  -5   5 -24  60   0 0.01    M    M  6.6 14 360   M    M   7 18     17 360
27  15 -15   0 -29  65   0 0.00    M    M  4.2 14 240   M    M   1 18     18 260
28  20  -8   6 -24  59   0    T    M    M  5.6 13 210   M    M   1 18     17 210
================================================================================
SM  610   12      1502   0  1.01    M    219.4          M      139
================================================================================
AV 21.8  0.4                               7.8 FASTST   M    M   5    MAX(MPH)
                                 MISC ---->  # 28 240               # 41  250
================================================================================
NOTES:
# LAST OF SEVERAL OCCURRENCES

COLUMN 17 PEAK WIND IN M.P.H.

PRELIMINARY LOCAL CLIMATOLOGICAL DATA (WS FORM: F-6) , PAGE 2

                                          STATION:  JACKSON MI
                                          MONTH:    FEBRUARY
                                          YEAR:     2015
                                          LATITUDE:   42 16 N
                                          LONGITUDE:  84 28 W

[TEMPERATURE DATA]      [PRECIPITATION DATA]       SYMBOLS USED IN COLUMN 16

AVERAGE MONTHLY: 11.1   TOTAL FOR MONTH:   1.01    1 = FOG OR MIST
DPTR FM NORMAL: -15.2   DPTR FM NORMAL:   -0.28    2 = FOG REDUCING VISIBILITY
HIGHEST:    42 ON  8, 7 GRTST 24HR  0.86 ON  1- 1      TO 1/4 MILE OR LESS
LOWEST:    -19 ON 20                               3 = THUNDER
                        SNOW, ICE PELLETS, HAIL    4 = ICE PELLETS
                        TOTAL MONTH:    M          5 = HAIL
                        GRTST 24HR    M  ON   M    6 = FREEZING RAIN OR DRIZZLE
                        GRTST DEPTH:  M  ON   M    7 = DUSTSTORM OR SANDSTORM:
                                                       VSBY 1/2 MILE OR LESS
                                                   8 = SMOKE OR HAZE
[NO. OF DAYS WITH]      [WEATHER - DAYS WITH]      9 = BLOWING SNOW
                                                   X = TORNADO
MAX 32 OR BELOW:  26    0.01 INCH OR MORE:   7
MAX 90 OR ABOVE:   0    0.10 INCH OR MORE:   1
MIN 32 OR BELOW:  28    0.50 INCH OR MORE:   1
MIN  0 OR BELOW:  13    1.00 INCH OR MORE:   0

[HDD (BASE 65) ]
TOTAL THIS MO.  1502    CLEAR  (SCALE 0-3)  10
DPTR FM NORMAL   419    PTCLDY (SCALE 4-7)  12
TOTAL FM JUL 1  5504    CLOUDY (SCALE 8-10)  6
DPTR FM NORMAL   590

[CDD (BASE 65) ]
TOTAL THIS MO.     0
DPTR FM NORMAL     0    [PRESSURE DATA]
TOTAL FM JAN 1     0    HIGHEST SLP 30.80 ON 28
DPTR FM NORMAL     0    LOWEST  SLP 29.61 ON  8

[REMARKS]
#FINAL-02-15#
