000
CXUS53 KGRR 261017
CF6JXN
PRELIMINARY LOCAL CLIMATOLOGICAL DATA (WS FORM: F-6)

                                          STATION:   JACKSON
                                          MONTH:     JULY
                                          YEAR:      2017
                                          LATITUDE:   42 16 N
                                          LONGITUDE:  84 28 W

  TEMPERATURE IN F:       :PCPN:    SNOW:  WIND      :SUNSHINE: SKY     :PK WND
================================================================================
1   2   3   4   5  6A  6B    7    8   9   10  11  12  13   14  15   16   17  18
                                     12Z  AVG MX 2MIN
DY MAX MIN AVG DEP HDD CDD  WTR  SNW DPTH SPD SPD DIR MIN PSBL S-S WX    SPD DR
================================================================================

 1  83  67  75   4   0  10    T    M    M  8.3 20 250   M    M   6        29 250
 2  84  60  72   1   0   7 0.04    M    M  8.1 18 290   M    M   2        24 260
 3  80  62  71   0   0   6 0.50    M    M  4.5 12  50   M    M   3 3      15  70
 4  84  58  71   0   0   6 0.00    M    M  5.6 14  80   M    M   1        18  70
 5  84  56  70  -1   0   5 0.00    M    M  2.9 10 170   M    M   0        14 160
 6  89  58  74   3   0   9 0.00    M    M  3.9 12 230   M    M   0        15 240
 7  84  65  75   4   0  10 0.13    M    M  9.1 32 320   M    M   2 3      46 320
 8  77  59  68  -3   0   3 0.00    M    M  6.6 15 330   M    M   3        19 330
 9  83  53  68  -3   0   3 0.00    M    M  7.1 18 220   M    M   2        24 220
10  77  66  72   1   0   7 1.07    M    M  7.1 18 280   M    M   6 3      24 280
11  86  68  77   6   0  12 0.00    M    M  4.9 14 240   M    M   7 3      18 250
12  83  71  77   6   0  12 0.15    M    M  8.0 22 230   M    M   2 3      29 280
13  81  68  75   4   0  10 0.14    M    M  8.8 17 250   M    M   3 3      27 240
14  79  62  71   0   0   6 0.00    M    M  7.5 16 300   M    M   5        21 290
15  79  58  69  -2   0   4 0.00    M    M  5.3 13 240   M    M   1        17 230
16  79  61  70  -1   0   5 0.00    M    M  7.2 14 350   M    M   3        18 340
17  82  58  70  -1   0   5 0.00    M    M  3.4  9 260   M    M   4        16  30
18  87  61  74   3   0   9 0.00    M    M  4.0 13 240   M    M   2        20 210
19  89  64  77   6   0  12 0.00    M    M  4.3 21 240   M    M   1        24 240
20  85  70  78   7   0  13 0.00    M    M  5.4 14 230   M    M   2        21 290
21  89  64  77   6   0  12    T    M    M  3.9 12 250   M    M   2 1      14 260
22  85  71  78   7   0  13 0.11    M    M  8.4 21 290   M    M   6        26 290
23  82  67  75   4   0  10 0.04    M    M  4.3 12  30   M    M   8 3      15 330
24  75  57  66  -5   0   1 0.00    M    M  7.2 16 350   M    M   5        23 350
25  81  49  65  -6   0   0 0.00    M    M  4.3 12 100   M    M   0        20  90
================================================================================
SM 2067 1553         0 190  2.18    M    150.1          M       76
================================================================================
AV 82.7 62.1                               6.0 FASTST   M    M   3    MAX(MPH)
                                 MISC ---->  # 32 320               # 46  320
================================================================================
NOTES:
# LAST OF SEVERAL OCCURRENCES

COLUMN 17 PEAK WIND IN M.P.H.

PRELIMINARY LOCAL CLIMATOLOGICAL DATA (WS FORM: F-6) , PAGE 2

                                          STATION:  JACKSON
                                          MONTH:    JULY
                                          YEAR:     2017
                                          LATITUDE:   42 16 N
                                          LONGITUDE:  84 28 W

[TEMPERATURE DATA]      [PRECIPITATION DATA]       SYMBOLS USED IN COLUMN 16

AVERAGE MONTHLY: 72.4   TOTAL FOR MONTH:   2.18    1 = FOG OR MIST
DPTR FM NORMAL:   1.4   DPTR FM NORMAL:   -0.65    2 = FOG REDUCING VISIBILITY
HIGHEST:    89 ON 21,19 GRTST 24HR  1.07 ON 10-10      TO 1/4 MILE OR LESS
LOWEST:     49 ON 25                               3 = THUNDER
                        SNOW, ICE PELLETS, HAIL    4 = ICE PELLETS
                        TOTAL MONTH:    M          5 = HAIL
                        GRTST 24HR    M  ON   M    6 = FREEZING RAIN OR DRIZZLE
                        GRTST DEPTH:  M  ON   M    7 = DUSTSTORM OR SANDSTORM:
                                                       VSBY 1/2 MILE OR LESS
                                                   8 = SMOKE OR HAZE
[NO. OF DAYS WITH]      [WEATHER - DAYS WITH]      9 = BLOWING SNOW
                                                   X = TORNADO
MAX 32 OR BELOW:   0    0.01 INCH OR MORE:   8
MAX 90 OR ABOVE:   0    0.10 INCH OR MORE:   6
MIN 32 OR BELOW:   0    0.50 INCH OR MORE:   2
MIN  0 OR BELOW:   0    1.00 INCH OR MORE:   1

[HDD (BASE 65) ]
TOTAL THIS MO.     0    CLEAR  (SCALE 0-3)  14
DPTR FM NORMAL    -1    PTCLDY (SCALE 4-7)  11
TOTAL FM JUL 1     0    CLOUDY (SCALE 8-10)  0
DPTR FM NORMAL    -1

[CDD (BASE 65) ]
TOTAL THIS MO.   190
DPTR FM NORMAL    22    [PRESSURE DATA]
TOTAL FM JAN 1   390    HIGHEST SLP M ON M
DPTR FM NORMAL    59    LOWEST  SLP 29.74 ON 23

[REMARKS]
